{"id":4849,"date":"2023-03-20T19:29:38","date_gmt":"2023-03-20T18:29:38","guid":{"rendered":"https:\/\/lotsarnastockholm.se\/?page_id=4849"},"modified":"2025-04-03T21:31:56","modified_gmt":"2025-04-03T20:31:56","slug":"bremo-lotsplats","status":"publish","type":"page","link":"https:\/\/lotsarnastockholm.se\/index.php\/bremo-lotsplats\/","title":{"rendered":"Brem\u00f6 Lotsplats"},"content":{"rendered":"\n<p class=\"has-text-align-center\"><a href=\"https:\/\/www.google.se\/maps\/place\/62%C2%B012'04.8%22N+17%C2%B041'05.1%22E\/@62.2013333,17.6825613,17z\/data=!3m1!4b1!4m4!3m3!8m2!3d62.2013333!4d17.68475\">62\u00b0 12.080&#8242; N 17\u00b0 41.085&#8242; E<\/a><\/p>\n\n\n\n<figure class=\"wp-block-gallery has-nested-images columns-default is-cropped wp-block-gallery-1 is-layout-flex wp-block-gallery-is-layout-flex\">\n<figure class=\"wp-block-image size-large\"><a href=\"https:\/\/lotsarnastockholm.se\/wp-content\/uploads\/2024\/01\/83248479_209807320150223_4225198301055549440_n.jpg\"><img fetchpriority=\"high\" decoding=\"async\" width=\"600\" height=\"372\" data-id=\"6566\" src=\"https:\/\/lotsarnastockholm.se\/wp-content\/uploads\/2024\/01\/83248479_209807320150223_4225198301055549440_n.jpg\" alt=\"\" class=\"wp-image-6566\" srcset=\"https:\/\/lotsarnastockholm.se\/wp-content\/uploads\/2024\/01\/83248479_209807320150223_4225198301055549440_n.jpg 600w, https:\/\/lotsarnastockholm.se\/wp-content\/uploads\/2024\/01\/83248479_209807320150223_4225198301055549440_n-300x186.jpg 300w\" sizes=\"(max-width: 600px) 100vw, 600px\" \/><\/a><\/figure>\n\n\n\n<figure class=\"wp-block-image size-large\"><a href=\"https:\/\/lotsarnastockholm.se\/wp-content\/uploads\/2024\/01\/Bremo-Fyr.jpg\"><img decoding=\"async\" width=\"960\" height=\"697\" data-id=\"6565\" src=\"https:\/\/lotsarnastockholm.se\/wp-content\/uploads\/2024\/01\/Bremo-Fyr.jpg\" alt=\"\" class=\"wp-image-6565\" srcset=\"https:\/\/lotsarnastockholm.se\/wp-content\/uploads\/2024\/01\/Bremo-Fyr.jpg 960w, https:\/\/lotsarnastockholm.se\/wp-content\/uploads\/2024\/01\/Bremo-Fyr-300x218.jpg 300w, https:\/\/lotsarnastockholm.se\/wp-content\/uploads\/2024\/01\/Bremo-Fyr-768x558.jpg 768w\" sizes=\"(max-width: 960px) 100vw, 960px\" \/><\/a><figcaption class=\"wp-element-caption\">Brem\u00f6 fyr o Lotsstuga<\/figcaption><\/figure>\n\n\n\n<figure class=\"wp-block-image size-large\"><a href=\"https:\/\/lotsarnastockholm.se\/wp-content\/uploads\/2024\/01\/Bremo-Norrhamn-1903.jpg\"><img decoding=\"async\" width=\"640\" height=\"467\" data-id=\"6567\" src=\"https:\/\/lotsarnastockholm.se\/wp-content\/uploads\/2024\/01\/Bremo-Norrhamn-1903.jpg\" alt=\"\" class=\"wp-image-6567\" srcset=\"https:\/\/lotsarnastockholm.se\/wp-content\/uploads\/2024\/01\/Bremo-Norrhamn-1903.jpg 640w, https:\/\/lotsarnastockholm.se\/wp-content\/uploads\/2024\/01\/Bremo-Norrhamn-1903-300x219.jpg 300w\" sizes=\"(max-width: 640px) 100vw, 640px\" \/><\/a><figcaption class=\"wp-element-caption\">Brem\u00f6 lotsplats 1903<\/figcaption><\/figure>\n<\/figure>\n\n\n\n<figure class=\"wp-block-gallery has-nested-images columns-default is-cropped wp-block-gallery-2 is-layout-flex wp-block-gallery-is-layout-flex\">\n<figure class=\"wp-block-image size-large\"><a href=\"https:\/\/lotsarnastockholm.se\/wp-content\/uploads\/2024\/01\/Bramo-Hamn-scaled.jpg\"><img loading=\"lazy\" decoding=\"async\" width=\"1024\" height=\"670\" data-id=\"6568\" src=\"https:\/\/lotsarnastockholm.se\/wp-content\/uploads\/2024\/01\/Bramo-Hamn-1024x670.jpg\" alt=\"\" class=\"wp-image-6568\" srcset=\"https:\/\/lotsarnastockholm.se\/wp-content\/uploads\/2024\/01\/Bramo-Hamn-1024x670.jpg 1024w, https:\/\/lotsarnastockholm.se\/wp-content\/uploads\/2024\/01\/Bramo-Hamn-300x196.jpg 300w, https:\/\/lotsarnastockholm.se\/wp-content\/uploads\/2024\/01\/Bramo-Hamn-768x503.jpg 768w, https:\/\/lotsarnastockholm.se\/wp-content\/uploads\/2024\/01\/Bramo-Hamn-1536x1005.jpg 1536w, https:\/\/lotsarnastockholm.se\/wp-content\/uploads\/2024\/01\/Bramo-Hamn-2048x1340.jpg 2048w, https:\/\/lotsarnastockholm.se\/wp-content\/uploads\/2024\/01\/Bramo-Hamn-1568x1026.jpg 1568w\" sizes=\"(max-width: 1024px) 100vw, 1024px\" \/><\/a><figcaption class=\"wp-element-caption\">Br\u00e4m\u00f6 lotsplats<\/figcaption><\/figure>\n<\/figure>\n\n\n\n<p>Os\u00e4ker tid f\u00f6r f\u00f6rsta lotsen men m\u00f6jligen b\u00f6rjan av 1700-talet<\/p>\n\n\n\n<p>F\u00f6rsta g\u00e5ngen n\u00e4mnd i lotsverkets reglementen \u00e4r 1820<\/p>\n\n\n\n<p>Tillh\u00f6rde Norra distriktet och Sundsvalls f\u00f6rdelning. Under Lots\u00e5ldermannen p\u00e5 Brem\u00f6n<\/p>\n\n\n\n<p>Enligt 1820 \u00e5rs reglemente skall uppassning ske s\u00e5 w\u00e4l wid hamnen, wid ankarplatsen \u00e4fwensom p\u00e5 Kalfwen.<\/p>\n\n\n\n<p>Sundsvalls, \u00c5stholmens och Brem\u00f6ns lotsplatser sammanslogs 1903.<\/p>\n\n\n\n<p><em>\u201dEnligt Kungl. brefvet den 13 mars 1903 skola Sundsvalls, Brem\u00f6 och \u00c5stholmens lotsplatser sammansl\u00e5s till en, ben\u00e4mnd Sundsvalls lotsplats\u201d<\/em><\/p>\n\n\n\n<p>Enligt organisationsplanen f\u00f6r 1820 skulle personalstaten se ut som f\u00f6ljer: 1 lots\u00e5lderman, 1 m\u00e4sterlots, 1 secundlots, och 2 lotsl\u00e4rlingar. Under lots\u00e5ldermannen vid Brem\u00f6 lpl l\u00f6d under denna tid \u00e4ven Lotsplatserna \u00c5stholmen och Sundsvall.<br>Lotsning till Sundsvall, \u00c5stholm eller Tynder\u00f6sund, Bols\u00f6n eller Kugg\u00f6arna, Galtstr\u00f6msbruk Gnarps masugn, Arn\u00f6vik, sj\u00f6ss eller fr\u00e5n sj\u00f6n.<br>Brem\u00f6 lotsplats uppassa p\u00e5 Revudden, Br\u00e4m\u00f6ns NO udde samt uppassning p\u00e5 Br\u00e4m\u00f6ns SV-sida mot Br\u00e4m\u00f6sund<\/p>\n\n\n\n<h3 class=\"wp-block-heading\">Saxat fr\u00e5n Br\u00e4m\u00f6ns hemsida:<\/h3>\n\n\n\n<p>\u00c5r 1825 yrkade lotsdirekt\u00f6ren p\u00e5 att hela Br\u00e4m\u00f6n och Kalven skulle uppl\u00e5tas f\u00f6r lotsar som skulle stationeras d\u00e4r. Den nya lotsplatsen vid Sanna (samh\u00e4llet p\u00e5 sydv\u00e4stra delen av \u00f6n) fick fyra lotsar och tv\u00e5 l\u00e4rlingar. Fyren p\u00e5 norra Br\u00e4m\u00f6n byggdes 1859 och fyrfolket b\u00f6rjade bo \u00e5ret om p\u00e5 \u00f6n. Efter stadsbranden i Sundsvall 1888 b\u00f6rjade \u00e4ven lotsarna i st\u00f6rre utstr\u00e4ckning bo permanent p\u00e5 \u00f6n. N\u00e4r lotsarna blev fler k\u00f6pte de stugor \u00e4ven i Hamn och Viken (Norrhamn).<br><br>\u00c5r 1936 upph\u00f6rde lotsplatsen p\u00e5 norra delen av \u00f6n och hela lotsverksamheten f\u00f6rlades \u00e5ter till Sanna. D\u00e5 fanns p\u00e5 norra Br\u00e4m\u00f6n tolv lotsar, fem fiskare och nio sommarg\u00e4ster. Den siste yrkesfiskaren l\u00e4mnade \u00f6n 1949. Samma \u00e5r byggdes nuvarande fyr \u00f6ster om Norrhamn. Br\u00e4m\u00f6 lotsplats upph\u00f6rde helt och h\u00e5llet 1965 i och med att Sundsvalls lotsplats byggdes p\u00e5 Spikarna (Aln\u00f6n). Fyren automatiserades 1972 och d\u00e4rmed flyttade \u00e4ven fyrpersonalen fr\u00e5n \u00f6n.<\/p>\n\n\n\n<p>&#8212;&#8212;&#8212;&#8212;&#8212;&#8212;&#8212;&#8212;&#8212;&#8212;&#8212;&#8212;&#8212;&#8212;&#8212;&#8212;-<\/p>\n\n\n\n<p>Brem\u00f6 fick sin f\u00f6rsta lotsuppassningsstuga byggd 1837 vid Refsudden<\/p>\n\n\n\n<p><strong>Ur reglemente 1863: L<\/strong>otsningsomr\u00e5de; fr\u00e5n Brem\u00f6 till Sundsvall respektive \u00c5stholmen eller Tynder\u00f6sund, Ag\u00f6, Galtstr\u00f6m, Gnarps masugn, Stockvik, Arn\u00f6vik, Vifsta varv, Svartvik, Sund, Sk\u00f6nvik, L\u00f6gde bruk till och fr\u00e5n sj\u00f6n.<\/p>\n\n\n\n<p>Ur reglemente 1868: Lotsarna uppassa vid Brem\u00f6 fyr och i Brem\u00f6sund och m\u00f6ta fartyg \u00bc mil utanf\u00f6r grunden samt \u00bd mil s\u00f6der om Brem\u00f6kalv. Vid Brem\u00f6fyr p\u00e5 en signal st\u00e5ng \u00e4r lotskulan hissad.<\/p>\n\n\n\n<p>1874 Lotsutkiksst\u00e4llning uppf\u00f6rdes<br>1886 Byggdes en signalst\u00e5ng vid Brem\u00f6 lpl<br>1888 byggdes ett vakthus<br>1895 Ny d\u00e4ckad lotskutter<br>1903 nytt lotsuppassningshus flyttades fr\u00e5n Storjungfrun<br>1903 Sundsvalls \u00c5stholmen och Brem\u00f6ns lotsplatser sammanslogs<\/p>\n\n\n\n<p>1920 \u00e5rs b\u00e5tbest\u00e5nd:<br>1 d\u00e4ckad kutter byggd 1912 i ek, 10.8&#215;3.8, 12 hk Skandia<br>1 motorb\u00e5t byggd 1902 i furu, 7.5&#215;2.3 med 6 hk Alecta<br>1 motorb\u00e5t byggd 1893 i furu, 7.7&#215;2.3 med 5hk Alecta<br>1 segelb\u00e5t byggd 1900 i furu\/ek 7.7&#215;2.6<br>1 segelb\u00e5t byggd 1888 i furu\/ek, 6&#215;1.9<br>1 segelb\u00e5t byggd 1895 i furu\/ek, 5.6&#215;1.8<br>1 st roddb\u00e5t i ek<\/p>\n\n\n\n<p>1938 Lotsuppassning i land vid Brem\u00f6ns fyr flyttades till en d\u00e4rutanf\u00f6r kryssande motorkutter.<\/p>\n\n\n\n<p>Br\u00e4m\u00f6ns lotsuppassning indrogs h\u00f6sten 1964<\/p>\n\n\n\n<p><strong>H\u00c4NDELSER:<\/strong><\/p>\n\n\n\n<p>1879 den 20 okt: Tre lotsar fr\u00e5n Brem\u00f6 lpl l\u00e4mnade under OSO-lig storm med h\u00f6g sj\u00f6 och sn\u00f6tjocka lots \u00e5t norska barkskeppet ANTILOPE. Bel\u00f6ning 60 kr<\/p>\n\n\n\n<p>1868: \u00c5tal mot kronolots vid Brem\u00f6 JE Mellberg f\u00f6r grundst\u00f6tning i Sundsvalls sk\u00e4rg\u00e5rd med skeppet DRAKEN. 1m\u00e5n f\u00e4ngelse och suspenderad.<\/p>\n\n\n\n<p>1899 20 okt utgick i b\u00e5t fr\u00e5n Brem\u00f6 lpl under orkanlik storm en m\u00e4sterlots och tv\u00e5 lotsar f\u00f6r att bist\u00e5 S\/S BRENTLOR fr\u00e5n London och lyckades med fara f\u00f6r egna liv s\u00e4tta lots \u00e5 fartyget. B\u00e5tlaget erh\u00f6ll en bel\u00f6ning av 120 kr.<\/p>\n\n\n\n<p>Lotsar vid Brem\u00f6n samt annan lpl de arbetat vid. Sorterat p\u00e5 Efternamn<\/p>\n\n\n\n<figure class=\"wp-block-table alignwide\"><table class=\"has-fixed-layout\"><tbody><tr><td>Efternamn<\/td><td>F\u00f6rnamn<\/td><td>F\u00f6rnamn<\/td><td>F\u00f6dd<\/td><td>Antagen<\/td><td>Avsked<\/td><td>D\u00f6d<\/td><td>\u00d6vriga lotsplatser<\/td><\/tr><tr><td>Aksell<\/td><td>Karl<\/td><td>Adrian<\/td><td>1898<\/td><td>1923<\/td><td><\/td><td>1925<\/td><td>&nbsp;<\/td><\/tr><tr><td>Bergf\u00e4ldt<\/td><td>Carl<\/td><td>Johan<\/td><td>1845<\/td><td>1874<\/td><td><\/td><td><\/td><td>Sundsvall<\/td><\/tr><tr><td>Bergstr\u00f6m<\/td><td>Johan<\/td><td>Gustaf<\/td><td>1866<\/td><td>1891<\/td><td>1931<\/td><td><\/td><td>Sundsvall<\/td><\/tr><tr><td>Blomqvist<\/td><td>Gustaf<\/td><td>Robert<\/td><td>1866<\/td><td>1885<\/td><td><\/td><td><\/td><td>&nbsp;<\/td><\/tr><tr><td>Boija<\/td><td>Petrus<\/td><td>Teodor<\/td><td>1878<\/td><td>1896<\/td><td><\/td><td><\/td><td>Sundsvall<\/td><\/tr><tr><td>Boija\/Pettersson<\/td><td>Lars<\/td><td>Petter<\/td><td>1854<\/td><td>1876<\/td><td><\/td><td><\/td><td>Sundsvall<\/td><\/tr><tr><td>Byberg<\/td><td>Joel<\/td><td>Emanuel<\/td><td>1854<\/td><td>1882<\/td><td><\/td><td>1898<\/td><td>&nbsp;<\/td><\/tr><tr><td>Byberg<\/td><td>Carl<\/td><td>Johan<\/td><td>1882<\/td><td>&nbsp;<\/td><td><\/td><td><\/td><td>&nbsp;<\/td><\/tr><tr><td>Dahlbeck<\/td><td>Carl<\/td><td>Jakob<\/td><td>1853<\/td><td>1888<\/td><td><\/td><td><\/td><td>&nbsp;<\/td><\/tr><tr><td>Hellgren<\/td><td>Elis<\/td><td>Olof<\/td><td>1869<\/td><td>1892<\/td><td><\/td><td><\/td><td>&nbsp;<\/td><\/tr><tr><td>Kronberg<\/td><td>Carl<\/td><td>August<\/td><td>1863<\/td><td>1886<\/td><td><\/td><td><\/td><td>&nbsp;<\/td><\/tr><tr><td>K\u00e4llstr\u00f6m<\/td><td>Karl<\/td><td>Gustaf<\/td><td>1862<\/td><td>1885<\/td><td><\/td><td><\/td><td>Sundsvall<\/td><\/tr><tr><td>Lund<\/td><td>Erik<\/td><td>Wilhelm<\/td><td>1834<\/td><td>1863<\/td><td>&nbsp;<\/td><td><\/td><td>Sundsvall<\/td><\/tr><tr><td>Lund<\/td><td>Johan<\/td><td>Anshelm<\/td><td>1857<\/td><td>1882<\/td><td><\/td><td><\/td><td>Sundsvall<\/td><\/tr><tr><td>Lund<\/td><td>Walter<\/td><td>Wilhelm<\/td><td>1865<\/td><td>1885<\/td><td>1898<\/td><td><\/td><td>Sundsvall<\/td><\/tr><tr><td>Lund<\/td><td>Arvid<\/td><td>Emanuel<\/td><td>1872<\/td><td>1890<\/td><td>1932<\/td><td><\/td><td>Sundsvall<\/td><\/tr><tr><td>L\u00f6f<\/td><td>Daniel<\/td><td>Per<\/td><td>1872<\/td><td>1890<\/td><td>1932<\/td><td><\/td><td>Sundsvall<\/td><\/tr><tr><td>Mellberg<\/td><td>Erik<\/td><td>Isak<\/td><td>1826<\/td><td>&nbsp;<\/td><td><\/td><td><\/td><td>&nbsp;<\/td><\/tr><tr><td>Mellberg<\/td><td>Karl<\/td><td>Leonard<\/td><td>1864<\/td><td>1882<\/td><td>&nbsp;<\/td><td><\/td><td>Sundsvall<\/td><\/tr><tr><td>Mellberg<\/td><td>Erik<\/td><td>Daniel<\/td><td>1867<\/td><td>1890<\/td><td><\/td><td>&nbsp;<\/td><td>&nbsp;<\/td><\/tr><tr><td>Mellberg<\/td><td>Johan<\/td><td>Hjalmar<\/td><td>1874<\/td><td>1893<\/td><td>1934<\/td><td><\/td><td>Sundsvall<\/td><\/tr><tr><td>Montelius<\/td><td>Thomas<\/td><td>Viktor<\/td><td>1862<\/td><td>1882<\/td><td><\/td><td>1940<\/td><td>Sundsvall<\/td><\/tr><tr><td>Montelius<\/td><td>Gustaf<\/td><td>Victor<\/td><td>1865<\/td><td>1882<\/td><td><\/td><td><\/td><td>Sundsvall<\/td><\/tr><tr><td>Pettersson<\/td><td>Lars<\/td><td>Peter<\/td><td>1854<\/td><td>1876<\/td><td>&nbsp;<\/td><td><\/td><td>&nbsp;<\/td><\/tr><tr><td>Sch\u00f6n<\/td><td>Ernst<\/td><td>Edvard<\/td><td>1853<\/td><td>1874<\/td><td>&nbsp;<\/td><td><\/td><td>Sundsvall<\/td><\/tr><tr><td>Selander<\/td><td>Nils<\/td><td>Erik<\/td><td>1851<\/td><td>1885<\/td><td>1898<\/td><td><\/td><td>Sundsvall<\/td><\/tr><tr><td>Sundin<\/td><td>Nils<\/td><td>Magnus<\/td><td>1862<\/td><td>1882<\/td><td>1902<\/td><td><\/td><td>Sundsvall<\/td><\/tr><tr><td>Wickman<\/td><td>Nils<\/td><td>&nbsp;<\/td><td>1845<\/td><td>1882<\/td><td><\/td><td><\/td><td>Sundsvall<\/td><\/tr><tr><td>\u00c5gren<\/td><td>Uno<\/td><td>&nbsp;<\/td><td>1901<\/td><td>1915<\/td><td>&nbsp;<\/td><td>&nbsp;<\/td><td>&nbsp;<\/td><\/tr><tr><td>\u00d6berg<\/td><td>Erik<\/td><td>Axel<\/td><td>1862<\/td><td>1888<\/td><td>&nbsp;<\/td><td>&nbsp;<\/td><td>&nbsp;<\/td><\/tr><\/tbody><\/table><figcaption class=\"wp-element-caption\">Lotsar vid Brem\u00f6 lotsplats<\/figcaption><\/figure>\n\n\n\n<p><\/p>\n","protected":false},"excerpt":{"rendered":"<p>62\u00b0 12.080&#8242; N 17\u00b0 41.085&#8242; E Os\u00e4ker tid f\u00f6r f\u00f6rsta lotsen men m\u00f6jligen b\u00f6rjan av 1700-talet F\u00f6rsta g\u00e5ngen n\u00e4mnd i lotsverkets reglementen \u00e4r 1820 Tillh\u00f6rde Norra distriktet och Sundsvalls f\u00f6rdelning. Under Lots\u00e5ldermannen p\u00e5 Brem\u00f6n Enligt 1820 \u00e5rs reglemente skall uppassning ske s\u00e5 w\u00e4l wid hamnen, wid ankarplatsen \u00e4fwensom p\u00e5 Kalfwen. Sundsvalls, \u00c5stholmens och Brem\u00f6ns lotsplatser&hellip; <a class=\"more-link\" href=\"https:\/\/lotsarnastockholm.se\/index.php\/bremo-lotsplats\/\">Forts\u00e4tt l\u00e4sa <span class=\"screen-reader-text\">Brem\u00f6 Lotsplats<\/span><\/a><\/p>\n","protected":false},"author":1,"featured_media":0,"parent":0,"menu_order":0,"comment_status":"closed","ping_status":"closed","template":"","meta":{"footnotes":""},"class_list":["post-4849","page","type-page","status-publish","hentry","entry"],"_links":{"self":[{"href":"https:\/\/lotsarnastockholm.se\/index.php\/wp-json\/wp\/v2\/pages\/4849","targetHints":{"allow":["GET"]}}],"collection":[{"href":"https:\/\/lotsarnastockholm.se\/index.php\/wp-json\/wp\/v2\/pages"}],"about":[{"href":"https:\/\/lotsarnastockholm.se\/index.php\/wp-json\/wp\/v2\/types\/page"}],"author":[{"embeddable":true,"href":"https:\/\/lotsarnastockholm.se\/index.php\/wp-json\/wp\/v2\/users\/1"}],"replies":[{"embeddable":true,"href":"https:\/\/lotsarnastockholm.se\/index.php\/wp-json\/wp\/v2\/comments?post=4849"}],"version-history":[{"count":6,"href":"https:\/\/lotsarnastockholm.se\/index.php\/wp-json\/wp\/v2\/pages\/4849\/revisions"}],"predecessor-version":[{"id":7225,"href":"https:\/\/lotsarnastockholm.se\/index.php\/wp-json\/wp\/v2\/pages\/4849\/revisions\/7225"}],"wp:attachment":[{"href":"https:\/\/lotsarnastockholm.se\/index.php\/wp-json\/wp\/v2\/media?parent=4849"}],"curies":[{"name":"wp","href":"https:\/\/api.w.org\/{rel}","templated":true}]}}