{"id":4731,"date":"2023-02-24T22:21:29","date_gmt":"2023-02-24T21:21:29","guid":{"rendered":"https:\/\/lotsarnastockholm.se\/?page_id=4731"},"modified":"2026-02-27T17:12:44","modified_gmt":"2026-02-27T16:12:44","slug":"ahr-burgsvik-capelshamn-halshuk","status":"publish","type":"page","link":"https:\/\/lotsarnastockholm.se\/index.php\/ahr-burgsvik-capelshamn-halshuk\/","title":{"rendered":"Ahr, Burgsvik, Capelshamn, Halshuk, Envik, H\u00e4rvik samt L\u00e4rbro\/Storugns"},"content":{"rendered":"\n<h3 class=\"wp-block-heading\">Ahrs lotsplats (Norra Gotland) <br><a href=\"https:\/\/www.google.se\/maps\/place\/57%C2%B054'56.9%22N+18%C2%B056'45.1%22E\/@57.9158,18.943678,17z\/data=!3m1!4b1!4m4!3m3!8m2!3d57.9158!4d18.9458667\">57\u00b0 54.948&#8242; N 18\u00b0 56.752&#8242; E<\/a><\/h3>\n\n\n\n<p>startade ca 1760 och lades ned 1877<\/p>\n\n\n\n<p>Ur reglemente f\u00f6r lotsverket 1799<\/p>\n\n\n\n<p>Under lotsuppsyningsman f\u00f6r Gotlands f\u00f6rdelning lyder Ahrs lotsplats med 1 ord lots, 1 utl\u00e4rd reservlotsdr\u00e4ng och 1 lotsl\u00e4rling<\/p>\n\n\n\n<p>Lotsplatsen lyder under lots\u00e5lderman i F\u00e5r\u00f6sund. Samma g\u00e4llde 1820.<br>Lotsningsomr\u00e5de: Lotsarna emottaga fr\u00e5n sj\u00f6n att inlotsa, utlotsa till sj\u00f6ss \u00e4ven till Kappelshamn, till F\u00e5r\u00f6sund norra gattet till Lutterhorn.<\/p>\n\n\n\n<p>1820: Lotsa till Halshuk, Kappelshamn, F\u00e5r\u00f6sund norra gattet Lutterhorn sj\u00f6ss eller fr\u00e5n. 1 kronolots och 1 l\u00e4rling<\/p>\n\n\n\n<p>Ahrs lotsplats finns inte med i regl. 1863.<\/p>\n\n\n\n<p>Ur rulla 1774: Lots\u00e5lderman H. Hasselgren (\u00c4ven tjg p\u00e5 F\u00e5r\u00f6sunds Norra Gatt)<br>Lots Hans Persson, 52 \u00e5r 14 tj \u00e5r<br>Lotsl\u00e4rlingar Per Larsson, 10 tj \u00e5r och Hans Larsson 7 tj \u00e5r<\/p>\n\n\n\n<p>Ur rulla 1818: Ord lots L. Ahlgren och l\u00e4rling M. Broman<\/p>\n\n\n\n<figure class=\"wp-block-table\"><table class=\"has-fixed-layout\"><tbody><tr><td><strong>Efternamn<\/strong><\/td><td><strong>F\u00f6rnamn<\/strong><\/td><td><strong>F\u00f6dd<\/strong><\/td><td>I <strong>Staten<\/strong><\/td><\/tr><tr><td>Persson<\/td><td>Hans<\/td><td>1722<\/td><td>1760<\/td><\/tr><tr><td>Larsson<\/td><td>Per<\/td><td><\/td><td>1764<\/td><\/tr><tr><td>Larsson<\/td><td>Hans<\/td><td><\/td><td>1767<\/td><\/tr><tr><td>Ahlstr\u00f6m<\/td><td>Petter<\/td><td>1817<\/td><td>1848<\/td><\/tr><tr><td>Ahlgren<\/td><td>L<\/td><td><\/td><td><\/td><\/tr><tr><td>Broman<\/td><td>M<\/td><td><\/td><td><\/td><\/tr><tr><td>Hasselgren<\/td><td>Harald<\/td><td><\/td><td><\/td><\/tr><\/tbody><\/table><\/figure>\n\n\n\n<h3 class=\"wp-block-heading\">Burgsvik (Bursvik)<br><a href=\"https:\/\/www.google.se\/maps\/place\/57%C2%B001'59.8%22N+18%C2%B015'25.1%22E\/@57.0332833,18.2547946,17z\/data=!3m1!4b1!4m4!3m3!8m2!3d57.0332833!4d18.2569833\">57\u00b0 01.997&#8242; N 18\u00b0 15.419&#8242; E<\/a><\/h3>\n\n\n\n<figure class=\"wp-block-image size-large\"><a href=\"https:\/\/lotsarnastockholm.se\/wp-content\/uploads\/2024\/01\/IMG_1240-scaled.jpg\"><img fetchpriority=\"high\" decoding=\"async\" width=\"1024\" height=\"768\" src=\"https:\/\/lotsarnastockholm.se\/wp-content\/uploads\/2024\/01\/IMG_1240-1024x768.jpg\" alt=\"\" class=\"wp-image-6423\" srcset=\"https:\/\/lotsarnastockholm.se\/wp-content\/uploads\/2024\/01\/IMG_1240-1024x768.jpg 1024w, https:\/\/lotsarnastockholm.se\/wp-content\/uploads\/2024\/01\/IMG_1240-300x225.jpg 300w, https:\/\/lotsarnastockholm.se\/wp-content\/uploads\/2024\/01\/IMG_1240-768x576.jpg 768w, https:\/\/lotsarnastockholm.se\/wp-content\/uploads\/2024\/01\/IMG_1240-1536x1152.jpg 1536w, https:\/\/lotsarnastockholm.se\/wp-content\/uploads\/2024\/01\/IMG_1240-2048x1536.jpg 2048w, https:\/\/lotsarnastockholm.se\/wp-content\/uploads\/2024\/01\/IMG_1240-1568x1176.jpg 1568w\" sizes=\"(max-width: 1024px) 100vw, 1024px\" \/><\/a><\/figure>\n\n\n\n<p>Upptogs som lotsplats ca 1740 och nedlades 1 juli 1962<\/p>\n\n\n\n<p>Ur rulla 1774:<\/p>\n\n\n\n<p>Lots\u00e5lderman Olof Wickberg<br>Lots Per Olofsson, 45 \u00e5r, 26 tj \u00e5r<br>lots Lars Olsson, 36 \u00e5r 7 tj \u00e5r<br>Utl\u00e4rd lotsdr\u00e4ng M\u00e5rten M\u00e5rtensson Gisle, 35 \u00e5r, 2 tj \u00e5r<\/p>\n\n\n\n<p>Ur reglemente 1799: Under lotsuppsyningsman f\u00f6r Gotlands f\u00f6rdelning lyder Burgsviks lotsplats. 1 lots\u00e5lderman, 1 ord lots, 1 utl\u00e4rd reservlotsdr\u00e4ng och 1 lotsl\u00e4rling. Lotsningsomr\u00e5de: lotsarna emottaga fr\u00e5n sj\u00f6n att inlotsa, utlotsa till sj\u00f6ss och dessutom till Klint\u00f6 (Klintehamn) utom N\u00e4srevet samt till Enevik s\u00f6der om Hoburg.<\/p>\n\n\n\n<p>Ur rulla 1818: Lots\u00e5lderman C. Lindberg<br>Ord lots A.A. Wicksten,<br>Lotsl\u00e4rlingarna A. Arfvidsson, H. Nilsson och N. S\u00f6renson Sundel<\/p>\n\n\n\n<p>Ur 1820 \u00e5rs f\u00f6rteckning: Till Klintehamn utom N\u00e4srevet, Enevik, omkring Hoburg, sj\u00f6ss eller fr\u00e5n sj\u00f6n. 1 Lots\u00e5lderman, 1 m\u00e4sterlots, 1 secund lots, 2 l\u00e4rlingar. Lotsuppassa vid hamnen och m\u00f6ta utanf\u00f6r grunden.<\/p>\n\n\n\n<p>Ur den Svenske Lotsen 1853: Lots f\u00e5s fr\u00e5n nybroskans udde. I h\u00e5rd v\u00e4stlig bl\u00e5st kan man icke p\u00e5r\u00e4kna att lotsen hinner ombord&nbsp; f\u00f6rr\u00e4n man \u00e4r n\u00e4ra den yttre redden.<\/p>\n\n\n\n<p>Ur regl. 1863: lotsningsomr\u00e5de: Fr\u00e5n Burgsvik till Klintehamn utanf\u00f6r N\u00e4srevet, till Enevik, till och fr\u00e5n sj\u00f6n.<\/p>\n\n\n\n<p>1914 25 maj L\u00e4mnades under sv\u00e5r storm och regntjocka lotshj\u00e4lp fr\u00e5n Burgsviks lotsplats \u00e5t skonerten ELSA fr\u00e5n Moll\u00f6sund.&nbsp; F\u00f6r det mod och den r\u00e5dighet tv\u00e5 lotsar vid bem\u00e4lda tillf\u00e4lle \u00e5 tilldelas en bel\u00f6ning, den ene med 20 kr och den andre med 15 kr.<\/p>\n\n\n\n<p>Enl. lotsledsf\u00f6rteckning 1916: lots uppassa vid Valars fyr och m\u00f6ta fr\u00e5n sj\u00f6n kommande fartyg utanf\u00f6r grunden<\/p>\n\n\n\n<p>1920 \u00e5rs b\u00e5tbest\u00e5nd<br>1 motorb\u00e5t byggd 1916 i ek\/furu, klink, 6.5&#215;2, 5 hk motor<br>1 segelb\u00e5t byggd 1907 i furu klink, 6.3&#215;1.8<\/p>\n\n\n\n<p>1928 fick Valars lotsuppassning telefon<\/p>\n\n\n\n<p>H\u00c4NDELSER<\/p>\n\n\n\n<p>1875 \u00e5talades lotsen LJ Wigsten f\u00f6r grundst\u00f6tning av S\/S ARAB i Burgsvik. Lotsen frik\u00e4ndes.<\/p>\n\n\n\n<p>1884 16 okt. Under sv\u00e5r storm och h\u00f6g sj\u00f6 utgingo lotsf\u00f6rmannen med en kronolots samt tv\u00e5 bitr\u00e4den till den svenska skonerten FRITHIOF ehuru s\u00e5som fartygsbef\u00e4let intygat v\u00e4derleksf\u00f6rh\u00e5llandena voro s\u00e5 sv\u00e5ra&nbsp; att han inte kunde hoppas att erh\u00e5lla lotsbitr\u00e4de, en\u00e4r den oerh\u00f6rt h\u00f6ga sj\u00f6n syntes trotsa \u00e4ven den modigaste sj\u00f6man att i \u00f6ppen b\u00e5t s\u00f6ka g\u00e5 ut. Lotsarna som med uppenbar livsfara bordade fartyget medelst trossar som utkastades akterut, lyckades b\u00e4rga fartyget i hamn. B\u00e5tlaget tilldelades n bel\u00f6ning av 100 kr.<\/p>\n\n\n\n<p>Samtliga lotsar vid Burgsvik Lpl samt \u00f6vriga lpl de arbetat p\u00e5<\/p>\n\n\n\n<figure class=\"wp-block-table alignwide\"><table class=\"has-fixed-layout\"><tbody><tr><td><strong>Efternamn<\/strong><\/td><td><strong>F\u00f6rnamn<\/strong><\/td><td><strong>F\u00f6dd<\/strong><\/td><td><strong>I Staten<\/strong><\/td><td><strong>Lotsplatser i kronolog ordn<\/strong><\/td><\/tr><tr><td>Olofsson<\/td><td>Per<\/td><td>1729<\/td><td>1748<\/td><td>Burgsvik<\/td><\/tr><tr><td>Olsson<\/td><td>Lars<\/td><td>1738<\/td><td>1767<\/td><td>Burgsvik<\/td><\/tr><tr><td>Gisle<\/td><td>M\u00e5rten<\/td><td>1739<\/td><td>1772<\/td><td>Burgsvik<\/td><\/tr><tr><td>Wigsten<\/td><td>Lars<\/td><td>1834<\/td><td>1846<\/td><td>Burgsvik<\/td><\/tr><tr><td>Wigsten<\/td><td>Timoteus<\/td><td>1844<\/td><td>1857<\/td><td>Burgsvik<\/td><\/tr><tr><td>Wigsten<\/td><td>Johan<\/td><td>1867<\/td><td>1891<\/td><td>Burgsvik<\/td><\/tr><tr><td>Sundahl<\/td><td>Johan<\/td><td>1881<\/td><td>1900<\/td><td>Klintehamn\/Burgsvik<\/td><\/tr><tr><td>Dahlberg<\/td><td>Oskar<\/td><td>1878<\/td><td>1901<\/td><td>Burgsvik<\/td><\/tr><tr><td>Holmberg<\/td><td>Karl<\/td><td>1885<\/td><td>1901<\/td><td>Burgsvik<\/td><\/tr><tr><td>Wigsten<\/td><td>Johan<\/td><td>1893<\/td><td>1915<\/td><td>Burgsvik\/F\u00e5r\u00f6sund<\/td><\/tr><tr><td>Wigsten<\/td><td>Alexander<\/td><td>1900<\/td><td>1916<\/td><td>Burgsvik\/Ronehamn<\/td><\/tr><tr><td>Dahlberg<\/td><td>Sven<\/td><td>1905<\/td><td>1921<\/td><td>Burgsvik<\/td><\/tr><tr><td>Fj\u00e4llman<\/td><td>Oskar<\/td><td>1909<\/td><td>1925<\/td><td>Lysekil\/Jern\u00e4s<\/td><\/tr><tr><td>Hallbom<\/td><td>Karl<\/td><td>1906<\/td><td>1931<\/td><td>Burgsvik\/Klintehamn<\/td><\/tr><tr><td>Wigsten<\/td><td>Nils<\/td><td>1908<\/td><td>1931<\/td><td>Burgsvik\/Klintehamn<\/td><\/tr><tr><td>Eklund<\/td><td>Karl<\/td><td>1907<\/td><td>1945<\/td><td>Burgsvik<\/td><\/tr><tr><td>Wigsten<\/td><td>Sture<\/td><td>1928<\/td><td>1952<\/td><td>L\u00e4rbro\/Storugns\/Burgsvik\/F\u00e5r\u00f6sund<\/td><\/tr><tr><td>Englund<\/td><td>Bengt<\/td><td>1926<\/td><td>1954<\/td><td>Burgsvik\/S\u00e4v\u00f6sund<\/td><\/tr><tr><td>Arfvidsson<\/td><td>A<\/td><td><\/td><td><\/td><td>Burgsvik<\/td><\/tr><tr><td>Lindberg<\/td><td>Carl<\/td><td><\/td><td><\/td><td>Burgsvik<\/td><\/tr><tr><td>Nilsson<\/td><td>Hans<\/td><td><\/td><td><\/td><td>Burgsvik<\/td><\/tr><tr><td>Sundel<\/td><td>Hans<\/td><td><\/td><td><\/td><td>Burgsvik<\/td><\/tr><tr><td>Wickberg<\/td><td>Olof<\/td><td><\/td><td><\/td><td>Enevik\/Stockvik\/Burgsvik<\/td><\/tr><tr><td>Wicksten<\/td><td>A<\/td><td><\/td><td><\/td><td>Burgsvik<\/td><\/tr><tr><td>Wigsten<\/td><td>L<\/td><td><\/td><td><\/td><td>Burgsvik<\/td><\/tr><\/tbody><\/table><\/figure>\n\n\n\n<h3 class=\"wp-block-heading\">Capelshamn \/ Halshuk<br><a href=\"https:\/\/www.google.se\/maps\/place\/57%C2%B051'02.3%22N+18%C2%B047'05.8%22E\/@57.85065,18.7827446,17z\/data=!3m1!4b1!4m4!3m3!8m2!3d57.85065!4d18.7849333\">57\u00b0 51.039&#8242; N 18\u00b0 47.096&#8242; E<\/a><\/h3>\n\n\n\n<p>Lotsplatsen anlades troligen 1748 och nedlades 1892<\/p>\n\n\n\n<p>Under perioden 1878-1881 f\u00f6renklades namnet till endast Hallshuks lotsplats<\/p>\n\n\n\n<p>I reglemente f\u00f6r Lotsverket 1799. Under lotsuppsyningsman flr Golands f\u00f6rdelning lyder Capelshamn med Halshuks lotsplats: 1 lots\u00e5lderman, 1 ord lots, 2 utl\u00e4rda reservlotsdr\u00e4ngar och 2 lotsl\u00e4rlingar<\/p>\n\n\n\n<p>Lotsningsomr\u00e5de: Capelshamn\/ Lotsarne wid Halshuk emottaga fr\u00e5n sj\u00f6n at inlotsa til Capelshamn til Arshamn, til Lutterhorn, til F\u00e5r\u00f6sund, Lotsarne wid Capelshamn utlotsa til sj\u00f6\u03b2 wid Halshuk.<\/p>\n\n\n\n<p>Ur 1820 \u00e5rs f\u00f6rteckning: Halshuk fr\u00e5n sj\u00f6n: till Visby Kappelshamn, Ahrs hamn, F\u00e5r\u00f6sund, Lutterhorn<\/p>\n\n\n\n<p>Ur \u201dDen Svenske Lotsen 1853\u201d: Lotstill Kappelshamn f\u00e5s vid Hallshuk, d\u00e4r man drejar bi.<\/p>\n\n\n\n<p>Ur reglemente 1863: Lotsningsomr\u00e5de: Fr\u00e5n Kappelshamn och Hallshuk fr\u00e5n sj\u00f6n till Visby resp Kappelshamn, Ar hamn, F\u00e5r\u00f6sund, Lutterhorn.<\/p>\n\n\n\n<p>Ur rulla 1774:<\/p>\n\n\n\n<p>Lots\u00e5lderman: H. Enequist<br>Lots: Jacob Norby, 55 \u00e5r 26 tj \u00e5r<br>Lots: Hans Mickelsson Hallberg, 42 \u00e5r med 16 tj \u00e5r<br>Lotsl\u00e4rlingar:<br>Johan Norby, 28 \u00e5r, 10 tj \u00e5r<br>Ola Jacob Norby, 21 \u00e5r, 7 tj \u00e5r<br>Joachim Hansson Hallberg, 17 \u00e5r<\/p>\n\n\n\n<p>Ur rulla 1817:<br>Lots\u00e5lderman: J Lixander<br>Ord Lots: C Lerberg<br>Reservlotsdr\u00e4ng: E Hallberg<br>Lotsl\u00e4rlingar: G. Wilk, J. Stenberg och H. Hallberg<\/p>\n\n\n\n<p>Ur 1820 \u00e5rs reglemente: Capelshamn och Halshuk; 1 \u00e5lderman, 1 m\u00e4sterlots, 2 secundlotsar och 2 lotsl\u00e4rlingar<br>1894 \u00e5rs rulla: Lotsl\u00e4rling Anders Peter Wilhelm Andersson f\u00f6dd 1844, anst\u00e4lld 1873 p\u00e5 \u00f6fverg\u00e5ngsstat. Platsen indragen<\/p>\n\n\n\n<p>De sista \u00e5ren var det 10-20 lotsningar per \u00e5r<\/p>\n\n\n\n<p>Lotsar vid Kappelshamn<\/p>\n\n\n\n<figure class=\"wp-block-table alignwide\"><table class=\"has-fixed-layout\"><tbody><tr><td><strong>Efternamn<\/strong><\/td><td><strong>F\u00f6rnamn<\/strong><\/td><td><strong>F\u00f6dd<\/strong><\/td><td>I<strong> Staten<\/strong><\/td><td>Lp<strong>l 2<\/strong><\/td><\/tr><tr><td>Norby<\/td><td>Jacob<\/td><td>1719<\/td><td>1748<\/td><td><\/td><\/tr><tr><td>Eneqvist<\/td><td>Hans<\/td><td><\/td><td>1749<\/td><td>L\u00f6rje<\/td><\/tr><tr><td>Hallberg<\/td><td>Hans<\/td><td>1732<\/td><td>1758<\/td><td><\/td><\/tr><tr><td>Norby<\/td><td>Johan<\/td><td>1746<\/td><td>1764<\/td><td><\/td><\/tr><tr><td>Norby<\/td><td>Jacob<\/td><td>1753<\/td><td>1767<\/td><td><\/td><\/tr><tr><td>Lerberg<\/td><td>Carl<\/td><td>1832<\/td><td>1845<\/td><td><\/td><\/tr><tr><td>Sundberg<\/td><td>Johan<\/td><td>1853<\/td><td>1870<\/td><td>Stockviken\/Stocka<\/td><\/tr><tr><td>Andersson<\/td><td>Anders<\/td><td>1844<\/td><td>1873<\/td><td><\/td><\/tr><tr><td>Lerberg<\/td><td>Johan<\/td><td>1860<\/td><td>1881<\/td><td><\/td><\/tr><tr><td>Hallberg<\/td><td>Joachim<\/td><td>1757<\/td><td><\/td><td><\/td><\/tr><tr><td>Hallberg<\/td><td>Hans<\/td><td><\/td><td><\/td><td><\/td><\/tr><tr><td>Hallberg<\/td><td>Eric<\/td><td><\/td><td><\/td><td><\/td><\/tr><tr><td>Lerberg<\/td><td>Carl<\/td><td><\/td><td><\/td><td><\/td><\/tr><tr><td>Lixander<\/td><td>J<\/td><td><\/td><td><\/td><td><\/td><\/tr><tr><td>Stenberg<\/td><td>J<\/td><td><\/td><td><\/td><td><\/td><\/tr><tr><td>Wilk<\/td><td>Gustaf<\/td><td><\/td><td><\/td><td><\/td><\/tr><\/tbody><\/table><\/figure>\n\n\n\n<p>L\u00e4rbro \/ Storugns<\/p>\n\n\n\n<h3 class=\"wp-block-heading\">L\u00e4rbro och Storugns lotsuppassning<br><a href=\"https:\/\/www.google.se\/maps\/place\/57%C2%B050'37.2%22N+18%C2%B048'00.6%22E\/@57.843678,18.7988815,290m\/data=!3m2!1e3!4b1!4m4!3m3!8m2!3d57.843678!4d18.800169!5m1!1e1?entry=ttu&amp;g_ep=EgoyMDI2MDIxMS4wIKXMDSoASAFQAw%3D%3D\" data-type=\"link\" data-id=\"https:\/\/www.google.se\/maps\/place\/57%C2%B050'37.2%22N+18%C2%B048'00.6%22E\/@57.843678,18.7988815,290m\/data=!3m2!1e3!4b1!4m4!3m3!8m2!3d57.843678!4d18.800169!5m1!1e1?entry=ttu&amp;g_ep=EgoyMDI2MDIxMS4wIKXMDSoASAFQAw%3D%3D\">57\u00b050&#8217;37.2&#8243;N 18\u00b048&#8217;00.6&#8243;E<\/a><\/h3>\n\n\n\n<p>Under 1950-1960 talet expanderade kalkbrytningen vid L\u00e4rbro och hamnen v\u00e4xte successivt ut. I mitten av 1960 stationerades lotsar I L\u00e4rbro och cirka 1973-74 d\u00f6ptes lotsuppassningen om till Storugns. Lotsuppassningen l\u00e5g troligen under F\u00e5r\u00f6sunds lotsplats. Efter 1983 blev stationerings orten Visby f\u00f6r samtliga lotsar och b\u00e5tm\u00e4n p\u00e5 Gotland.<\/p>\n\n\n\n<p>F\u00f6ljande lotsar och b\u00e5tm\u00e4n var stationerade i L\u00e4rbro och sedermera Storugns<\/p>\n\n\n\n<figure class=\"wp-block-table alignwide\"><table class=\"has-fixed-layout\"><tbody><tr><td><strong>Efternamn<\/strong><\/td><td><strong>F\u00f6rnamn<\/strong><\/td><td><strong>F\u00f6dd<\/strong><\/td><td><strong>I Staten<\/strong><\/td><td><strong>B\u00e5tman<\/strong><\/td><td><strong>Lpl 1<\/strong><\/td><td><strong>\u00d6vriga<\/strong><\/td><\/tr><tr><td>Jacobsson<\/td><td>Jakob<\/td><td>1909<\/td><td>1931<\/td><td><\/td><td>F\u00e5r\u00f6sund<\/td><td>L\u00e4rbro<\/td><\/tr><tr><td>Nordstr\u00f6m<\/td><td>Carl-Gustav<\/td><td>1911<\/td><td>1951<\/td><td>1954-01-01<\/td><td>F\u00e5r\u00f6sund<\/td><td>L\u00e4rbro\/Storugns<\/td><\/tr><tr><td>Ekstr\u00f6m<\/td><td>Tage<\/td><td>1934<\/td><td>1952<\/td><td>1976-10-01<\/td><td>Visby<\/td><td>Storugns TO Gotland<\/td><\/tr><tr><td>Persson<\/td><td>Einar<\/td><td>1921<\/td><td>1952<\/td><td>1952-04-01<\/td><td>Kylej<\/td><td>F\u00e5r\u00f6sund\/Storugns\/L\u00e4rbro<\/td><\/tr><tr><td>Wigsten<\/td><td>Sture<\/td><td>1928<\/td><td>1952<\/td><td><\/td><td>L\u00e4rbro<\/td><td>Storugns\/Burgsvik\/F\u00e5r\u00f6sund<\/td><\/tr><tr><td>Peters\u00e9n<\/td><td>Erik<\/td><td>1920<\/td><td>1953<\/td><td><\/td><td>L\u00e4rbro<\/td><td>Storugns\/F\u00e5r\u00f6sund<\/td><\/tr><tr><td>Olofsson<\/td><td>Karl<\/td><td>1916<\/td><td>1955<\/td><td>1958-10-01<\/td><td>F\u00e5r\u00f6sund<\/td><td>L\u00e4rbro\/Storugns<\/td><\/tr><tr><td>S\u00f6derdahl<\/td><td>Erik<\/td><td>1920<\/td><td>1955<\/td><td>1958-10-01<\/td><td>F\u00e5r\u00f6sund<\/td><td>L\u00e4rbro\/Storugns<\/td><\/tr><tr><td>Karlsson<\/td><td>Sylve<\/td><td>1924<\/td><td>1957<\/td><td>1965-03-01<\/td><td>Slite<\/td><td>Storugns<\/td><\/tr><tr><td>Falk<\/td><td>Sten<\/td><td>1931<\/td><td>1977<\/td><td>1977-08-01<\/td><td>Visby<\/td><td>Storugns TO Gotland<\/td><\/tr><\/tbody><\/table><\/figure>\n\n\n\n<h3 class=\"wp-block-heading\">Eneviks (Envik)<br><a href=\"https:\/\/www.google.se\/maps\/place\/56%C2%B056'51.8%22N+18%C2%B018'23.5%22E\/@56.9477333,18.304328,17z\/data=!3m1!4b1!4m4!3m3!8m2!3d56.9477333!4d18.3065167\">56\u00b0 56.864&#8242; N 18\u00b0 18.391&#8242; E<\/a><\/h3>\n\n\n\n<p>lotsplats fanns mellan 1750 och 1877<\/p>\n\n\n\n<p>Ur reglemente 1799:<\/p>\n\n\n\n<p>Under lotsuppsyningsman f\u00f6r Gotlands f\u00f6rdelning lyder Enviks lotsplats. 1 ord lots, 1 utl\u00e4rd reservlotsdr\u00e4ng och 1 lotsl\u00e4rling. Lotsplatsen lyder under lots\u00e5lderman i Burgsvik. (Samma 1820)<br>Lotsningsomr\u00e5de: Lotsarna emottaga fr\u00e5n sj\u00f6n att inlotsa, utlotsa till sj\u00f6ss samt till Burgsvik s\u00f6der om Hoburg.<\/p>\n\n\n\n<p>Ur reglemente 1863: lotsningsomr\u00e5de Fr\u00e5n Envik till Ronehamn resp Burgsvik till och fr\u00e5n sj\u00f6n.<\/p>\n\n\n\n<p>Ur rulla 1774<br>Lots\u00e5lderman Olof Wickberg, (F\u00f6rst vid Enevik sen vid Stockviken och Burgsvik)<br>Lots Jacob Nilsson, 48 \u00e5r, 16 tj \u00e5r<br>Utl l\u00e4rd lotsdr\u00e4ng Nils Hansson, 33 \u00e5r, 14 tj \u00e5r<\/p>\n\n\n\n<p>Ur rulla 1818:<br>Ord lots J.H. Salmunds<br>Utl\u00e4rd reservlotsdr\u00e4ng N.H Salmunds<br>Lotsl\u00e4rling J. S\u00f6derling<\/p>\n\n\n\n<p>Ur 1820 \u00e5rs f\u00f6rteckning: Till Ronehamn, Burgsvik omkring Hoburg, sj\u00f6ss eller fr\u00e5n.<br>1 m\u00e4sterlots, 1 secundlots 1 l\u00e4rling<br>Lotsuppassa vid hamnen och m\u00f6ta fartyg utanf\u00f6r grunden.<\/p>\n\n\n\n<p>Ur \u201dDen Svenske Lotsen\u201d 1853: Lots f\u00e5s ifr\u00e5n Envikens lotsplats Salmunds udde<\/p>\n\n\n\n<h3 class=\"wp-block-heading\">H\u00e4rvik\/ \u00d6stergarn\/ Bengts Lotsplats <br><a href=\"https:\/\/www.google.se\/maps\/place\/57%C2%B025'20.0%22N+18%C2%B054'44.2%22E\/@57.4222333,18.910078,17z\/data=!3m1!4b1!4m4!3m3!8m2!3d57.4222333!4d18.9122667\">57\u00b0 25.334&#8242; N 18\u00b0 54.736&#8242; E <\/a><\/h3>\n\n\n\n<p>Upptogs som lotsplats cirka 1750 och nedlades 1 \/ 7 1929<\/p>\n\n\n\n<p>Flera namn har beskrivit platsen som idag heter Herrvik. Bengts Lpl f\u00f6rekom ofta i kyrkb\u00f6cker vilket \u00e4r namnet p\u00e5 delar av omr\u00e5det.<\/p>\n\n\n\n<p>Nedanst\u00e5ende ur reglemente 1799: Under lotsuppsyningsman f\u00f6r Gotlands f\u00f6rdelning lyder H\u00e4rviks eller \u00d6stergarns lotsplats. 1 ord lots, 1 utl\u00e4rd reservlotsdr\u00e4n och 1 lotsl\u00e4rling. Lotsplatsen lyder under lots\u00e5lderman i Sandvik. Lotsningsomr\u00e5de: Lotsarn emottaga fr\u00e5n sj\u00f6n att inlotsa&nbsp; genom sundet utlotsa till sj\u00f6ss samt till Katthammarsvik och till Sandvik<\/p>\n\n\n\n<p>Ur 1820 \u00e5rs f\u00f6rteckning: Till Katthammasrvik, Sandvik, sj\u00f6ss eller fr\u00e5n sj\u00f6n genom \u00d6stergarns sund. Lots uppassa vid hamnen och emottaga s\u00e5 i s\u00f6dra som i norra gattet av sundet<\/p>\n\n\n\n<p>Ur regl 1863: Lotsningsomr\u00e5de fr\u00e5n H\u00e4rvik till Ljugarn, till sj\u00f6ss eller fr\u00e5n sj\u00f6n<\/p>\n\n\n\n<p>1892 byggdes en lotsutkik i H\u00e4rvik<\/p>\n\n\n\n<p>Ur rulla 1774:<\/p>\n\n\n\n<p>Lots\u00e5lderman N. Lundberg<br>Lots: Ol. Thomsson, 34 \u00e5r, 18 tj \u00e5r<br>Utl\u00e4rd lotsdr\u00e4ng Per Olsson, 12 tj \u00e5r<\/p>\n\n\n\n<p>Ur rulla 1818:<\/p>\n\n\n\n<p>Ord lots Th. Olsson och reservlotsdr\u00e4ng J. Jacobsson<\/p>\n\n\n\n<p>F\u00f6ljande taget ur Gotlands Allehanda 1923:<\/p>\n\n\n\n<p>Lotskaptenen i Stockholm och lotsl\u00f6jtnanten i Visby avstyrka i yttrande till lotsstyrelsen den ifr\u00e5gasatta indragningen av H\u00e4rviks lotsplats med h\u00e4nsyn till de ol\u00e4genheter som skulle uppst\u00e5 f\u00f6r s\u00e5v\u00e4l sj\u00f6farten som f\u00f6r lotspersonalen vid Slite och Ljugarn, i h\u00e4ndelse n\u00e5gon avsev\u00e4rd sj\u00f6fart verkligen skulle komma i g\u00e5ng vid Katthammarsvik eller H\u00e4rvik, sedan denna senares lotsplats indragits.<\/p>\n\n\n\n<p>F\u00f6r egen del har lotsl\u00f6itnanten i Visby framh\u00e5llit, att skeppningen fr\u00e5n Katthammarsvik torde komma att avsev\u00e4rt \u00f6kas under de n\u00e4rmaste \u00e5ren. Skeppning torde antagligen \u00e4ven komma att \u00e4ga rum till och fr\u00e5n H\u00e4rviks fiskehamn, till vilkens anl\u00e4ggning medel beviljats av innevarande \u00e5rs riksdag, b\u00e5de under hamnens byggande och sedan den blivit f\u00e4rdig.<\/p>\n\n\n\n<p>Denna torde ocks\u00e5 bli en mycket anlitad n\u00f6dhamn f\u00f6r sm\u00e4rre fartyg, vilka givetvis ofta bli n\u00f6dsakade att anv\u00e4nda lotsbitr\u00e4de. Behovet av lots vid H\u00e4rvik kommer s\u00e5ledes av allt att d\u00f6ma att bli avsev\u00e4rt st\u00f6rre under de n\u00e4rmast kommande \u00e5ren \u00e4n under de senast g\u00e5ngna \u00e5ren.<\/p>\n\n\n\n<p>Vid indragning av H\u00e4rviks lotsplats f\u00e5r dess lotsningsskyldighet \u00f6verflyttas till Slite och Ljugarns lotsplatser. P\u00e5 grund av dessa platsers avl\u00e4gsna l\u00e4ge och personalens f\u00e5talighet kan emellertid n\u00e5gon uppassningsskyldighet vid H\u00e4rvik enligt lotsl\u00f6jtnantens mening n\u00e4ppeligen \u00e5l\u00e4ggas den. Indragningen kommer d\u00e4rf\u00f6r att v\u00e5lla sj\u00f6farten k\u00e4nnbara och kanske \u00f6desdigra nackdelar.<\/p>\n\n\n\n<p>F\u00f6rutom sin speciella uppgift s\u00e5som befattningshavare vid lotsplats utf\u00f6r personalen vid H\u00e4rvik \u00e4ven andra uppdrag i statens tj\u00e4nst. S\u00e5 \u00e4r till exempel lotsf\u00f6rmannen f\u00f6rest\u00e5ndare f\u00f6r de vid platsen anordnade meteorologiska och stormvarningsstationerna.<\/p>\n\n\n\n<p>D\u00e4rj\u00e4mte utf\u00f6r personalen i samband med sin lotsuppassning ett icke betydelsel\u00f6st arbete i tullbevakningens tj\u00e4nst.<\/p>\n\n\n\n<p>Staten torde d\u00e4rf\u00f6r bli n\u00f6dsakad, att, om lotsplatsen blir indragen, likv\u00e4l anst\u00e4lla n\u00e5gon tj\u00e4nsteman p\u00e5 platsen. Och en s\u00e5dan tj\u00e4nsteman torde icke komma att g\u00f6ra staten och s\u00e4rskilt sj\u00f6farten den nytta i f\u00f6rh\u00e5llande till sin kostnad som lotspersonalen g\u00f6r.&nbsp;<em>(H. B. Gotlands allehanda 11 maj 1923)<\/em><\/p>\n\n\n\n<p>H\u00c4NDELSER:<\/p>\n\n\n\n<p>1910 1 nov hade skonertskeppet SALMI under SO storm med brytande sj\u00f6 inlotsats till Katthammarsvik av lotsf\u00f6rman och en lotsl\u00e4rling vid H\u00e4rviks lotsplats samt en fiskare. F\u00f6r visat mod och r\u00e5dighet tillerk\u00e4nnes lotsf\u00f6rman 20 kr och de b\u00e4gge \u00f6vriga 15 kr vardera<\/p>\n\n\n\n<p>1911 9 sep Utgingo 2 lotsar vid H\u00e4rviks lotsplats&nbsp; och en fyrvaktare vid \u00d6stergarns fyrplats och r\u00e4ddade med risk f\u00f6r egna liv ur uppenbar livsfara tvp fiskare som urst\u00e5ndsatta att sj\u00e4lva kunna ta sig i land befinna sig i en liten \u00f6ppen fiskeb\u00e5t p\u00e5 yttre sidan av Brittgrundet. F\u00f6r vid ber. tillf. Visat mod och r\u00e5dighet tilldelades envar av de r\u00e4ddande en bel\u00f6ning av 20 kr.<\/p>\n\n\n\n<p>1920 \u00e5rs b\u00e5tbest\u00e5nd:<br>1 motorb\u00e5t i ek, klink, 7&#215;2 2 hk Standard<br>1 segelb\u00e5t byggd 1915 i ek, klink, 5.5&#215;1.65<\/p>\n\n\n\n<p>Lotsar vid platsen samt \u00f6vriga Lpl<\/p>\n\n\n\n<figure class=\"wp-block-table alignwide\"><table class=\"has-fixed-layout\"><tbody><tr><td><strong>Efternamn<\/strong><\/td><td><strong>F\u00f6rnamn<\/strong><\/td><td><strong>F\u00f6dd<\/strong><\/td><td><strong>I Staten<\/strong><\/td><td><strong>Lpl 1<\/strong><\/td><\/tr><tr><td>Jacobsson<\/td><td>J<\/td><td><\/td><td><\/td><td>H\u00e4rvik<\/td><\/tr><tr><td>Ohlsson<\/td><td>Th<\/td><td><\/td><td><\/td><td>H\u00e4rvik<\/td><\/tr><tr><td>Thomsson<\/td><td>Olof<\/td><td>1740<\/td><td>1756<\/td><td>H\u00e4rvik<\/td><\/tr><tr><td>Olsson<\/td><td>Per<\/td><td><\/td><td>1762<\/td><td>H\u00e4rvik<\/td><\/tr><tr><td>Sandborg<\/td><td>Lars<\/td><td>1844<\/td><td>1878<\/td><td>H\u00e4rvik<\/td><\/tr><tr><td>Jacobsson<\/td><td>Peter<\/td><td>1852<\/td><td>1881<\/td><td>H\u00e4rvik<\/td><\/tr><tr><td>Dahlbeck<\/td><td>Carl<\/td><td>1853<\/td><td>1888<\/td><td>Visby\/H\u00e4rvik<\/td><\/tr><tr><td>Harding<\/td><td>Carl<\/td><td>1876<\/td><td>1901<\/td><td>H\u00e4rvik\/Visby<\/td><\/tr><tr><td>Dahlbeck<\/td><td>Karl<\/td><td>1885<\/td><td>1904<\/td><td>H\u00e4rvik\/Slite\/Visby<\/td><\/tr><tr><td>Ronvik<\/td><td>Arvid<\/td><td>1884<\/td><td>1907<\/td><td>H\u00e4rvik\/Klintehamn<\/td><\/tr><tr><td>Stuxberg<\/td><td>Lars<\/td><td>1895<\/td><td>1916<\/td><td>H\u00e4rvik\/F\u00e5r\u00f6sund<\/td><\/tr><\/tbody><\/table><\/figure>\n","protected":false},"excerpt":{"rendered":"<p>Ahrs lotsplats (Norra Gotland) 57\u00b0 54.948&#8242; N 18\u00b0 56.752&#8242; E startade ca 1760 och lades ned 1877 Ur reglemente f\u00f6r lotsverket 1799 Under lotsuppsyningsman f\u00f6r Gotlands f\u00f6rdelning lyder Ahrs lotsplats med 1 ord lots, 1 utl\u00e4rd reservlotsdr\u00e4ng och 1 lotsl\u00e4rling Lotsplatsen lyder under lots\u00e5lderman i F\u00e5r\u00f6sund. Samma g\u00e4llde 1820.Lotsningsomr\u00e5de: Lotsarna emottaga fr\u00e5n sj\u00f6n att inlotsa,&hellip; <a class=\"more-link\" href=\"https:\/\/lotsarnastockholm.se\/index.php\/ahr-burgsvik-capelshamn-halshuk\/\">Forts\u00e4tt l\u00e4sa <span class=\"screen-reader-text\">Ahr, Burgsvik, Capelshamn, Halshuk, Envik, H\u00e4rvik samt L\u00e4rbro\/Storugns<\/span><\/a><\/p>\n","protected":false},"author":1,"featured_media":0,"parent":0,"menu_order":0,"comment_status":"closed","ping_status":"closed","template":"","meta":{"footnotes":""},"class_list":["post-4731","page","type-page","status-publish","hentry","entry"],"_links":{"self":[{"href":"https:\/\/lotsarnastockholm.se\/index.php\/wp-json\/wp\/v2\/pages\/4731","targetHints":{"allow":["GET"]}}],"collection":[{"href":"https:\/\/lotsarnastockholm.se\/index.php\/wp-json\/wp\/v2\/pages"}],"about":[{"href":"https:\/\/lotsarnastockholm.se\/index.php\/wp-json\/wp\/v2\/types\/page"}],"author":[{"embeddable":true,"href":"https:\/\/lotsarnastockholm.se\/index.php\/wp-json\/wp\/v2\/users\/1"}],"replies":[{"embeddable":true,"href":"https:\/\/lotsarnastockholm.se\/index.php\/wp-json\/wp\/v2\/comments?post=4731"}],"version-history":[{"count":23,"href":"https:\/\/lotsarnastockholm.se\/index.php\/wp-json\/wp\/v2\/pages\/4731\/revisions"}],"predecessor-version":[{"id":7706,"href":"https:\/\/lotsarnastockholm.se\/index.php\/wp-json\/wp\/v2\/pages\/4731\/revisions\/7706"}],"wp:attachment":[{"href":"https:\/\/lotsarnastockholm.se\/index.php\/wp-json\/wp\/v2\/media?parent=4731"}],"curies":[{"name":"wp","href":"https:\/\/api.w.org\/{rel}","templated":true}]}}