{"id":4579,"date":"2023-02-03T15:35:06","date_gmt":"2023-02-03T14:35:06","guid":{"rendered":"https:\/\/lotsarnastockholm.se\/?page_id=4579"},"modified":"2026-01-04T10:20:04","modified_gmt":"2026-01-04T09:20:04","slug":"rullor-och-matriklar","status":"publish","type":"page","link":"https:\/\/lotsarnastockholm.se\/index.php\/rullor-och-matriklar\/","title":{"rendered":"Lotsarna: Rullor och Matriklar"},"content":{"rendered":"\n<p>Arbetet med att sammanst\u00e4lla alla som arbetat inom lotsningsverksamheten har p\u00e5g\u00e5tt sen 2015. De flesta namnen kommer fr\u00e5n rullor och matriklar som har publicerats av Lotsverket och Sj\u00f6fartsverket genom \u00e5ren. Den sista rullan gavs ut 1985 men d\u00e4refter \u00e4r det sv\u00e5rt att forska p\u00e5 ett tidsm\u00e4ssigt vettigt s\u00e4tt.<\/p>\n\n\n\n<p>M\u00e5nga namn har kommit fr\u00e5n Carl-Gustaf Sundius eget forskningsarbete och en hel del fr\u00e5n l\u00e4sare av denna hemsida som kompletterat med fler sl\u00e4ktingar de har koll p\u00e5 och sj\u00e4lv har jag via kyrkb\u00f6cker hittat massor av personer som f\u00e5tt titlar som lots, lotsl\u00e4rling, kronolots, lotsf\u00f6rm\u00e4n lots\u00e5lderm\u00e4n, uppsyningsman, lotsdr\u00e4ng osv. <\/p>\n\n\n\n<p>Tyv\u00e4rr st\u00e5r det inget om n\u00e4r de b\u00f6rjade eller slutade och sanningshalten i uppgifterna kan \u00e4ven det vara tveksamt. Vad gjorde de egentligen p\u00e5 lotsplatsen? Det kan st\u00e5 lots men det \u00e4r inte s\u00e4kert att han hade den rollen. Inf\u00f6r pr\u00e4sten kanske han kunde p\u00e5st\u00e5 det? D\u00e4rf\u00f6r har jag under den sista tiden \u00e4ven inkluderat dagens b\u00e5tm\u00e4n som har den rollen som troligen tidigare lotsdr\u00e4ngar hade. <\/p>\n\n\n\n<p>Ingen vet med s\u00e4kerhet hur skiljelinjerna mellan titlarna gick f\u00f6rr i v\u00e4rlden, vem gjorde vad, n\u00e5gra kanske endast h\u00f6ll utkik efter lotss\u00f6kande fartyg, andra seglade b\u00e5ten \u00e5t lotsen, vissa kanske fick hj\u00e4lpa till att lotsa? Jag har tagit med alla som p\u00e5 n\u00e5got vis har varit inblandade i lotsningsverksamheten och kommer \u00e4ven att l\u00e4gga till de f\u00f6rsta trafikinformationsassistenterna, vilka skulle kunna tolkas som en sentida utkik? <\/p>\n\n\n\n<p>Databasen v\u00e4xer f\u00f6r varje dag och \u00e4r nu uppe i 7500 personer. Samtliga kommer att hamna under de lotsplatser d\u00e4r de arbetat. Vissa har lotsat fr\u00e5n upp till 5 lotsplatser!!<\/p>\n\n\n\n<p><\/p>\n","protected":false},"excerpt":{"rendered":"<p>Arbetet med att sammanst\u00e4lla alla som arbetat inom lotsningsverksamheten har p\u00e5g\u00e5tt sen 2015. De flesta namnen kommer fr\u00e5n rullor och matriklar som har publicerats av Lotsverket och Sj\u00f6fartsverket genom \u00e5ren. Den sista rullan gavs ut 1985 men d\u00e4refter \u00e4r det sv\u00e5rt att forska p\u00e5 ett tidsm\u00e4ssigt vettigt s\u00e4tt. M\u00e5nga namn har kommit fr\u00e5n Carl-Gustaf Sundius&hellip; <a class=\"more-link\" href=\"https:\/\/lotsarnastockholm.se\/index.php\/rullor-och-matriklar\/\">Forts\u00e4tt l\u00e4sa <span class=\"screen-reader-text\">Lotsarna: Rullor och Matriklar<\/span><\/a><\/p>\n","protected":false},"author":1,"featured_media":0,"parent":0,"menu_order":0,"comment_status":"closed","ping_status":"closed","template":"","meta":{"footnotes":""},"class_list":["post-4579","page","type-page","status-publish","hentry","entry"],"_links":{"self":[{"href":"https:\/\/lotsarnastockholm.se\/index.php\/wp-json\/wp\/v2\/pages\/4579","targetHints":{"allow":["GET"]}}],"collection":[{"href":"https:\/\/lotsarnastockholm.se\/index.php\/wp-json\/wp\/v2\/pages"}],"about":[{"href":"https:\/\/lotsarnastockholm.se\/index.php\/wp-json\/wp\/v2\/types\/page"}],"author":[{"embeddable":true,"href":"https:\/\/lotsarnastockholm.se\/index.php\/wp-json\/wp\/v2\/users\/1"}],"replies":[{"embeddable":true,"href":"https:\/\/lotsarnastockholm.se\/index.php\/wp-json\/wp\/v2\/comments?post=4579"}],"version-history":[{"count":4,"href":"https:\/\/lotsarnastockholm.se\/index.php\/wp-json\/wp\/v2\/pages\/4579\/revisions"}],"predecessor-version":[{"id":7532,"href":"https:\/\/lotsarnastockholm.se\/index.php\/wp-json\/wp\/v2\/pages\/4579\/revisions\/7532"}],"wp:attachment":[{"href":"https:\/\/lotsarnastockholm.se\/index.php\/wp-json\/wp\/v2\/media?parent=4579"}],"curies":[{"name":"wp","href":"https:\/\/api.w.org\/{rel}","templated":true}]}}