{"id":4495,"date":"2023-01-17T18:50:02","date_gmt":"2023-01-17T17:50:02","guid":{"rendered":"https:\/\/lotsarnastockholm.se\/?page_id=4495"},"modified":"2026-03-13T19:55:28","modified_gmt":"2026-03-13T18:55:28","slug":"stedsholmens-lotsplats","status":"publish","type":"page","link":"https:\/\/lotsarnastockholm.se\/index.php\/stedsholmens-lotsplats\/","title":{"rendered":"Stedsholmen Lotsplats"},"content":{"rendered":"\n<p class=\"has-text-align-center\"><a href=\"https:\/\/www.google.com\/maps\/place\/57%C2%B051'57.4%22N+16%C2%B049'05.7%22E\/@57.8659361,16.8160613,17z\/data=!3m1!4b1!4m4!3m3!8m2!3d57.8659333!4d16.81825\">57\u00b0 51.956&#8242; N 16\u00b0 49.095&#8242; E<\/a><\/p>\n\n\n\n<figure class=\"wp-block-image size-full\"><a href=\"https:\/\/lotsarnastockholm.se\/wp-content\/uploads\/2023\/01\/Stadsholmen_3.jpg\"><img fetchpriority=\"high\" decoding=\"async\" width=\"538\" height=\"350\" src=\"https:\/\/lotsarnastockholm.se\/wp-content\/uploads\/2023\/01\/Stadsholmen_3.jpg\" alt=\"\" class=\"wp-image-4496\" srcset=\"https:\/\/lotsarnastockholm.se\/wp-content\/uploads\/2023\/01\/Stadsholmen_3.jpg 538w, https:\/\/lotsarnastockholm.se\/wp-content\/uploads\/2023\/01\/Stadsholmen_3-300x195.jpg 300w\" sizes=\"(max-width: 538px) 100vw, 538px\" \/><\/a><figcaption class=\"wp-element-caption\">Foto fr\u00e5n Blakusten.se<\/figcaption><\/figure>\n\n\n\n<figure class=\"wp-block-gallery has-nested-images columns-default is-cropped wp-block-gallery-1 is-layout-flex wp-block-gallery-is-layout-flex\">\n<figure class=\"wp-block-image size-large\"><a href=\"https:\/\/lotsarnastockholm.se\/wp-content\/uploads\/2024\/01\/Stedsholmen-Byn.jpg\"><img decoding=\"async\" width=\"1024\" height=\"768\" data-id=\"6555\" src=\"https:\/\/lotsarnastockholm.se\/wp-content\/uploads\/2024\/01\/Stedsholmen-Byn-1024x768.jpg\" alt=\"\" class=\"wp-image-6555\" srcset=\"https:\/\/lotsarnastockholm.se\/wp-content\/uploads\/2024\/01\/Stedsholmen-Byn-1024x768.jpg 1024w, https:\/\/lotsarnastockholm.se\/wp-content\/uploads\/2024\/01\/Stedsholmen-Byn-300x225.jpg 300w, https:\/\/lotsarnastockholm.se\/wp-content\/uploads\/2024\/01\/Stedsholmen-Byn-768x576.jpg 768w, https:\/\/lotsarnastockholm.se\/wp-content\/uploads\/2024\/01\/Stedsholmen-Byn-1536x1152.jpg 1536w, https:\/\/lotsarnastockholm.se\/wp-content\/uploads\/2024\/01\/Stedsholmen-Byn-1568x1176.jpg 1568w, https:\/\/lotsarnastockholm.se\/wp-content\/uploads\/2024\/01\/Stedsholmen-Byn.jpg 2048w\" sizes=\"(max-width: 1024px) 100vw, 1024px\" \/><\/a><figcaption class=\"wp-element-caption\">Byn<\/figcaption><\/figure>\n\n\n\n<figure class=\"wp-block-image size-large\"><a href=\"https:\/\/lotsarnastockholm.se\/wp-content\/uploads\/2024\/01\/Stedsholmen-Lp-Boden.jpg\"><img decoding=\"async\" width=\"1024\" height=\"768\" data-id=\"6556\" src=\"https:\/\/lotsarnastockholm.se\/wp-content\/uploads\/2024\/01\/Stedsholmen-Lp-Boden-1024x768.jpg\" alt=\"\" class=\"wp-image-6556\" srcset=\"https:\/\/lotsarnastockholm.se\/wp-content\/uploads\/2024\/01\/Stedsholmen-Lp-Boden-1024x768.jpg 1024w, https:\/\/lotsarnastockholm.se\/wp-content\/uploads\/2024\/01\/Stedsholmen-Lp-Boden-300x225.jpg 300w, https:\/\/lotsarnastockholm.se\/wp-content\/uploads\/2024\/01\/Stedsholmen-Lp-Boden-768x576.jpg 768w, https:\/\/lotsarnastockholm.se\/wp-content\/uploads\/2024\/01\/Stedsholmen-Lp-Boden-1536x1152.jpg 1536w, https:\/\/lotsarnastockholm.se\/wp-content\/uploads\/2024\/01\/Stedsholmen-Lp-Boden-1568x1176.jpg 1568w, https:\/\/lotsarnastockholm.se\/wp-content\/uploads\/2024\/01\/Stedsholmen-Lp-Boden.jpg 2048w\" sizes=\"(max-width: 1024px) 100vw, 1024px\" \/><\/a><figcaption class=\"wp-element-caption\">Boden<\/figcaption><\/figure>\n\n\n\n<figure class=\"wp-block-image size-large\"><a href=\"https:\/\/lotsarnastockholm.se\/wp-content\/uploads\/2024\/01\/Stedsholmen-Lp-Bryggor.jpg\"><img loading=\"lazy\" decoding=\"async\" width=\"1024\" height=\"768\" data-id=\"6557\" src=\"https:\/\/lotsarnastockholm.se\/wp-content\/uploads\/2024\/01\/Stedsholmen-Lp-Bryggor-1024x768.jpg\" alt=\"\" class=\"wp-image-6557\" srcset=\"https:\/\/lotsarnastockholm.se\/wp-content\/uploads\/2024\/01\/Stedsholmen-Lp-Bryggor-1024x768.jpg 1024w, https:\/\/lotsarnastockholm.se\/wp-content\/uploads\/2024\/01\/Stedsholmen-Lp-Bryggor-300x225.jpg 300w, https:\/\/lotsarnastockholm.se\/wp-content\/uploads\/2024\/01\/Stedsholmen-Lp-Bryggor-768x576.jpg 768w, https:\/\/lotsarnastockholm.se\/wp-content\/uploads\/2024\/01\/Stedsholmen-Lp-Bryggor-1536x1152.jpg 1536w, https:\/\/lotsarnastockholm.se\/wp-content\/uploads\/2024\/01\/Stedsholmen-Lp-Bryggor-1568x1176.jpg 1568w, https:\/\/lotsarnastockholm.se\/wp-content\/uploads\/2024\/01\/Stedsholmen-Lp-Bryggor.jpg 2048w\" sizes=\"(max-width: 1024px) 100vw, 1024px\" \/><\/a><figcaption class=\"wp-element-caption\">Btyggorna<\/figcaption><\/figure>\n\n\n\n<figure class=\"wp-block-image size-large\"><a href=\"https:\/\/lotsarnastockholm.se\/wp-content\/uploads\/2024\/01\/Stedsholmen-utkiken-scaled.jpg\"><img loading=\"lazy\" decoding=\"async\" width=\"768\" height=\"1024\" data-id=\"6558\" src=\"https:\/\/lotsarnastockholm.se\/wp-content\/uploads\/2024\/01\/Stedsholmen-utkiken-768x1024.jpg\" alt=\"\" class=\"wp-image-6558\" srcset=\"https:\/\/lotsarnastockholm.se\/wp-content\/uploads\/2024\/01\/Stedsholmen-utkiken-768x1024.jpg 768w, https:\/\/lotsarnastockholm.se\/wp-content\/uploads\/2024\/01\/Stedsholmen-utkiken-225x300.jpg 225w, https:\/\/lotsarnastockholm.se\/wp-content\/uploads\/2024\/01\/Stedsholmen-utkiken-1152x1536.jpg 1152w, https:\/\/lotsarnastockholm.se\/wp-content\/uploads\/2024\/01\/Stedsholmen-utkiken-1536x2048.jpg 1536w, https:\/\/lotsarnastockholm.se\/wp-content\/uploads\/2024\/01\/Stedsholmen-utkiken-1568x2091.jpg 1568w, https:\/\/lotsarnastockholm.se\/wp-content\/uploads\/2024\/01\/Stedsholmen-utkiken-scaled.jpg 1920w\" sizes=\"(max-width: 768px) 100vw, 768px\" \/><\/a><figcaption class=\"wp-element-caption\">Utkiken<\/figcaption><\/figure>\n<\/figure>\n\n\n\n<p>Lotsplatsen grundad 1642 och nedlagd 1 oktober 1964. Tillh\u00f6rde S\u00f6dra distriktet och V\u00e4sterviks f\u00f6rdelning till 1880 d\u00e4refter Norrk\u00f6pings f\u00f6rdelning.<\/p>\n\n\n\n<p>P\u00e5 St\u00e4dsholmarna har under \u00e5ren fiskare, lotsar samt tullare varit stationerade. I ett brev fr\u00e5n Johan III till fogden i Tjust \u00e5r 1571 definieras St\u00e4dsholmama som ett styrmannshemman. 125 \u00e5r senare finns uppgifter om att 2 lotsar, 1 utl\u00e4rd lotsdr\u00e4ng och 1 lotsdr\u00e4ng i l\u00e4ra tj\u00e4nstgjorde p\u00e5 St\u00e4dsholmen.<\/p>\n\n\n\n<p>Tas upp som styremansort 1601 men ej 1582<\/p>\n\n\n\n<p>Som s\u00e5 m\u00e5nga andra gamla lotsplatser n\u00e4mns St\u00e4dsholmarna ofta i \u00e4ldre litteratur. Nedan f\u00f6ljer tv\u00e5 citat fr\u00e5n \u00e5lderstyrmannen Johan M\u00e5nson (1644) och Gustaf Klint (1839):<\/p>\n\n\n\n<p><em>\u201dTorr\u00f6 ligger tre mijl nordan f\u00f6r st\u00e4ssholmen\u201d. \u201dIfr\u00e5n sj\u00f6n tillst\u00f6ta f\u00f6ljande inlopp, nemligen:<\/em><\/p>\n\n\n\n<p><em>1: S\u00f6der om Stedsholmen. Detta farvatten g\u00e5r NVtN, (emot tvenne k\u00e4nnbara l\u00e5ngslutta skogsbev\u00e4xta h\u00f6jder p\u00e5 fasta landet,) 4 \u00e1 5 kabbel l\u00e4ngder vester om kl\u00e4pparne och f\u00f6ljer sedan Sk\u00e4rg\u00e5rds-leden till Ankars\u00e4ttningen utmed Gamla Stedsholmen, p\u00e5 5 \u00e1 8 f:r singels med lera<\/em><\/p>\n\n\n\n<p><em>-Utmed Storesk\u00e4r (n\u00e4rmast vester om Stedsholmen) \u00e4r detta farvatten mycket tr\u00e5ngt.<\/em><\/p>\n\n\n\n<p><em>-Till ytterligare r\u00e4ttelse vid ang\u00f6randet af bem\u00e4lte inlopp kan anm\u00e4rkas, att Hassel\u00f6n \u00e4r n\u00e5gorlunda h\u00f6g och skogsbev\u00e4xt, samt har en dal p\u00e5 midten af \u00f6n<\/em><\/p>\n\n\n\n<p><em>2: Norr om Stedsholmen f\u00f6rbi T\u00f6rnsk\u00e4r, som en spira med ett hvitm\u00e5ladt kors.<\/em><\/p>\n\n\n\n<p><em>-Detta inlopp g\u00e5r VNV, samt b\u00f6jer vid Sk\u00e4rg\u00e5rds leden SSV UPP till ofanbem\u00e4lte Ankars\u00e4ttning.<\/em><\/p>\n\n\n\n<p>N\u00e4mns som \u201dStedsholm\u201d i Petter Gedda\u2019s sj\u00f6karteatlas fr\u00e5n 1694 och 1695.<\/p>\n\n\n\n<p>\u00c5r 1697 fanns 2 lotsar, 1 utl\u00e4rd lotsdr\u00e4ng och 1 lotsdr\u00e4ng i l\u00e4ra p\u00e5 St\u00e4dsholmen.<\/p>\n\n\n\n<figure class=\"wp-block-image size-full\"><a href=\"https:\/\/lotsarnastockholm.se\/wp-content\/uploads\/2023\/01\/karta.png\"><img loading=\"lazy\" decoding=\"async\" width=\"472\" height=\"455\" src=\"https:\/\/lotsarnastockholm.se\/wp-content\/uploads\/2023\/01\/karta.png\" alt=\"\" class=\"wp-image-4497\" srcset=\"https:\/\/lotsarnastockholm.se\/wp-content\/uploads\/2023\/01\/karta.png 472w, https:\/\/lotsarnastockholm.se\/wp-content\/uploads\/2023\/01\/karta-300x289.png 300w\" sizes=\"(max-width: 472px) 100vw, 472px\" \/><\/a><figcaption class=\"wp-element-caption\">Karta fr\u00e5n 1736<\/figcaption><\/figure>\n\n\n\n<p>Ur rulla 1736:<br>Lots Hans H\u00e5kansson 62 \u00e5r, i tj 1717<br>Lots Pehr Sunesson, 34 \u00e5r i tj 1734<br>Lotsdr\u00e4ng Swen Andersson i tj 1731<br>Lotsdr\u00e4ng Pehr M\u00e5nsson i tj 1734<br>Lotsl\u00e4rling J\u00f6ns Bengtsson<\/p>\n\n\n\n<p>Ur rulla 1744:<br>Lotsar P\u00e4r Sunesson och Sven Andersson<br>Lotsdr\u00e4ng J\u00f6ns B\u00e4ngtsson<\/p>\n\n\n\n<p>Skattefisken \u00e5r 1772 var: betalades troligen sin skatt i kontanter (4 \u00e5bor).<\/p>\n\n\n\n<p>\u00d6n har tillh\u00f6rt g\u00e5rden Fogelvik vid Valdemarsviken och betraktades som ett fiskel\u00e4ger innan och under 1700-talet. Namnet har inte f\u00f6r\u00e4ndrats n\u00e4mnv\u00e4rt under \u00e5ren.<\/p>\n\n\n\n<p>Ur rulla 1774:<br>Lots Anders Botvidsson 42 \u00e5r och 12 tj \u00e5r<br>Lots Anders Svensson 12 tj \u00e5r<br>Utl\u00e4rd lotsdr\u00e4ng Per Hansson 39 \u00e5r och 8 tj \u00e5r<br>Utl\u00e4rd lotsdr\u00e4ng Per Botvidsson 26 \u00e5r och 4 tj \u00e5r<br>Utl\u00e4rd lotsdr\u00e4ng Bengt Svensson 3 tj \u00e5r<\/p>\n\n\n\n<p>P\u00e5 karta fr\u00e5n 1779: Stadsholmen<\/p>\n\n\n\n<p>Enligt reglemente f\u00f6r lotsverket 1799 ska personalen best\u00e5 av: S\u00f6dra lotsdistriktet, under lotsuppassning f\u00f6r V\u00e4sterviks f\u00f6rdelning: Stedsholmens lotsplats: 1 lots\u00e5lderman, 1 ordinarie lots, 2 utl\u00e4rda ordinarie lotsdr\u00e4ngar, 1 utl\u00e4rd reservlotsdr\u00e4ng, 1 lotsl\u00e4rling. Lotsplatsen lyder under Stedsholmens lots\u00e5lderman<\/p>\n\n\n\n<p>1817 Stedsholma.<\/p>\n\n\n\n<p>Ur rulla 1817:<br>Ord Lots PK Timasson<br>Ord lotsdr\u00e4ng S Andersson<br>Reservlotsdr\u00e4ng J Timasson<br>Lotsl\u00e4rling P Johansson<\/p>\n\n\n\n<p>Enligt 1820 \u00e5rs reglemente, 1 m\u00e4sterlots, 2 secundalotsar, 1 lotsl\u00e4rling. Lots uppassa vid byn och mottaga de fr\u00e5n sj\u00f6n kommande fartyg utanf\u00f6r grunden. Enligt 1820 \u00e5rs f\u00f6rteckning: Till Torr\u00f6, Id\u00f6sund, Vind\u00f6, Lerboholm, Hovrika, Ed, Casimirsborgs glasbruk, sj\u00f6ss eller ifr\u00e5n.<\/p>\n\n\n\n<p>P\u00e5 St\u00e4dsholmarna fanns tom 1832 en tullpostering som lydde under Sp\u00e5r\u00f6sund tullstation. 1832 flyttades tullposteringen till Slad\u00f6.<\/p>\n\n\n\n<p>Ur \u201dDen Svenske Lotsen 1853\u201d<br><em>\u201dD\u00e5 man angjort och hinner att ta lotsen ombord utanf\u00f6r kl\u00e4ppen har man med tillb\u00f6rlig f\u00f6rsiktighet iakttagit vid Storb\u00e5dans passerande sedan gott rum att dreja bi i Kn\u00f6ldjupet. Lots f\u00e5s ifr\u00e5n Stedsholmarna och m\u00f6ta utanf\u00f6r Stora Kl\u00e4ppen men skall egentligen passa upp vid T\u00e4rnkullen.<\/em><\/p>\n\n\n\n<p><em>Ett farvatten g\u00e5r ifr\u00e5n Kn\u00f6ldjupet genom R\u00e5g\u00f6djupet till Wievassen vid Loftahammar samt genom R\u00e5g\u00f6 sk\u00e4rg\u00e5rd till fj\u00e4rden Syrsen och genom Gudingsfj\u00e4rden till Id\u00f6sund och Westervik till vilka leder lotsbitr\u00e4de f\u00e5s ifr\u00e5n Stedholmen. Samma lots f\u00f6ra fartyg genom den allm\u00e4nna sk\u00e4rg\u00e5rdsleden till Torr\u00f6, Id\u00f6sund och Gr\u00e4ns\u00f6sund\u201d<\/em><\/p>\n\n\n\n<p>From 1862 till 1880 l\u00f6d lotsplatsen under S\u00f6dra distriktet.<\/p>\n\n\n\n<p>Ur reglementet fr\u00e5n 1863: &nbsp;Fr\u00e5n Stedsholmen till Torr\u00f6 respektive Id\u00f6sund, Vind\u00f6, Lerboholm, Hofrika, Ed, Kasimirsborg, till sj\u00f6ss eller fr\u00e5n sj\u00f6n.<\/p>\n\n\n\n<p>1880 fanns 4 fiskare med 240 sk\u00f6tar och 4 b\u00e5tar.<\/p>\n\n\n\n<p>1881 uppf\u00f6rdes (eller renoverades) ett uppassningshus vid lotsplatsen.<\/p>\n\n\n\n<p>1883 flyttades lotsutkiken fr\u00e5n Torr\u00f6 till St\u00e4dsholmen.<\/p>\n\n\n\n<p>Ur lotsledsf\u00f6rteckning: Lots upp p\u00e5 Stedsholmen och m\u00f6ta fr\u00e5n sj\u00f6n kommande fartyg utanf\u00f6r grunden och inomsk\u00e4rs i segelleden.<\/p>\n\n\n\n<p>1915 genomf\u00f6rdes 93 lotsningar av lotsarna p\u00e5 St\u00e4dsholmen<\/p>\n\n\n\n<p>B\u00e5tbest\u00e5ndet 1920:<br>1 motorb\u00e5t, byggd i ek!912, 7,40 * 2,30, 6 hk S\u00f6derk\u00f6ping<br>1 motorb\u00e5t, byggd i ekl9i7, 7, lo * 2,40, 4 hk V\u00e4stervik<br>1 segelb\u00e5t, byggd i ek 1902, 7,20 * 1,90<\/p>\n\n\n\n<p>1921 byggdes b\u00e5thamnen om<\/p>\n\n\n\n<p>1924 gick 4 barn 9-12 \u00e5r gamla i lotsbarnskola under 117 dagar.<\/p>\n\n\n\n<p>1931 fick lotsplatsen telefon<\/p>\n\n\n\n<p>Den 7 april 1937 erh\u00f6ll Lotsstyrelsen lagfart p\u00e5 Fastigheten P om 0,2995 hektar. K\u00f6peavtal skrevs 14 november, 1 december 1934 samt ett till\u00e4gg den 12 augusti 1935. Kungl Maj:t godk\u00e4nde k\u00f6peavtalet 26 juli 1935.<\/p>\n\n\n\n<p>1938 byggdes en ny vedbod<\/p>\n\n\n\n<p>1942 byggdes en ny slipb\u00e4dd<\/p>\n\n\n\n<p>1945 om- och tillbyggnad av lotspassningshuset. Oml\u00e4ggning av b\u00e5tslip samt en ny sj\u00f6bod<\/p>\n\n\n\n<p>1950 genomf\u00f6rdes 159 lotsningar av lotsarna p\u00e5 Stadsholmen och 14 \u00e5r senare lades lotsningsverksamheten ned.<\/p>\n\n\n\n<p>Lotsuppassning dygnet runt from 1953-07-01<\/p>\n\n\n\n<p>N\u00e4r lotsplatsen drogs in 1964 flyttade personalen till Id\u00f6 lotsplats. Herman Stenberg som var \u00f6verlots p\u00e5 St\u00e4dsholmen kunde d\u00e5 konstatera att han var den fj\u00e4rde generationen i samma sl\u00e4kt som utf\u00f6rt lotsningar. Hans farfarsfar kom till St\u00e4dsholmen 1834.<\/p>\n\n\n\n<p>H\u00c4NDELSER<\/p>\n\n\n\n<p>1874 f\u00f6rlorade kronolotsen A. J. J-n sin tjensteb\u00e5t under lotsning av skonerten RAPID. Vid Westerviks R\u00e5dstuvsr\u00e4tt den 6 juli 1874 \u201dutr\u00f6ntes, att b\u00e5ten g\u00e5tt f\u00f6rlorad under lotsning, storm och sn\u00f6tjocka samt utan n\u00e5gons f\u00f6rv\u00e5llande\u201d.<\/p>\n\n\n\n<p>Den 20 maj 1876 t\u00f6rnade en \u00e5ngare lastad med projektiler mot ett hittills ok\u00e4nt grund i farleden v\u00e4ster om lotsplatsen. Skadorna blev ringa och kronolots fanns ombord.<\/p>\n\n\n\n<p>Den 11 mars 1902 utgick fr\u00e5n St\u00e4dsholmens lotsplats 1 lots, 1 extra lots och 2 lotsl\u00e4rlingar i \u00f6ppen b\u00e5t under NV storm med h\u00f6g sj\u00f6 och m\u00f6rker och l\u00e4mnat lots till s\/s SYDKUSTEN som d\u00e4refter inlotsades till ankars\u00e4ttning innanf\u00f6r St\u00e4dsholmen. S\u00e5som bel\u00f6ning tilldelades lotsen 40 kr och envar av de \u00f6vriga i b\u00e5tlaget 30 kr.<\/p>\n\n\n\n<p>Den 13 mars 1908 l\u00e4mnade lotsf\u00f6rman och 2 lotsar fr\u00e5n Stedsholmens lotsplats under sv\u00e5r sn\u00f6storm och h\u00f6g sj\u00f6 utanf\u00f6r Storkl\u00e4ppens fyrplats lotsbitr\u00e4de \u00e5t svenska s\/s KNIPPLA. F\u00f6r deras vid ifr\u00e5gavarande tillf\u00e4lle visade mod och raskhet tilldelades lotsf\u00f6rmannen 25 kr och vardera lotsen 20 kr.<\/p>\n\n\n\n<p>1942 blev \u00f6verlotsen Herman Stenberg vittne till ett torpedanfall av den ryska ub\u00e5ten SC3O6 mot S\/S Galeon. Torpeden missade och detonerade mot Kalb\u00e5den utanf\u00f6r Grind\u00f6.<\/p>\n\n\n\n<p>Lotsar vid Stedsholmens Lpl<\/p>\n\n\n\n<figure class=\"wp-block-table alignwide\"><table class=\"has-fixed-layout\"><tbody><tr><td><strong>Efternamn<\/strong><\/td><td><strong>F\u00f6rnamn<\/strong><\/td><td><strong>F\u00f6dd<\/strong><\/td><td><strong>I Staten<\/strong><\/td><td><strong>Lpl 1<\/strong><\/td><td><strong>Lpl 2<\/strong><\/td><td><strong>Lpl 3<\/strong><\/td><td><strong>Lpl 4<\/strong><\/td><\/tr><tr><td>Andersson<\/td><td>S<\/td><td><\/td><td><\/td><td>Stedsholmen<\/td><td><\/td><td><\/td><td><\/td><\/tr><tr><td>Johansson<\/td><td>P<\/td><td><\/td><td><\/td><td>Stedsholmen<\/td><td><\/td><td><\/td><td><\/td><\/tr><tr><td>Timasson<\/td><td>P<\/td><td><\/td><td><\/td><td>Stedsholmen<\/td><td><\/td><td><\/td><td><\/td><\/tr><tr><td>Timasson<\/td><td>J<\/td><td><\/td><td><\/td><td>Stedsholmen<\/td><td><\/td><td><\/td><td><\/td><\/tr><tr><td>H\u00e5kansson<\/td><td>Hans<\/td><td>1674<\/td><td>1717<\/td><td>Stedsholmen<\/td><td><\/td><td><\/td><td><\/td><\/tr><tr><td>Andersson<\/td><td>Sven<\/td><td><\/td><td>1731<\/td><td>Stedsholmen<\/td><td><\/td><td><\/td><td><\/td><\/tr><tr><td>M\u00e5nsson<\/td><td>Pehr<\/td><td><\/td><td>1734<\/td><td>Stedsholmen<\/td><td><\/td><td><\/td><td><\/td><\/tr><tr><td>Sunesson<\/td><td>P\u00e4r<\/td><td>1702<\/td><td>1734<\/td><td>Stedsholmen<\/td><td><\/td><td><\/td><td><\/td><\/tr><tr><td>B\u00e4ngtsson<\/td><td>J\u00f6ns<\/td><td><\/td><td>1736<\/td><td>Stedsholmen<\/td><td><\/td><td><\/td><td><\/td><\/tr><tr><td>Botvidsson<\/td><td>Anders<\/td><td>1732<\/td><td>1762<\/td><td>Stedsholmen<\/td><td><\/td><td><\/td><td><\/td><\/tr><tr><td>Svensson<\/td><td>Anders<\/td><td><\/td><td>1762<\/td><td>Stedsholmen<\/td><td><\/td><td><\/td><td><\/td><\/tr><tr><td>Hansson<\/td><td>Per<\/td><td>1735<\/td><td>1766<\/td><td>Stedsholmen<\/td><td><\/td><td><\/td><td><\/td><\/tr><tr><td>Botvidsson<\/td><td>Per<\/td><td>1748<\/td><td>1770<\/td><td>Stedsholmen<\/td><td><\/td><td><\/td><td><\/td><\/tr><tr><td>Svensson<\/td><td>Bengt<\/td><td><\/td><td>1771<\/td><td>Stedsholmen<\/td><td><\/td><td><\/td><td><\/td><\/tr><tr><td>\u00d6hlin<\/td><td>Anders<\/td><td>1843<\/td><td>1856<\/td><td>Stedsholmen<\/td><td><\/td><td><\/td><td><\/td><\/tr><tr><td>Holm<\/td><td>Anders<\/td><td>1840<\/td><td>1860<\/td><td>Stedsholmen<\/td><td><\/td><td><\/td><td><\/td><\/tr><tr><td>Stenberg<\/td><td>Sven<\/td><td>1847<\/td><td>1864<\/td><td>Stedsholmen<\/td><td><\/td><td><\/td><td><\/td><\/tr><tr><td>S\u00f6derlund<\/td><td>Johan<\/td><td>1845<\/td><td>1872<\/td><td>Stedsholmen<\/td><td><\/td><td><\/td><td><\/td><\/tr><tr><td>\u00d6hlin<\/td><td>Carl<\/td><td>1866<\/td><td>1886<\/td><td>Stedsholmen<\/td><td><\/td><td><\/td><td><\/td><\/tr><tr><td>Holm<\/td><td>Eggert<\/td><td>1874<\/td><td>1891<\/td><td>Stedsholmen<\/td><td><\/td><td><\/td><td><\/td><\/tr><tr><td>Stenberg<\/td><td>Axel<\/td><td>1874<\/td><td>1892<\/td><td>Stedsholmen<\/td><td><\/td><td><\/td><td><\/td><\/tr><tr><td>Stenberg<\/td><td>Herman<\/td><td>1877<\/td><td>1898<\/td><td>Stedsholmen<\/td><td><\/td><td><\/td><td><\/td><\/tr><tr><td>Edlund<\/td><td>Fritz<\/td><td>1893<\/td><td>1912<\/td><td>Stedsholmen<\/td><td><\/td><td><\/td><td><\/td><\/tr><tr><td>Rydberg<\/td><td>Johan<\/td><td>1898<\/td><td>1914<\/td><td>Stedsholmen<\/td><td><\/td><td><\/td><td><\/td><\/tr><tr><td>Juhlin<\/td><td>Nils<\/td><td>1901<\/td><td>1915<\/td><td>Stedsholmen<\/td><td><\/td><td><\/td><td><\/td><\/tr><tr><td>Holm<\/td><td>Einar<\/td><td>1906<\/td><td>1920<\/td><td>Stedsholmen<\/td><td><\/td><td><\/td><td><\/td><\/tr><tr><td>Eriksson<\/td><td>Nils<\/td><td>1904<\/td><td>1926<\/td><td>Stedsholmen<\/td><td>Norrk\u00f6ping<\/td><td>Oxel\u00f6sund<\/td><td><\/td><\/tr><tr><td>Eriksson<\/td><td>Allan<\/td><td>1908<\/td><td>1927<\/td><td>H\u00e4radsk\u00e4r<\/td><td>Stedsholmen<\/td><td>Id\u00f6<\/td><td>V\u00e4stervik<\/td><\/tr><tr><td>Stenberg<\/td><td>Sven<\/td><td>1913<\/td><td>1932<\/td><td>Stedsholmen<\/td><td>Id\u00f6<\/td><td>V\u00e4stervik<\/td><td><\/td><\/tr><tr><td>Stenberg<\/td><td>Sten<\/td><td>1915<\/td><td>1939<\/td><td>Stedsholmen<\/td><td>Id\u00f6<\/td><td>V\u00e4stervik<\/td><td><\/td><\/tr><tr><td>T\u00f6rnquist<\/td><td>Arvid<\/td><td>1920<\/td><td>1952<\/td><td>Stedsholmen<\/td><td>Id\u00f6<\/td><td>V\u00e4stervik<\/td><td>Oskarshamn<\/td><\/tr><tr><td>Carlsson<\/td><td>Yngve<\/td><td>1920<\/td><td>1954<\/td><td>Stedsholmen<\/td><td>S\u00e4v\u00f6sund<\/td><td>S\u00f6dert\u00e4lje<\/td><td><\/td><\/tr><tr><td><\/td><td><\/td><td><\/td><td>Platsen ende b\u00e5tman<\/td><td>Anst\u00e4lld som b\u00e5tman 1 juli 1959<\/td><td><\/td><td><\/td><td><\/td><\/tr><tr><td>Fredriksson<\/td><td>Sven<\/td><td>1935<\/td><td>1957<\/td><td>Sandhamn<\/td><td>Stedsholmen<\/td><td>Oxel\u00f6sund<\/td><td><\/td><\/tr><\/tbody><\/table><\/figure>\n","protected":false},"excerpt":{"rendered":"<p>57\u00b0 51.956&#8242; N 16\u00b0 49.095&#8242; E Lotsplatsen grundad 1642 och nedlagd 1 oktober 1964. Tillh\u00f6rde S\u00f6dra distriktet och V\u00e4sterviks f\u00f6rdelning till 1880 d\u00e4refter Norrk\u00f6pings f\u00f6rdelning. P\u00e5 St\u00e4dsholmarna har under \u00e5ren fiskare, lotsar samt tullare varit stationerade. I ett brev fr\u00e5n Johan III till fogden i Tjust \u00e5r 1571 definieras St\u00e4dsholmama som ett styrmannshemman. 125 \u00e5r&hellip; <a class=\"more-link\" href=\"https:\/\/lotsarnastockholm.se\/index.php\/stedsholmens-lotsplats\/\">Forts\u00e4tt l\u00e4sa <span class=\"screen-reader-text\">Stedsholmen Lotsplats<\/span><\/a><\/p>\n","protected":false},"author":1,"featured_media":0,"parent":0,"menu_order":0,"comment_status":"closed","ping_status":"closed","template":"","meta":{"footnotes":""},"class_list":["post-4495","page","type-page","status-publish","hentry","entry"],"_links":{"self":[{"href":"https:\/\/lotsarnastockholm.se\/index.php\/wp-json\/wp\/v2\/pages\/4495","targetHints":{"allow":["GET"]}}],"collection":[{"href":"https:\/\/lotsarnastockholm.se\/index.php\/wp-json\/wp\/v2\/pages"}],"about":[{"href":"https:\/\/lotsarnastockholm.se\/index.php\/wp-json\/wp\/v2\/types\/page"}],"author":[{"embeddable":true,"href":"https:\/\/lotsarnastockholm.se\/index.php\/wp-json\/wp\/v2\/users\/1"}],"replies":[{"embeddable":true,"href":"https:\/\/lotsarnastockholm.se\/index.php\/wp-json\/wp\/v2\/comments?post=4495"}],"version-history":[{"count":6,"href":"https:\/\/lotsarnastockholm.se\/index.php\/wp-json\/wp\/v2\/pages\/4495\/revisions"}],"predecessor-version":[{"id":7810,"href":"https:\/\/lotsarnastockholm.se\/index.php\/wp-json\/wp\/v2\/pages\/4495\/revisions\/7810"}],"wp:attachment":[{"href":"https:\/\/lotsarnastockholm.se\/index.php\/wp-json\/wp\/v2\/media?parent=4495"}],"curies":[{"name":"wp","href":"https:\/\/api.w.org\/{rel}","templated":true}]}}