{"id":4466,"date":"2023-01-15T20:51:45","date_gmt":"2023-01-15T19:51:45","guid":{"rendered":"https:\/\/lotsarnastockholm.se\/?page_id=4466"},"modified":"2026-03-24T20:32:30","modified_gmt":"2026-03-24T19:32:30","slug":"vasterviks-lotsplats","status":"publish","type":"page","link":"https:\/\/lotsarnastockholm.se\/index.php\/vasterviks-lotsplats\/","title":{"rendered":"V\u00e4stervik Lotsplats"},"content":{"rendered":"\n<p class=\"has-text-align-center\"><a href=\"https:\/\/www.google.com\/maps\/place\/57%C2%B044'42.4%22N+16%C2%B040'02.6%22E\/@57.7451028,16.6652113,17z\/data=!3m1!4b1!4m4!3m3!8m2!3d57.7451!4d16.6674\">57\u00b0 44.706&#8242; N 16\u00b0 40.044&#8242; E<\/a><\/p>\n\n\n\n<figure class=\"wp-block-image size-full\"><a href=\"https:\/\/lotsarnastockholm.se\/wp-content\/uploads\/2023\/01\/Lotsplatser_01.png\"><img fetchpriority=\"high\" decoding=\"async\" width=\"713\" height=\"364\" src=\"https:\/\/lotsarnastockholm.se\/wp-content\/uploads\/2023\/01\/Lotsplatser_01.png\" alt=\"\" class=\"wp-image-4467\" srcset=\"https:\/\/lotsarnastockholm.se\/wp-content\/uploads\/2023\/01\/Lotsplatser_01.png 713w, https:\/\/lotsarnastockholm.se\/wp-content\/uploads\/2023\/01\/Lotsplatser_01-300x153.png 300w\" sizes=\"(max-width: 713px) 100vw, 713px\" \/><\/a><figcaption class=\"wp-element-caption\">Del av sj\u00f6kort fr\u00e5n sent 1600-tal \u2013 Carte de la Mer Baltique, contenant les bancs, isles et costes comprises entre L\u2019Isles de Zelande et l\u2019extreme du Golfe de Finlande. H. van Loon, sannolikt utgiven av Depot de la Marine, Paris.<\/figcaption><\/figure>\n\n\n\n<p>V\u00e4sterviks lotsplats grundades 1696 och nedlades 1881 i samband med att platsen sammanslogs och uppgick i Id\u00f6 lotsplats<\/p>\n\n\n\n<p>Bemanningen p\u00e5 V\u00e4sterviks lpl enligt 1697 \u00e5rs stadga skulle vara 3 lotsar och 1 lotsl\u00e4rling<\/p>\n\n\n\n<p><strong>Ur rulla f\u00f6r 1744<\/strong><\/p>\n\n\n\n<p>Lotsarna Matthias Gunnarsson, J\u00f6ran Larsson och Nils Erichsson<\/p>\n\n\n\n<p><strong>Ur rulla f\u00f6r 1774<\/strong><\/p>\n\n\n\n<p>Lotsen Hindrich Danielsson 49 \u00e5r, 19 tj \u00e5r<br>Lotsen Johan Carlsson, 31 \u00e5r, 8 tj \u00e5r<br>Lotsen Matthias Johan Gr\u00e5\u00e5, 1 tj \u00e5r<\/p>\n\n\n\n<p><strong>Enligt 1799 \u00e5rs <\/strong>reglemente skulle lotspersonalen f\u00f6r V\u00e4sterviks lotsplats best\u00e5 av 1 Lots\u00e5lderman, 1 ord lots, 2 utl\u00e4rda ord lotsdr\u00e4ngar, 1 reservlotsdr\u00e4ng, 1 lotsl\u00e4rling. Lotsplatsen lyder under V\u00e4sterviks lots\u00e5lderman.<\/p>\n\n\n\n<p><strong>Ur rulla 1817:<\/strong><\/p>\n\n\n\n<p>Lotsuppsyningsman P.M. Tegner<br>Ordinarie lots Erik Johansson<br>Ordinarie lots Eric Johansson<br>Ord lotsdr\u00e4ng M. Johansson<br>reservlotsdr\u00e4ng I Lindb\u00e4ck<br>lotsl\u00e4rling J Westerberg<br>lotsl\u00e4rling P Samuelsson<\/p>\n\n\n\n<p>Enligt uppgift fr\u00e5n 1817 uppassade V\u00e4sterviks lotsarna p\u00e5 Gr\u00f6n\u00f6 d\u00e4r Kronan byggt en vaktstuga.<\/p>\n\n\n\n<p><strong>Enligt 1820 \u00e5r<\/strong>s reglemente: 1 Lots\u00e5lderman, 1 m\u00e4sterlots, 3 secundlotsar, 1 l\u00e4rling<\/p>\n\n\n\n<p>Lotsarna uppassar i sin tur s\u00e5v\u00e4l i staden som vid Sp\u00e5r\u00f6 b\u00e5k.<br>Lotsningsomr\u00e5de: Till sj\u00f6ss utanf\u00f6r St\u00e5ng samt Kr\u00e5kelund<\/p>\n\n\n\n<p>Lotsningsomr\u00e5de 1863: Fr\u00e5n V\u00e4stervik till Strup\u00f6 respektive Stedsholmen och fr\u00e5n Sp\u00e5r\u00f6sund till Sj\u00f6ss utanf\u00f6r St\u00e5ng samt till sj\u00f6ss utom St\u00e5ng<\/p>\n\n\n\n<p>Personal vid V\u00e4sterviks Lpl<\/p>\n\n\n\n<figure class=\"wp-block-table alignwide\"><table class=\"has-fixed-layout\"><tbody><tr><td><strong>Efternamn<\/strong><\/td><td><strong>F\u00f6rnamn<\/strong><\/td><td><strong>F\u00f6dd<\/strong><\/td><td><strong>I Staten<\/strong><\/td><td><strong>B\u00e5tman<\/strong><\/td><td><strong>Lpl 1<\/strong><\/td><td><strong>Lpl 2<\/strong><\/td><td><strong>Lpl 3<\/strong><\/td><\/tr><tr><td>Erichsson<\/td><td>Nils<\/td><td><\/td><td><\/td><td><\/td><td>V\u00e4stervik<\/td><td><\/td><td><\/td><\/tr><tr><td>Gunnarsson<\/td><td>Mattihas<\/td><td><\/td><td><\/td><td><\/td><td>V\u00e4stervik<\/td><td><\/td><td><\/td><\/tr><tr><td>Johansson<\/td><td>M<\/td><td><\/td><td><\/td><td><\/td><td>V\u00e4stervik<\/td><td><\/td><td><\/td><\/tr><tr><td>Johansson<\/td><td>Erik<\/td><td><\/td><td><\/td><td><\/td><td>V\u00e4stervik<\/td><td><\/td><td><\/td><\/tr><tr><td>Johansson<\/td><td>Eric<\/td><td><\/td><td><\/td><td><\/td><td>V\u00e4stervik<\/td><td><\/td><td><\/td><\/tr><tr><td>Larsson<\/td><td>J\u00f6ran<\/td><td><\/td><td><\/td><td><\/td><td>V\u00e4stervik<\/td><td><\/td><td><\/td><\/tr><tr><td>Lindb\u00e4ck<\/td><td>I<\/td><td><\/td><td><\/td><td><\/td><td>V\u00e4stervik<\/td><td><\/td><td><\/td><\/tr><tr><td>Samuelsson<\/td><td>P<\/td><td><\/td><td><\/td><td><\/td><td>V\u00e4stervik<\/td><td><\/td><td><\/td><\/tr><tr><td>Tegner<\/td><td>P<\/td><td><\/td><td><\/td><td><\/td><td>V\u00e4stervik<\/td><td><\/td><td><\/td><\/tr><tr><td>Westerberg<\/td><td>J<\/td><td><\/td><td><\/td><td><\/td><td>V\u00e4stervik<\/td><td><\/td><td><\/td><\/tr><tr><td>Danielsson<\/td><td>Hindrich<\/td><td>1725<\/td><td>1755<\/td><td><\/td><td>V\u00e4stervik<\/td><td><\/td><td><\/td><\/tr><tr><td>Carlsson<\/td><td>Johan<\/td><td>1742<\/td><td>1766<\/td><td><\/td><td>V\u00e4stervik<\/td><td><\/td><td><\/td><\/tr><tr><td>Gr\u00e5\u00e5<\/td><td>Matthias<\/td><td><\/td><td>1773<\/td><td><\/td><td>V\u00e4stervik<\/td><td><\/td><td><\/td><\/tr><tr><td>Eriksson<\/td><td>Allan<\/td><td>1908<\/td><td>1927<\/td><td><\/td><td>H\u00e4radsk\u00e4r<\/td><td>Stedsholmen<\/td><td>Id\u00f6\/V\u00e4stervik<\/td><\/tr><tr><td>Nilsson<\/td><td>Knut<\/td><td>1910<\/td><td>1931<\/td><td><\/td><td>Id\u00f6<\/td><td>V\u00e4stervik<\/td><td><\/td><\/tr><tr><td>Stenberg<\/td><td>Sven<\/td><td>1913<\/td><td>1932<\/td><td><\/td><td>Stedsholmen<\/td><td>Id\u00f6<\/td><td>V\u00e4stervik<\/td><\/tr><tr><td>Stenberg<\/td><td>Sten<\/td><td>1915<\/td><td>1939<\/td><td><\/td><td>Stedsholmen<\/td><td>Id\u00f6<\/td><td>V\u00e4stervik<\/td><\/tr><tr><td>Lanz\u00e9n<\/td><td>Birger<\/td><td>1920<\/td><td>1944<\/td><td>1944-06-01<\/td><td>Id\u00f6<\/td><td>V\u00e4stervik<\/td><td><\/td><\/tr><tr><td>Johansson<\/td><td>Karl<\/td><td>1916<\/td><td>1946<\/td><td>1955-10-01<\/td><td>Id\u00f6<\/td><td>V\u00e4stervik<\/td><td><\/td><\/tr><tr><td>Mob\u00e4ck<\/td><td>Arne<\/td><td>1922<\/td><td>1946<\/td><td><\/td><td>Sk\u00e4ggen\u00e4s<\/td><td>M\u00f6nster\u00e5s<\/td><td>V\u00e4stervik\/Kalmar<\/td><\/tr><tr><td>T\u00f6rnquist<\/td><td>Arvid<\/td><td>1920<\/td><td>1952<\/td><td><\/td><td>Stedsholmen<\/td><td>Id\u00f6<\/td><td>V\u00e4stervik\/Oskarshamn<\/td><\/tr><tr><td>Johansson<\/td><td>Egon<\/td><td>1926<\/td><td>1954<\/td><td><\/td><td>H\u00e4radsk\u00e4r<\/td><td>Id\u00f6<\/td><td>V\u00e4stervik<\/td><\/tr><tr><td>Ess\u00e9en<\/td><td>Anders<\/td><td>1922<\/td><td>1955<\/td><td><\/td><td>Id\u00f6<\/td><td>V\u00e4stervik<\/td><td><\/td><\/tr><tr><td>Blanck<\/td><td>Jan<\/td><td>1930<\/td><td>1956<\/td><td><\/td><td>Oxel\u00f6sund<\/td><td>V\u00e4stervik<\/td><td><\/td><\/tr><tr><td>Fredriksson<\/td><td>G\u00f6ran<\/td><td>1940<\/td><td>1958<\/td><td>1961-10-01<\/td><td>Id\u00f6<\/td><td>V\u00e4stervik<\/td><td><\/td><\/tr><tr><td>P\u00e5hlman<\/td><td>Jurgen<\/td><td>1931<\/td><td>1958<\/td><td><\/td><td>Id\u00f6<\/td><td>V\u00e4stervik<\/td><td><\/td><\/tr><tr><td>Johansson<\/td><td>Herbert<\/td><td>1941<\/td><td>1960<\/td><td>1963-10-01<\/td><td>Id\u00f6<\/td><td>V\u00e4stervik<\/td><td>Oxel\u00f6sund<\/td><\/tr><tr><td>Johansson<\/td><td>Nils-erik<\/td><td>1941<\/td><td>1960<\/td><td>1963-10-01<\/td><td>Id\u00f6<\/td><td>V\u00e4stervik<\/td><td><\/td><\/tr><tr><td>Sandberg<\/td><td>David<\/td><td>1943<\/td><td>1967<\/td><td>1976-03-01<\/td><td>V\u00e4stervik<\/td><td><\/td><td><\/td><\/tr><tr><td>Idlund<\/td><td>Rudolf<\/td><td>1941<\/td><td>1971<\/td><td>1971-01-01<\/td><td>V\u00e4stervik<\/td><td><\/td><td><\/td><\/tr><tr><td>Johansson<\/td><td>Bertil<\/td><td>1943<\/td><td>1971<\/td><td>1971-06-29<\/td><td>V\u00e4stervik<\/td><td><\/td><td><\/td><\/tr><tr><td>Karlsson<\/td><td>Arthur<\/td><td>1947<\/td><td>1972<\/td><td><\/td><td>V\u00e4stervik<\/td><td><\/td><td><\/td><\/tr><tr><td>Johansson<\/td><td>Bo<\/td><td>1948<\/td><td>1975<\/td><td>1975-02-01<\/td><td>V\u00e4stervik<\/td><td><\/td><td><\/td><\/tr><tr><td>K\u00e4llstr\u00f6m<\/td><td>Lennart<\/td><td>1930<\/td><td>1975<\/td><td>1972-04-12<\/td><td>V\u00e4stervik<\/td><td><\/td><td><\/td><\/tr><tr><td>Johansson<\/td><td>Christer<\/td><td>1948<\/td><td>1977<\/td><td><\/td><td>V\u00e4stervik<\/td><td>Oskarshamn<\/td><td><\/td><\/tr><tr><td>Karlsson<\/td><td>Arther<\/td><td>1947<\/td><td>1977<\/td><td>1977-01-01<\/td><td>V\u00e4stervik<\/td><td><\/td><td><\/td><\/tr><tr><td>Sj\u00f6strand<\/td><td>Lennart<\/td><td>1938<\/td><td>1980<\/td><td><\/td><td>V\u00e4stervik<\/td><td><\/td><td><\/td><\/tr><\/tbody><\/table><\/figure>\n","protected":false},"excerpt":{"rendered":"<p>57\u00b0 44.706&#8242; N 16\u00b0 40.044&#8242; E V\u00e4sterviks lotsplats grundades 1696 och nedlades 1881 i samband med att platsen sammanslogs och uppgick i Id\u00f6 lotsplats Bemanningen p\u00e5 V\u00e4sterviks lpl enligt 1697 \u00e5rs stadga skulle vara 3 lotsar och 1 lotsl\u00e4rling Ur rulla f\u00f6r 1744 Lotsarna Matthias Gunnarsson, J\u00f6ran Larsson och Nils Erichsson Ur rulla f\u00f6r 1774&hellip; <a class=\"more-link\" href=\"https:\/\/lotsarnastockholm.se\/index.php\/vasterviks-lotsplats\/\">Forts\u00e4tt l\u00e4sa <span class=\"screen-reader-text\">V\u00e4stervik Lotsplats<\/span><\/a><\/p>\n","protected":false},"author":1,"featured_media":0,"parent":0,"menu_order":0,"comment_status":"closed","ping_status":"closed","template":"","meta":{"footnotes":""},"class_list":["post-4466","page","type-page","status-publish","hentry","entry"],"_links":{"self":[{"href":"https:\/\/lotsarnastockholm.se\/index.php\/wp-json\/wp\/v2\/pages\/4466","targetHints":{"allow":["GET"]}}],"collection":[{"href":"https:\/\/lotsarnastockholm.se\/index.php\/wp-json\/wp\/v2\/pages"}],"about":[{"href":"https:\/\/lotsarnastockholm.se\/index.php\/wp-json\/wp\/v2\/types\/page"}],"author":[{"embeddable":true,"href":"https:\/\/lotsarnastockholm.se\/index.php\/wp-json\/wp\/v2\/users\/1"}],"replies":[{"embeddable":true,"href":"https:\/\/lotsarnastockholm.se\/index.php\/wp-json\/wp\/v2\/comments?post=4466"}],"version-history":[{"count":6,"href":"https:\/\/lotsarnastockholm.se\/index.php\/wp-json\/wp\/v2\/pages\/4466\/revisions"}],"predecessor-version":[{"id":7857,"href":"https:\/\/lotsarnastockholm.se\/index.php\/wp-json\/wp\/v2\/pages\/4466\/revisions\/7857"}],"wp:attachment":[{"href":"https:\/\/lotsarnastockholm.se\/index.php\/wp-json\/wp\/v2\/media?parent=4466"}],"curies":[{"name":"wp","href":"https:\/\/api.w.org\/{rel}","templated":true}]}}