{"id":4387,"date":"2023-01-11T21:21:54","date_gmt":"2023-01-11T20:21:54","guid":{"rendered":"https:\/\/lotsarnastockholm.se\/?page_id=4387"},"modified":"2026-03-15T22:02:58","modified_gmt":"2026-03-15T21:02:58","slug":"strupo-lotsplats","status":"publish","type":"page","link":"https:\/\/lotsarnastockholm.se\/index.php\/strupo-lotsplats\/","title":{"rendered":"Strup\u00f6 Lotsplats"},"content":{"rendered":"\n<p class=\"has-text-align-center\"><a href=\"https:\/\/www.google.com\/maps\/place\/57%C2%B031'54.4%22N+16%C2%B044'44.9%22E\/@57.5317862,16.7436113,17z\/data=!3m1!4b1!4m4!3m3!8m2!3d57.5317833!4d16.7458\">57\u00b0 31.907&#8242; N 16\u00b0 44.748&#8242; E<\/a><\/p>\n\n\n\n<p>Strup\u00f6 lotsplats inr\u00e4ttades ca 1575 och lades ned 1 juli 1933.<\/p>\n\n\n\n<p>Lotsplatsen l\u00e5g p\u00e5 s\u00f6dra delen av Strup\u00f6. \u00d6n \u00e4r bel\u00e4gen c:a 2 M syd om \u00d6r\u00f6 i sk\u00e4rg\u00e5rdsomr\u00e5det \u00f6ster om Al\u00f6 och Vin\u00f6.<\/p>\n\n\n\n<p>Under 1400-talet omvandlades Strup\u00f6 fr\u00e5n allm\u00e4nning till egna hemman. Orsaken var att \u00f6n fick bofast befolkning och dessa fick mot erl\u00e4ggande av sk \u2019\u2019s\u00e4mja\u201d r\u00e4tt till hemmanet. L\u00e4mningar tyder p\u00e5 att boplatser funnits fr\u00e5n 1500-talet. Namnet kommer av det strupsmala hamninloppet.<\/p>\n\n\n\n<p>Under nordiska sju\u00e5rskriget n\u00e4mns om ett danskt fartyg som 23 augusti \u00c5r 1563 plundrat en bondg\u00e5rd p\u00e5 Strup\u00f6. 1563 br\u00e4ndes \u00f6n av ett danskt skepp.<\/p>\n\n\n\n<p>1598 fick Anders i \u00d6r\u00f6 och Mats p\u00e5 Strup\u00f6 ers\u00e4ttning av Karl IX efter att de hade v\u00e5ldg\u00e4stats av Sigismunds krigsfolk.<\/p>\n\n\n\n<p>1582 och 1601 fanns 1 styreman p\u00e5 Strup\u00f6<br>Byarna v\u00e4xer fram under 1600-talet Bebyggelsen ligger i en skyddande vik p\u00e5 sydsidan.<\/p>\n\n\n\n<p>I samband med Kalmarkriget br\u00e4ndes g\u00e5rdarna p\u00e5 \u00f6n, 1611-12.<\/p>\n\n\n\n<p>\u00c5r 1617 fanns 1 lots och 1 utl\u00e4rd lotsdr\u00e4ng p\u00e5 Strup\u00f6.<\/p>\n\n\n\n<p>Blev fr\u00e4lsehemman 1612 \u00e5ter kronohemman 1617 fr\u00e4lsehemman igen 1650<\/p>\n\n\n\n<p>1675-79 br\u00e4ndes \u00f6n p\u00e5 nytt<\/p>\n\n\n\n<p>N\u00e4mns som \u201dStrupe\u201d i Petter Gedda\u2019s sj\u00f6karteatlas fr\u00e5n 1694 och 1695.<\/p>\n\n\n\n<p>N\u00e4mns som \u201d\u00c5rupe\u201d i en tullkarta fr\u00e5n 1700-talet<\/p>\n\n\n\n<p>Craelius skriver om lotsarna p\u00e5 Strup\u00f6:<\/p>\n\n\n\n<p><em>\u201dStrup\u00f6 skjutsar till Id\u00f6sund 3 mil och till Kr\u00e5kelund 1 \u00bd mil.<br>Har 1 \u00e5lderman, 1 lots och 2 dr\u00e4ngar, 5 b\u00e5tar och 15 \u00f6kor<br>Underh\u00e5ller remmare p\u00e5 Hufwudfalls, &nbsp;\u00c5lskogsholmen och K\u00e4llesk\u00e4r<br>Lotsar \u00bd mil till sj\u00f6ss\u201d<\/em><\/p>\n\n\n\n<p>Om \u00e5kerarealen p\u00e5 Strup\u00f6 skriver Craelius \u201d<em>\u00e4r s\u00e5 obetydlig at then ej f\u00f6rtjener n\u00e4mnas\u201d<\/em><\/p>\n\n\n\n<p>Bemanning enligt 1697 \u00e5rs stadgar: 1 lots och 1 utl\u00e4rd lotsdr\u00e4ng.<\/p>\n\n\n\n<p>Enligt reglemente 1697 anges Tillh\u00f6ra S\u00f6dra distriktet under lotsuppsyningsman f\u00f6r V\u00e4sterviks f\u00f6rdelning: lotsbetj\u00e4ningen f\u00f6r Strup\u00f6 lotsplats 2 ord lotsar, 2 utl\u00e4rda ord lotsdr\u00e4ngar, 1 reservlotsdr\u00e4ng, 2 l\u00e4rlingar. Lotsplatsen lyder under Kr\u00e5kelunds lots\u00e5lderman<\/p>\n\n\n\n<p>Ur rulla 1744: Lotsar P\u00e4r J\u00f6nsson och Lars J\u00f6nsson<\/p>\n\n\n\n<p>Ur rulla 1774:<br>Lots\u00e5lderman Nils Persson, 44 \u00e5r, 13 tj\u00e4nste\u00e5r<br>Lotsen Anders Nilsson, 49 \u00e5r 13 tj\u00e4nste\u00e5r<br>Utl\u00e4rd lotsdr\u00e4ng Sven M\u00e5nsson, 28 \u00e5r 11 tj \u00e5r<br>Lotsl\u00e4rling Lars Nilsson 18 \u00e5r 4 tj \u00e5r<\/p>\n\n\n\n<p>N\u00e4mns som \u201d Strupp\u00f6 \u201d p\u00e5 en karta fr\u00e5n 1779.<\/p>\n\n\n\n<p>\u00d6n storskiftades 1816. Vid storskiftet klassificeras Strup\u00f6 som ett helt kronolotshemman som uppdelas p\u00e5 5 \u00e4gare.<\/p>\n\n\n\n<p><strong>Ur rulla 1817:<\/strong><\/p>\n\n\n\n<p>Ord lots: J. Svensson och J. Andersson<br>Ord. lotsdr\u00e4ng: N. Larsson och O.Olofsson<br>Reservlotsdr\u00e4ng: M. M\u00e5nsson<br>Lotsl\u00e4rlingar: CC Olsson och PM J\u00f6nsson<\/p>\n\n\n\n<p>Ur 1820 \u00e5rs f\u00f6rteckning: Till Kr\u00e5kelund, Id\u00f6sund, Sp\u00e5r\u00f6sund, V\u00e4rkeb\u00e4cksvik, sj\u00f6ss eller fr\u00e5n sj\u00f6n<br>Enligt reglementet: 1 m\u00e4sterlots, 2 secundlotsar och 2 l\u00e4rlingar. Lots uppassa vid Strup\u00f6by p\u00e5 de fartyg som fr\u00e5n sj\u00f6n vilja inkomma och f\u00f6ra dem till hamns. Och efter deras \u00e5stundan till sj\u00f6ss men ha icke att g\u00f6ra med lotsningen av de fartyg som segla inomsk\u00e4rs.<\/p>\n\n\n\n<p>1823 till\u00e5ts lotsarna att l\u00f6sa sina hemman fr\u00e5n kronan. Man v\u00e4ntat dock till omkr 1870.<\/p>\n\n\n\n<p>P\u00e5 Strup\u00f6 l\u00e5g en tullpostering som lydde under Sp\u00e5r\u00f6sunds tullstation.<\/p>\n\n\n\n<p>1831 f\u00f6rflyttades tullposteringen till \u00d6r\u00f6 (kopia p\u00e5 brev finns i ref 52)<\/p>\n\n\n\n<p>I Gustaf Klints seglingsbeskrivning fr\u00e5n b\u00f6rjan av 1830-talet beskrivs Strup\u00f6:<\/p>\n\n\n\n<p><em>\u201dI n\u00f6dfall kan man inl\u00f6pa vid Strup\u00f6. Dervid h\u00e5lles Hunn\u00f6 B\u00f6te i NV s\u00e5 vestligt, under det man seglar norr om Blackan, emot Spirb\u00e5ken p\u00e5 Ljungsk\u00e4r, hvilken har en afl\u00e5ng hvit Tafla i toppen.<\/em><\/p>\n\n\n\n<p><em>Sedan b\u00f6jer man norr eller s\u00f6der om de sm\u00e5 klipporna Breh\u00e4ll och Karten upp under Hufals\u00f6, samt ankrar p\u00e5 den s\u00f6dra sidan i Eng\u00f6 Sund p\u00e5 5 \u00e1 6 famnar och norr uti sundet emellan Strup\u00f6 och K\u00e5ls\u00f6 p\u00e5 5 \u00e1 7 famnar eller ock p\u00e5 Flagen utanf\u00f6r detta sund, p\u00e5 10 \u00e1 12 famnar.<\/em><\/p>\n\n\n\n<p><em>P\u00e5 detta senare Ankarst\u00e4lle besv\u00e4rar dock sj\u00f6vind med n\u00e5gon dyning.\u201d<\/em><\/p>\n\n\n\n<p>Ur \u201dden Svenske Lotsen\u201d 1853<br>Lotsarna fr\u00e5n Strup\u00f6 m\u00f6ta efter vanlig signal utanf\u00f6r grunden vid b\u00e4gge farvattnen<\/p>\n\n\n\n<p>Ur reglemente 1863: Lotsningsomr\u00e5det: Fr\u00e5n Strup\u00f6 till Kr\u00e5kelund repektive Id\u00f6sund, Sp\u00e5r\u00f6sund, V\u00e4rkeb\u00e4cksvik, till sj\u00f6ss och fr\u00e5n sj\u00f6n<\/p>\n\n\n\n<p>V\u00e4ster om byn finns ett skolhus. Skola fanns fr\u00e5n b\u00f6rjan av 1870-talet lotsskola p\u00e5 Strup\u00f6 startar 1873.<\/p>\n\n\n\n<p>1875 genomf\u00f6rdes 209 lotsningar av lotsarna p\u00e5 Strup\u00f6.<\/p>\n\n\n\n<p>1885 fick m\u00e4sterlotsen vid Strup\u00f6, NJ Andersson sig 31,75 kr tilld\u00f6mt av V\u00e4sterviks R\u00e5dstufvsr\u00e4tt f\u00f6r kroppskada som han erh\u00e5llit j tj\u00e4nsten. Beloppet t\u00e4ckte Anderssons sjukv\u00e5rdskostnad.<\/p>\n\n\n\n<p>1880 fanns 8 fiskare med 400 sk\u00f6tar, 50 \u00e5lhommor och 8 b\u00e5tar.<\/p>\n\n\n\n<p>1881 \u00d6vergick lotsplatsen till Norrk\u00f6pings f\u00f6rdelning<\/p>\n\n\n\n<p>1889 h\u00f6lls lotsbarnskola f\u00f6r f\u00f6rsta g\u00e5ngen p\u00e5 Strup\u00f6. Totalt gick 14 barn mellan 6 och 13 \u00e5r 106 dagar i skolan.<\/p>\n\n\n\n<p>1890 fick m\u00e4sterlotsen N. J. Andersson 25:- i bel\u00f6ning f\u00f6r att han uppt\u00e4ckt ett f\u00f6r sj\u00f6farten farligt grund.<\/p>\n\n\n\n<p>1892 uppf\u00f6rdes en materialbod p\u00e5 lotsplatsen<\/p>\n\n\n\n<p>1893 tilldelades Sj\u00f6berg silvermedalj i 8,\u2019de storleken med inskriptionen \u201df\u00f6r nit och redlighet i rikets tj\u00e4nst\u201d<\/p>\n\n\n\n<p>1900 tilldelades lotsf\u00f6rm\u00e4nnen Anders Petter Johansson och Carl Johan Viktor Andersson silvermedalj i 8:de storleken med inskriptionen \u201df\u00f6r nit och redlighet i rikets tj\u00e4nst\u2019\u2019,<\/p>\n\n\n\n<p>Omkring 1900 bor ca 70 personer f\u00f6rdelade p\u00e5 12 hush\u00e5ll<\/p>\n\n\n\n<p>Vid sekelskiftet fanns fyra grupper p\u00e5 \u00f6n fiskare, lotsar, skoll\u00e4rarinnan och tj\u00e4nstefolket.<\/p>\n\n\n\n<p>1909 fick Carl Johan Ahlin medalj i silver av 5:te storleken med inskriptionen \u201df\u00f6r nit och redlighet i rikets tj\u00e4nst\u201d.<\/p>\n\n\n\n<p>\u00c5r 1913 (16 aug) gick en lots och tv\u00e5 fiskare ut fr\u00e5n Strup\u00f6 och r\u00e4ddade 4 man fr\u00e5n skonaren ELEGANT AV BRANTEVIK, f\u00f6r detta fick de 25:- var samt medalj i guld av femte ordningen med inskriften \u201df\u00f6r ber\u00f6mliga g\u00e4rningar\u201d.<\/p>\n\n\n\n<p>\u00c5r 1915 gick 8 barn i lotsskola p\u00e5 Strup\u00f6 och samma \u00e5r genomf\u00f6rdes 82 lotsningar av lotsarna p\u00e5 \u00f6n<\/p>\n\n\n\n<p>Ur lotsledsf\u00f6rteckningen 1916: Lots uppassa \u00e5 Strup\u00f6 och m\u00f6ta fr\u00e5n sj\u00f6n kommande fartyg utanf\u00f6r grunden och inomsk\u00e4rs i segelleden mitt f\u00f6r Strup\u00f6. Lotsar ej i m\u00f6rker.<\/p>\n\n\n\n<p>\u00c5r 1920 startar Misterhults kommun skola p\u00e5 \u00f6n efter det att lotsskolan lagts ned. Samtidigt byggs ett skolhus p\u00e5 \u00f6n som tidigare saknats.<\/p>\n\n\n\n<p>B\u00e5tbest\u00e5ndet 1920:<\/p>\n\n\n\n<p>1 motorb\u00e5t byggd 1916 i ek 6-7&#215;2 med 4 hk V\u00e4stervik<br>1 motorb\u00e5t byggd 1917 i ek 6.5&#215;2.2 med 4 hk V\u00e4stervik<br>1 segelb\u00e5t byggd 1907 i ek 5.7&#215;1.8<\/p>\n\n\n\n<p>Den 3 mars 1920 gick \u00e5ngaren BOCKUM fr\u00e5n Hamburg p\u00e5 grund d\u00e5 fartyget b\u00f6rjade driva (dragga?) i en v\u00e4stlig storm (N58 39,15 017 8,0)<\/p>\n\n\n\n<p>1924 ersattes en kasserad utkiksst\u00e4llning med en ny.<\/p>\n\n\n\n<p>1927 tilldelades \u00f6verlotsen Johan Petter Gotfrid \u00d6lin medalj i silver av 8:de storleken med inskriptionen \u201dfor nit och redlighet i rikets tj\u00e4nst\u201d<\/p>\n\n\n\n<p>1929 tilldelades m\u00e4ster lots Otto Emil \u00d6rd\u00e9n medalj i silver av 8:de storleken med inskriptionen \u201df\u00f6r nit och redlighet i rikets tj\u00e4nst\u201d<\/p>\n\n\n\n<p>1933 l\u00e4ggs lotsstationen ner. Tv\u00e5 av lotsarna frist\u00e4lls men erbjuds plats p\u00e5 stationen i Kr\u00e5kelund.<\/p>\n\n\n\n<p>190 finns endast 4 hush\u00e5ll kvar p\u00e5 \u00f6n<\/p>\n\n\n\n<p>Omkring 1940 installeras en vindgenerator f\u00f6r att f\u00e5 b\u00e4ttre belysning.<\/p>\n\n\n\n<p>Telefon och radio kom 1931 genom Lotsverkets f\u00f6rsorg<\/p>\n\n\n\n<p>1948 fanns tre anv\u00e4ndbara stor\u00f6kor vid Strup\u00f6. De var byggda 1875, 1882 och 1890. \u00d6korna anv\u00e4ndes d\u00e5 endast till h\u00f6- och kreaturstransporter. Rigg till \u00f6korna hade funnits.<\/p>\n\n\n\n<p>1950 s\u00e5ldes en stor\u00f6ka (30 fot l\u00e5ng, 10 fot bred) till Kalmar L\u00e4ns Museum.<\/p>\n\n\n\n<p>1964 f\u00f6rsvinner vindgenerator och fotogenlampor och man f\u00e5r 220 volt ist\u00e4llet<\/p>\n\n\n\n<p>Den f\u00f6rsta vattentoaletten installeras 1971<\/p>\n\n\n\n<p>Trots att Strup\u00f6 till och fr\u00e5n bortsk\u00e4nkts som fr\u00e4lsehemman ben\u00e4mns det som kronhemman (g\u00e4ller \u00e4ven \u00d6r\u00f6)<\/p>\n\n\n\n<figure class=\"wp-block-table alignwide\"><table class=\"has-fixed-layout\"><tbody><tr><td><strong>Efternamn<\/strong><\/td><td><strong>F\u00f6rnamn<\/strong><\/td><td><strong>F\u00f6dd<\/strong><\/td><td><strong>I Staten<\/strong><\/td><td><strong>Lpl 1<\/strong><\/td><td><strong>Lpl 2<\/strong><\/td><td><strong>Lpl 3<\/strong><\/td><\/tr><tr><td>Sundstr\u00f6m<\/td><td>Sven<\/td><td>1882<\/td><td><\/td><td>Strup\u00f6<\/td><td><\/td><td><\/td><\/tr><tr><td>Andersson<\/td><td>J<\/td><td><\/td><td><\/td><td>Strup\u00f6<\/td><td><\/td><td><\/td><\/tr><tr><td>J\u00f6nsson<\/td><td>P<\/td><td><\/td><td><\/td><td>Strup\u00f6<\/td><td><\/td><td><\/td><\/tr><tr><td>J\u00f6nsson<\/td><td>P\u00e4r<\/td><td><\/td><td><\/td><td>Strup\u00f6<\/td><td><\/td><td><\/td><\/tr><tr><td>J\u00f6nsson<\/td><td>Lars<\/td><td><\/td><td><\/td><td>Strup\u00f6<\/td><td><\/td><td><\/td><\/tr><tr><td>Larsson<\/td><td>N<\/td><td><\/td><td><\/td><td>Strup\u00f6<\/td><td><\/td><td><\/td><\/tr><tr><td>M\u00e5nsson<\/td><td>M<\/td><td><\/td><td><\/td><td>Strup\u00f6<\/td><td><\/td><td><\/td><\/tr><tr><td>Olofsson<\/td><td>O<\/td><td><\/td><td><\/td><td>Strup\u00f6<\/td><td><\/td><td><\/td><\/tr><tr><td>Olsson<\/td><td>C<\/td><td><\/td><td><\/td><td>Strup\u00f6<\/td><td><\/td><td><\/td><\/tr><tr><td>Svensson<\/td><td>J<\/td><td><\/td><td><\/td><td>Strup\u00f6<\/td><td><\/td><td><\/td><\/tr><tr><td>Nilsson<\/td><td>Anders<\/td><td>1725<\/td><td>1761<\/td><td>Strup\u00f6<\/td><td><\/td><td><\/td><\/tr><tr><td>Persson<\/td><td>Nils<\/td><td>1730<\/td><td>1761<\/td><td>Strup\u00f6<\/td><td><\/td><td><\/td><\/tr><tr><td>M\u00e5nsson<\/td><td>Sven<\/td><td>1746<\/td><td>1763<\/td><td>Strup\u00f6<\/td><td><\/td><td><\/td><\/tr><tr><td>Nilsson<\/td><td>Lars<\/td><td>1756<\/td><td>1770<\/td><td>Strup\u00f6<\/td><td><\/td><td><\/td><\/tr><tr><td>Andersson<\/td><td>Nils<\/td><td>1837<\/td><td>1853<\/td><td>Strup\u00f6<\/td><td><\/td><td><\/td><\/tr><tr><td>Johansson<\/td><td>Anders<\/td><td>1844<\/td><td>1853<\/td><td>Strup\u00f6<\/td><td><\/td><td><\/td><\/tr><tr><td>Andersson<\/td><td>Carl<\/td><td>1842<\/td><td>1863<\/td><td>Strup\u00f6<\/td><td><\/td><td><\/td><\/tr><tr><td>Ahlin<\/td><td>Carl<\/td><td>1852<\/td><td>1871<\/td><td>Strup\u00f6<\/td><td><\/td><td><\/td><\/tr><tr><td>Carlsson<\/td><td>Carl<\/td><td>1852<\/td><td>1871<\/td><td>Strup\u00f6<\/td><td><\/td><td><\/td><\/tr><tr><td>Wirs\u00e9n<\/td><td>Otto<\/td><td>1841<\/td><td>1871<\/td><td>\u00d6r\u00f6<\/td><td>Strup\u00f6<\/td><td>Id\u00f6<\/td><\/tr><tr><td>\u00d6rd\u00e9n<\/td><td>Carl<\/td><td>1868<\/td><td>1882<\/td><td>Strup\u00f6<\/td><td>Oxel\u00f6sund<\/td><td><\/td><\/tr><tr><td>\u00d6lin<\/td><td>Johan<\/td><td>1871<\/td><td>1887<\/td><td>Strup\u00f6<\/td><td><\/td><td><\/td><\/tr><tr><td>\u00d6rd\u00e9n<\/td><td>Otto<\/td><td>1875<\/td><td>1890<\/td><td>Strup\u00f6<\/td><td><\/td><td><\/td><\/tr><tr><td>Ahlin<\/td><td>Albert<\/td><td>1879<\/td><td>1893<\/td><td>Strup\u00f6<\/td><td>Oxel\u00f6sund<\/td><td>Norrk\u00f6ping<\/td><\/tr><tr><td>Sundstr\u00f6m<\/td><td>Carl<\/td><td>1879<\/td><td>1893<\/td><td>Kr\u00e5kelund<\/td><td>Strup\u00f6<\/td><td><\/td><\/tr><tr><td>\u00d6lin<\/td><td>Anders<\/td><td>1876<\/td><td>1893<\/td><td>Strup\u00f6<\/td><td><\/td><td><\/td><\/tr><tr><td>Sandin<\/td><td>Axel<\/td><td>1879<\/td><td>1898<\/td><td>Strup\u00f6<\/td><td><\/td><td><\/td><\/tr><tr><td>Lund\u00e9n<\/td><td>Carl<\/td><td>1883<\/td><td>1899<\/td><td>Strup\u00f6<\/td><td><\/td><td><\/td><\/tr><tr><td>Sandin<\/td><td>David<\/td><td>1882<\/td><td>1902<\/td><td>Norrk\u00f6ping<\/td><td>Strup\u00f6<\/td><td><\/td><\/tr><tr><td>\u00d6lin<\/td><td>Mauritz<\/td><td>1888<\/td><td>1905<\/td><td>Strup\u00f6<\/td><td>Id\u00f6<\/td><td><\/td><\/tr><tr><td>Ahlin<\/td><td>Karl<\/td><td>1889<\/td><td>1909<\/td><td>Strup\u00f6<\/td><td>Oskarshamn<\/td><td><\/td><\/tr><tr><td>\u00d6hlin<\/td><td>Ivar<\/td><td>1910<\/td><td>1931<\/td><td>Strup\u00f6<\/td><td>Kr\u00e5kelund<\/td><td><\/td><\/tr><tr><td>\u00d6rd\u00e9n<\/td><td>Hans<\/td><td>1912<\/td><td>1931<\/td><td>Strup\u00f6<\/td><td>Kr\u00e5kelund<\/td><td><\/td><\/tr><\/tbody><\/table><\/figure>\n","protected":false},"excerpt":{"rendered":"<p>57\u00b0 31.907&#8242; N 16\u00b0 44.748&#8242; E Strup\u00f6 lotsplats inr\u00e4ttades ca 1575 och lades ned 1 juli 1933. Lotsplatsen l\u00e5g p\u00e5 s\u00f6dra delen av Strup\u00f6. \u00d6n \u00e4r bel\u00e4gen c:a 2 M syd om \u00d6r\u00f6 i sk\u00e4rg\u00e5rdsomr\u00e5det \u00f6ster om Al\u00f6 och Vin\u00f6. Under 1400-talet omvandlades Strup\u00f6 fr\u00e5n allm\u00e4nning till egna hemman. Orsaken var att \u00f6n fick bofast&hellip; <a class=\"more-link\" href=\"https:\/\/lotsarnastockholm.se\/index.php\/strupo-lotsplats\/\">Forts\u00e4tt l\u00e4sa <span class=\"screen-reader-text\">Strup\u00f6 Lotsplats<\/span><\/a><\/p>\n","protected":false},"author":1,"featured_media":0,"parent":0,"menu_order":0,"comment_status":"closed","ping_status":"closed","template":"","meta":{"footnotes":""},"class_list":["post-4387","page","type-page","status-publish","hentry","entry"],"_links":{"self":[{"href":"https:\/\/lotsarnastockholm.se\/index.php\/wp-json\/wp\/v2\/pages\/4387","targetHints":{"allow":["GET"]}}],"collection":[{"href":"https:\/\/lotsarnastockholm.se\/index.php\/wp-json\/wp\/v2\/pages"}],"about":[{"href":"https:\/\/lotsarnastockholm.se\/index.php\/wp-json\/wp\/v2\/types\/page"}],"author":[{"embeddable":true,"href":"https:\/\/lotsarnastockholm.se\/index.php\/wp-json\/wp\/v2\/users\/1"}],"replies":[{"embeddable":true,"href":"https:\/\/lotsarnastockholm.se\/index.php\/wp-json\/wp\/v2\/comments?post=4387"}],"version-history":[{"count":6,"href":"https:\/\/lotsarnastockholm.se\/index.php\/wp-json\/wp\/v2\/pages\/4387\/revisions"}],"predecessor-version":[{"id":7815,"href":"https:\/\/lotsarnastockholm.se\/index.php\/wp-json\/wp\/v2\/pages\/4387\/revisions\/7815"}],"wp:attachment":[{"href":"https:\/\/lotsarnastockholm.se\/index.php\/wp-json\/wp\/v2\/media?parent=4387"}],"curies":[{"name":"wp","href":"https:\/\/api.w.org\/{rel}","templated":true}]}}