{"id":4312,"date":"2023-01-08T21:42:33","date_gmt":"2023-01-08T20:42:33","guid":{"rendered":"https:\/\/lotsarnastockholm.se\/?page_id=4312"},"modified":"2026-03-02T13:14:12","modified_gmt":"2026-03-02T12:14:12","slug":"krakelunds-lotsplats","status":"publish","type":"page","link":"https:\/\/lotsarnastockholm.se\/index.php\/krakelunds-lotsplats\/","title":{"rendered":"Kr\u00e5kelund Lotsplats"},"content":{"rendered":"\n<p class=\"has-text-align-center\"><strong><a href=\"https:\/\/www.google.com\/maps\/place\/57%C2%B026'54.2%22N+16%C2%B043'27.7%22E\/@57.4488655,16.7210533,16.5z\/data=!4m4!3m3!8m2!3d57.4483833!4d16.7243667\">57\u00b0 26.903&#8242; N 16\u00b0 43.462&#8242; E<\/a><\/strong><\/p>\n\n\n\n<p>Kr\u00e5kelund lotsplats och tullstation<\/p>\n\n\n\n<p>Lotsverksamhet sedan slutet av 1500-talet<\/p>\n\n\n\n<p>Fogder\u00e4kenskaper fr\u00e5n 1500- och 1600-talen visar att s\u00e4songsfiske bedrivits fr\u00e5n Kr\u00e5kelundsomr\u00e5det. I Kr\u00e5kelund l\u00e5g en tullpostering som lydde under Sp\u00e5r\u00f6sunds tullstation. Kr\u00e5kelund eller L\u00e5ng\u00f6 var namnet p\u00e5 styrmanshemmanet innan 1640 d\u00e5 det fick sitt lotsplatsnamn.<\/p>\n\n\n\n<p>1640 minskades antalet styrmansorternas antal och Mars\u00f6 ansl\u00f6ts d\u00e5 till L\u00e5ng\u00f6 under det gemensamma namnet Kr\u00e5kelund.<br>N\u00e4mns som \u201dKracelund\u201d p\u00e5 en fransk karta av Sanson fr\u00e5n 1666.<br>N\u00e4mns som \u201dKr\u00e5kelund \u201d i Petter Gedda\u2019s sj\u00f6karteatlas fr\u00e5n 1694.<br>N\u00e4mns som\u201d Kr\u00e5klund \u201d i Petter Gedda\u2019s sj\u00f6karteatlas fr\u00e5n 1695.<br>N\u00e4mns som \u201d Kr\u00e5kelund\u201d i en tullkarta fr\u00e5n 1700-talet.<\/p>\n\n\n\n<p>\u00c5r 1697 fanns 3 lotsar, 2 utl\u00e4rda lotsdr\u00e4ngar och 1 lotsdr\u00e4ng i l\u00e4ra i Kr\u00e5kelund<\/p>\n\n\n\n<p><strong>Craelius skriver 1772 om lotsg\u00e5rden Kr\u00e5kelund<\/strong><\/p>\n\n\n\n<p><em>\u201cVid Kr\u00e5kelund, varest \u00e4r s\u00e4ker och god hamn, f\u00f6r st\u00f6rre och mindre fartyg fartyg till 18 fot och stora j\u00e4rnringar fastgjorda i bergen, att f\u00e4sta fartyg vid, samt ett vakthus, i vilket en tullbetj\u00e4nt eller jaktb\u00e5tsman bor vilken tager emot de d\u00e4r hamnande fartyg och bevakar\u201e till dess n\u00e5gon tulljakt m\u00f6ter\u00bb \u00e4ro 4 lotsar och 6 dr\u00e4ngar\u00bb som h\u00e5lla 7 b\u00e5tar\u00bb 26 \u00f6kor\u00bb samt lotsa och skjutsa till:<br>W\u00e5ll\u00f6\u00f6, 6<br>Strup\u00f6 1 \u00bd<br>Figeholm 2<br>D\u00f6derhultsvik 3 \u00be<br>och Saltvik 3 \u00be mil<\/em><\/p>\n\n\n\n<p><em>j\u00e4mv\u00e4l underh\u00e5ller remmare i<br>F\u00f6lesk\u00e4r 3<br>Saltbo 1<br>Sobom 1<br>S\u00f6rhult 1<br>Lilla \u00d6rsk\u00e4r 1<br>\u00d6sterbom 1<br>Munkeb\u00f6le 1<br>Stenbosk\u00e4r 1<\/em><\/p>\n\n\n\n<p><em>och f\u00f6rmenas \u00e4ven vara n\u00f6digt, att vid inloppet till Figeholm, remmare borde vara vid Johans H\u00e4ll, Tallkubben T\u00e5sseholmen och Oxelholm.<\/em><\/p>\n\n\n\n<p><em>P\u00e5 Kr\u00e5kelunds sk\u00e4r underh\u00e5lles st\u00e4dse en stor v\u00e5rdkase till landk\u00e4nning, s\u00e5v\u00e4l f\u00f6r sj\u00f6farande som fiskare, \u00c4ven \u00e4r en s\u00e5dan p\u00e5 Hun\u00f6 B\u00f6te. Dessa v\u00e5rdkasar hava i krigstider varit nyttjade, att s\u00e4tta eld uti till tacken av fiendens annalkande eller landstigning<\/em><\/p>\n\n\n\n<p>Under \u00e5ren 1799-1862 h\u00f6rde lotsplatsen till S\u00f6dra lotsdistriktet under lotsuppsyningsmannen f\u00f6r V\u00e4sterviks lotsf\u00f6rdelning. F\u00f6rdelningen kvarstod till 1881 d\u00e5 Kr\u00e5kelund kom under Norrk\u00f6pings f\u00f6rdelning. Lotsplatsen var alltid sj\u00e4lvst\u00e4ndig med egen lots\u00e5lderman och lotsf\u00f6rman.<\/p>\n\n\n\n<p>1799 var bemanningen, Lots\u00e5lderman, 3 ordinarie lotsar, 4 utl\u00e4rda ordinarie lotsdr\u00e4ngar, 1 utl\u00e4rd reservlotsdr\u00e4ng och 3 lotsl\u00e4rlingar.<\/p>\n\n\n\n<p>Enligt 1820 \u00e5rs reglemente ska lotsarna som uppassar vid Kr\u00e5kelund: Mottaga fartyg fr\u00e5n sj\u00f6n utanf\u00f6r grunden, inlotsa, till sj\u00f6ss och f\u00f6rbi \u00d6r\u00f6 och Strup\u00f6 till Id\u00f6sund samt s\u00f6derut till W\u00e5ll\u00f6.<\/p>\n\n\n\n<p>Enligt 1820 \u00e5rs f\u00f6rteckning \u00f6ver lotsomr\u00e5den skulle lotsarna vid Kr\u00e5kelund lotsa till: V\u00e4stervik, Id\u00f6sund, W\u00e5ll\u00f6, Starsundet eller Figeholm. D\u00f6derhultsviken, Saltviken, Glosta, Figeholm, till och fr\u00e5n sj\u00f6n.<\/p>\n\n\n\n<p>\u00c5r 1825 upptogs vid Kr\u00e5kelund, \u00bd mil ut i sj\u00f6n, p\u00e5 4 alnars djup, en guldprydnad till 13 2\/3 lods vigt. Vid Hamne, Win\u00f6 och Kr\u00e5kelund i denna socken \u00e4ro v\u00e5rdkasar, och vid Hamnesk\u00e4r ett Sj\u00f6m\u00e4rke af tr\u00e4d.<\/p>\n\n\n\n<p><strong>Ur Tuneld Geografie \u00f6ver Konungariket Sverige 1823<\/strong><\/p>\n\n\n\n<p><em>\u201dSyd och Vestvardt om Kr\u00e5kelunds B\u00e5k \u00e4r sk\u00e4ren ren p\u00e5 n\u00e5gra kabels afst\u00e5nd, men Ostvardt ut ligger feremot en k\u00e5dja af farliga Grund, \u00f6fver 3\/4 mil till sj\u00f6ss, och i allmenhet \u00e4r det ej r\u00e5deligt att nalkas klipporna inom detta afst\u00e5nd, till dess man f\u00e5tt k\u00e4nning och r\u00e4ttelse af Sp\u00e5r\u00f6 B\u00e5k.<\/em><\/p>\n\n\n\n<p><em>En half mil vester om Kr\u00e5kelunds B\u00e5k ligger Ekerumshamn, emellan \u00d6fver\u00f6n och fasta landet.<br>Dess inlopp g\u00e5r VNV och \u00e4r helt kort, men \u00e4fven ovanligt tr\u00e5ngt. Hamnen kan derf\u00f6re ej begagnas af stora Fartyg ehuru minsta djupet \u00e4r 18 \u00e1 20 fot.<\/em><\/p>\n\n\n\n<p><em>Norr om \u00d6fver\u00f6n \u00e4r \u00e4fven hamn f\u00f6r 10 &amp; 12 fot fartyg uti Marholms Sund 1\/8 mil n\u00e4ra Kr\u00e5kelunds B\u00e5k.<br>Det ena inloppet g\u00e5r utmed Kr\u00e5kelunds sundet och det andra l\u00e4ngs \u00d6fver\u00f6n NVtV. Ankarst\u00e4llet har 3 f :rs djup.<br><br>F\u00f6r fartyg af 12 till 14 fots djupg\u00e5ende \u00e4r en liten god hamn emellan Kr\u00e5kelund och L\u00e5ng\u00f6n, vars inlopp g\u00e5r Vest a VtN t\u00e4tt norr om b\u00e5ken.<br>Hamnen har 3 \u00e1 4 famnars djup, men \u00e4r mycket tr\u00e5ng.<br>Man f\u00f6rt\u00f6jer derf\u00f6re utmed Tullstugan, som ligger vid den norra stranden.\u201d<\/em><strong><\/strong><\/p>\n\n\n\n<p>N\u00e4mns i en seglingsbeskrivning av Gustav Klint fr\u00e5n 1830-talet.<\/p>\n\n\n\n<p>\u201dR\u00e4nnan f\u00e5r derf\u00f6re ej nalkas inom \u00bd mil d\u00e5 det \u00e4r i NNV eller Kr\u00e5kelunds b\u00e5k bringas ostligare an NtO 1\/20 emedan trenne grund R\u00f6nsk\u00e4rs b\u00e5da af 12 till 14 fot ligga \u00bc mil ostvart fr\u00e5n detta sk\u00e4r.<\/p>\n\n\n\n<p>I \u00f6frigt har den vid Kr\u00e5kelund uppresta Spirib\u00e5ken, som \u00e4r 40 fot h\u00f6g, blifvit bekl\u00e4dd med hvitf\u00e4rgade br\u00e4der i form av en pyramid och utg\u00f6r s\u00e5ledes en god r\u00e4ttelse d\u00e5 man \u00e4r n\u00e4ra intill denna Sk\u00e4rg\u00e5rd.<\/p>\n\n\n\n<p><strong>Ur \u2019Den svenske lotsen\u201d fr\u00e5n 1853<\/strong>:<br>Vid Kr\u00e5kelund f\u00e5s lots, som m\u00f6ter p\u00e5 given signal utanf\u00f6r Knuts- och Bredgrunden<\/p>\n\n\n\n<p>Enligt 1863 \u00e5rs f\u00f6rteckning \u00e4r lotsomr\u00e5det f\u00f6ljande: Fr\u00e5n Kr\u00e5kelund till Strup\u00f6 resp. V\u00e5ll\u00f6, Storgrundet eller Figeholm, Oskarshamn, Saltviken, Glosta, till och fr\u00e5n sj\u00f6n.<\/p>\n\n\n\n<p>1874 gick 13 barn (10 pojkar och 3 flickor) i lotsbarnskola i Kr\u00e5kelund. Totalt hade undervisning skett under 81 dagar. 1875 var det endast 6 barn i skolan och \u00e5ret d\u00e4rp\u00e5 (1876) var elevantalet uppe i 12 barn. 1879= 19 barn i lotsbarnskolan.<\/p>\n\n\n\n<p>1875 genomf\u00f6rdes 193 lotsningar av lotsarna i Kr\u00e5kelund.<\/p>\n\n\n\n<p>1882 fick tv\u00e5 lotsar och en lotsl\u00e4rling 60:- i bel\u00f6ning f\u00f6r att man den 27 november 1881 g\u00e5tt ut till den svenska skonerten Emania. Fartyget lotsades i sv\u00e5r storm in till n\u00f6dhamn vid Kr\u00e5kelund.<\/p>\n\n\n\n<p>1882 uppf\u00f6rdes ett uppassningshus och en materialbod p\u00e5 Munkb\u00f6tet (vid Kr\u00e5kelund) av Lotsstyrelsen.<\/p>\n\n\n\n<p>1903 byggdes tv\u00e5 stenkistor av Lotsstyrelsen.<\/p>\n\n\n\n<p>\u00c5r 1915 genomf\u00f6rdes 51 lotsningar av lotsarna p\u00e5 Kr\u00e5kelund<\/p>\n\n\n\n<p>Vid fastl\u00e4ggande av budgeten vid 1942 \u00e5rs riksdag anslogs 32000 :- f\u00f6r \u201dNy hamn vid Kr\u00e5kelunds lotsplats\u201d.<\/p>\n\n\n\n<p>B\u00e5tbest\u00e5ndet 1920:<br>1 motorb\u00e5t byggd 1913 6.9&#215;2.1 5 hk S\u00e4ffle<br>1 segelb\u00e5t byggd 1901 5.4&#215;1.8<\/p>\n\n\n\n<p>1943 byggdes en ny b\u00e5thamn och b\u00e5tslip. Lotsuppassningshuset m\u00e5lades utv\u00e4ndigt.<\/p>\n\n\n\n<p>1944 ink\u00f6ptes 10&nbsp;040 m<sup>2<\/sup> med tillh\u00f6rande vattenomr\u00e5de f\u00f6r hamnen. Omr\u00e5det f\u00f6rv\u00e4rvades efter Kunglig Maj:t medgivande av 1 december 1944.<\/p>\n\n\n\n<p>1946 byggdes en agafyr p\u00e5 Ekudden NV om Kr\u00e5kelunds B\u00e5k. Fyren ben\u00e4mns Kr\u00e5kelund.<\/p>\n\n\n\n<p>1946 beg\u00e4rde Lotsstyrelsen 8000 kr \u201dAnordnande av fyrbelysning f\u00f6r ang\u00f6ring av Kr\u00e5kelunds nya lotshamn m.m.<\/p>\n\n\n\n<p>1946 tr\u00e4ffades avtal om uppl\u00e5telse av mark f\u00f6r fyrarna Kr\u00e5kelund och Kr\u00e5kelunds lotshamns nedre och \u00f6vre fyrar.<\/p>\n\n\n\n<p>1947 byggdes en fyr-enslinje f\u00f6r att underl\u00e4tta ang\u00f6ringen till lotshamnen, B\u00e4gge fyrarna var agafyrar och ben\u00e4mndes Kr\u00e5kelunds nedre och \u00f6vre.<\/p>\n\n\n\n<p>1950 genomf\u00f6rdes 130 lotsningar av lotsarna vid Kr\u00e5kelund.<\/p>\n\n\n\n<p>1953 skedde en om- och tillbyggnad av lotsuppassningshuset samt borrning av en ny brunn.<\/p>\n\n\n\n<p>Den 1 juni 1953 drogs in som sj\u00e4lvst\u00e4ndig lotsplats och blev d\u00e4refter lotsuppassningsplats<\/p>\n\n\n\n<p>Den 1 juni 1968 drogs Kr\u00e5kelunds lotsuppassningsplats in och s\u00e5 sm\u00e5ningom f\u00f6rvandlades Kr\u00e5kelund till sj\u00f6r\u00e4ddningsstation i Sj\u00f6fartsverkets regi.<\/p>\n\n\n\n<p>MARS\u00d6<\/p>\n\n\n\n<p>\u00c4r en \u00f6 strax norr om Utl\u00e5ng\u00f6 och Kr\u00e5kelund som hade lotsverksamhet fram till 1850 talet men lotsbarnskolan fanns kvar till 1870. Lotsplatsen l\u00e5g helt under Kr\u00e5kelunds och finns inte med i n\u00e5gra f\u00f6rteckningar eller reglementen.<\/p>\n\n\n\n<p>1582 fanns 1 styreman p\u00e5 Mars\u00f6 och 1601 var Mars\u00f6 fortfarande styremansort.<\/p>\n\n\n\n<p>K\u00e4nda lotsar stationerade p\u00e5 Mars\u00f6 var Anders, Per och Lars J\u00f6nsson, Olof Andersson samt l\u00e4rlingen Sante Santesson, samtliga lotsade i mitten av 1700 talet<\/p>\n\n\n\n<p>Lotsar o B\u00e5tm\u00e4n p\u00e5 Kr\u00e5kelund<\/p>\n\n\n\n<figure class=\"wp-block-table alignwide\"><table class=\"has-fixed-layout\"><tbody><tr><td><strong>Efternamn<\/strong><\/td><td><strong>F\u00f6rnamn<\/strong><\/td><td><strong>F\u00f6dd<\/strong><\/td><td>I<strong> Staten<\/strong><\/td><td><strong>B\u00e5tman<\/strong><\/td><td><strong>Lpl 1<\/strong><\/td><td><strong>\u00d6vriga<\/strong><\/td><\/tr><tr><td>Andersson<\/td><td>P<\/td><td><\/td><td><\/td><td><\/td><td>Kr\u00e5kelund<\/td><td><\/td><\/tr><tr><td>Andersson<\/td><td>J<\/td><td><\/td><td><\/td><td><\/td><td>Kr\u00e5kelund<\/td><td><\/td><\/tr><tr><td>Andersson<\/td><td>Olof<\/td><td><\/td><td><\/td><td><\/td><td>Kr\u00e5kelund<\/td><td><\/td><\/tr><tr><td>Andersson<\/td><td>Olof<\/td><td><\/td><td><\/td><td><\/td><td>Kr\u00e5kelund<\/td><td><\/td><\/tr><tr><td>Gabrielsson<\/td><td>A<\/td><td><\/td><td><\/td><td><\/td><td>Kr\u00e5kelund<\/td><td><\/td><\/tr><tr><td>Jonasson<\/td><td>S<\/td><td><\/td><td><\/td><td><\/td><td>Kr\u00e5kelund<\/td><td><\/td><\/tr><tr><td>J\u00f6nsson<\/td><td>Mats<\/td><td><\/td><td><\/td><td><\/td><td>Kr\u00e5kelund<\/td><td><\/td><\/tr><tr><td>J\u00f6nsson<\/td><td>Anders<\/td><td><\/td><td><\/td><td><\/td><td>Kr\u00e5kelund<\/td><td><\/td><\/tr><tr><td>J\u00f6nsson<\/td><td>Sante<\/td><td><\/td><td><\/td><td><\/td><td>Kr\u00e5kelund<\/td><td><\/td><\/tr><tr><td>Larsson<\/td><td>J<\/td><td><\/td><td><\/td><td><\/td><td>Kr\u00e5kelund<\/td><td><\/td><\/tr><tr><td>M\u00e5nsson<\/td><td>A<\/td><td><\/td><td><\/td><td><\/td><td>Kr\u00e5kelund<\/td><td><\/td><\/tr><tr><td>Nilsson<\/td><td>A<\/td><td><\/td><td><\/td><td><\/td><td>Kr\u00e5kelund<\/td><td><\/td><\/tr><tr><td>Nilsson<\/td><td>Gabriel<\/td><td><\/td><td><\/td><td><\/td><td>Kr\u00e5kelund<\/td><td><\/td><\/tr><tr><td>Olofsson<\/td><td>Nils<\/td><td><\/td><td><\/td><td><\/td><td>Kr\u00e5kelund<\/td><td><\/td><\/tr><tr><td>Olofsson<\/td><td>J\u00f6ns<\/td><td><\/td><td><\/td><td><\/td><td>Kr\u00e5kelund<\/td><td><\/td><\/tr><tr><td>Olsson<\/td><td>A<\/td><td><\/td><td><\/td><td><\/td><td>Kr\u00e5kelund<\/td><td><\/td><\/tr><tr><td>Pehrsson<\/td><td>N<\/td><td><\/td><td><\/td><td><\/td><td>Kr\u00e5kelund<\/td><td><\/td><\/tr><tr><td>Pehrsson<\/td><td>A<\/td><td><\/td><td><\/td><td><\/td><td>Kr\u00e5kelund<\/td><td><\/td><\/tr><tr><td>Santesson<\/td><td>Sante<\/td><td><\/td><td><\/td><td><\/td><td>Kr\u00e5kelund<\/td><td><\/td><\/tr><tr><td>Widegren<\/td><td>Alexander<\/td><td><\/td><td><\/td><td><\/td><td>Kr\u00e5kelund<\/td><td><\/td><\/tr><tr><td>Widgren<\/td><td>Emanuel<\/td><td><\/td><td><\/td><td><\/td><td>Kr\u00e5kelund<\/td><td><\/td><\/tr><tr><td>J\u00f6nsson<\/td><td>Lars<\/td><td>1736<\/td><td>1754<\/td><td><\/td><td>Kr\u00e5kelund<\/td><td><\/td><\/tr><tr><td>Andersson<\/td><td>Jan<\/td><td><\/td><td>1759<\/td><td><\/td><td>Kr\u00e5kelund<\/td><td><\/td><\/tr><tr><td>Nilsson<\/td><td>Anders<\/td><td><\/td><td>1759<\/td><td><\/td><td>Kr\u00e5kelund<\/td><td><\/td><\/tr><tr><td>J\u00f6nsson<\/td><td>Per<\/td><td><\/td><td>1760<\/td><td><\/td><td>Kr\u00e5kelund<\/td><td><\/td><\/tr><tr><td>Gabrielsson<\/td><td>Anders<\/td><td>1714<\/td><td>1763<\/td><td><\/td><td>Kr\u00e5kelund<\/td><td><\/td><\/tr><tr><td>Andersson<\/td><td>Jonas<\/td><td>1750<\/td><td>1765<\/td><td><\/td><td>Kr\u00e5kelund<\/td><td><\/td><\/tr><tr><td>Andersson<\/td><td>Anders<\/td><td><\/td><td>1770<\/td><td><\/td><td>Kr\u00e5kelund<\/td><td><\/td><\/tr><tr><td>Santesson<\/td><td>J\u00f6ns<\/td><td><\/td><td>1771<\/td><td><\/td><td>Kr\u00e5kelund<\/td><td><\/td><\/tr><tr><td>Andersson<\/td><td>Jon<\/td><td><\/td><td>1773<\/td><td><\/td><td>Kr\u00e5kelund<\/td><td><\/td><\/tr><tr><td>Lundquist<\/td><td>Anders<\/td><td>1836<\/td><td>1854<\/td><td><\/td><td>Kr\u00e5kelund<\/td><td><\/td><\/tr><tr><td>Olsson<\/td><td>Anders<\/td><td>1838<\/td><td>1862<\/td><td><\/td><td>Kr\u00e5kelund<\/td><td><\/td><\/tr><tr><td>Larsson<\/td><td>Carl<\/td><td>1842<\/td><td>1865<\/td><td><\/td><td>Kr\u00e5kelund<\/td><td><\/td><\/tr><tr><td>Borgstedt<\/td><td>Anders<\/td><td>1850<\/td><td>1868<\/td><td><\/td><td>Kr\u00e5kelund<\/td><td><\/td><\/tr><tr><td>Lindstr\u00f6m<\/td><td>Nils<\/td><td>1854<\/td><td>1874<\/td><td><\/td><td>Kr\u00e5kelund<\/td><td><\/td><\/tr><tr><td>Sundstr\u00f6m<\/td><td>Anders<\/td><td>1853<\/td><td>1874<\/td><td><\/td><td>Kr\u00e5kelund<\/td><td>Figeholm<\/td><\/tr><tr><td>Sundstr\u00f6m<\/td><td>Carl<\/td><td>1879<\/td><td>1893<\/td><td><\/td><td>Kr\u00e5kelund<\/td><td>Strup\u00f6<\/td><\/tr><tr><td>Elfving<\/td><td>Per<\/td><td>1876<\/td><td>1898<\/td><td><\/td><td>Kr\u00e5kelund<\/td><td><\/td><\/tr><tr><td>Sj\u00f6doff<\/td><td>Johan<\/td><td>1873<\/td><td>1898<\/td><td><\/td><td>Kr\u00e5kelund<\/td><td><\/td><\/tr><tr><td>Mor\u00e9n<\/td><td>John<\/td><td>1878<\/td><td>1900<\/td><td><\/td><td>Kr\u00e5kelund<\/td><td><\/td><\/tr><tr><td>Tillman<\/td><td>Karl<\/td><td>1889<\/td><td>1905<\/td><td><\/td><td>Kr\u00e5kelund<\/td><td><\/td><\/tr><tr><td>Wir\u00e9n<\/td><td>Josef<\/td><td>1886<\/td><td>1907<\/td><td><\/td><td>Kr\u00e5kelund<\/td><td>Oskarshamn<\/td><\/tr><tr><td>Nilsson<\/td><td>Hugo<\/td><td>1895<\/td><td>1913<\/td><td><\/td><td>Kr\u00e5kelund<\/td><td><\/td><\/tr><tr><td>Segersj\u00f6<\/td><td>Hugo<\/td><td>1895<\/td><td>1913<\/td><td><\/td><td>Kr\u00e5kelund<\/td><td>Ark\u00f6\/Norrk\u00f6ping<\/td><\/tr><tr><td>Sj\u00f6doff<\/td><td>Veiner<\/td><td>1898<\/td><td>1915<\/td><td><\/td><td>Kr\u00e5kelund<\/td><td>Oskarshamn<\/td><\/tr><tr><td>Ohlsson<\/td><td>Jarl<\/td><td>1903<\/td><td>1923<\/td><td><\/td><td>Kr\u00e5kelund<\/td><td><\/td><\/tr><tr><td>Ackling<\/td><td>Erik<\/td><td>1907<\/td><td>1926<\/td><td><\/td><td>Kr\u00e5kelund<\/td><td><\/td><\/tr><tr><td>\u00d6hlin<\/td><td>Ivar<\/td><td>1910<\/td><td>1931<\/td><td><\/td><td>Strup\u00f6<\/td><td>Kr\u00e5kelund<\/td><\/tr><tr><td>\u00d6rd\u00e9n<\/td><td>Hans<\/td><td>1912<\/td><td>1931<\/td><td><\/td><td>Strup\u00f6<\/td><td>Kr\u00e5kelund<\/td><\/tr><tr><td>Tillman<\/td><td>Karl<\/td><td>1921<\/td><td>1938<\/td><td>1953-10-01<\/td><td>Kr\u00e5kelund<\/td><td><\/td><\/tr><tr><td>Olsson<\/td><td>Hans<\/td><td>1918<\/td><td>1940<\/td><td><\/td><td>Kr\u00e5kelund<\/td><td>Oskarshamn<\/td><\/tr><tr><td>Wir\u00e9en<\/td><td>Kurt<\/td><td>1923<\/td><td>1948<\/td><td><\/td><td>Kr\u00e5kelund<\/td><td>Oskarshamn<\/td><\/tr><tr><td>Karlsson<\/td><td>Bertil<\/td><td>1921<\/td><td>1952<\/td><td><\/td><td>Kr\u00e5kelund<\/td><td>Oskarshamn<\/td><\/tr><tr><td>Holts\u00e4ter<\/td><td>Nils<\/td><td>1926<\/td><td>1954<\/td><td><\/td><td>Kr\u00e5kelund<\/td><td><\/td><\/tr><tr><td>Nilsson<\/td><td>Anders<\/td><td>1925<\/td><td>1960<\/td><td>1961-10-01<\/td><td>Kr\u00e5kelund<\/td><td>Oskarshamn\/Oxel\u00f6sund<\/td><\/tr><\/tbody><\/table><\/figure>\n","protected":false},"excerpt":{"rendered":"<p>57\u00b0 26.903&#8242; N 16\u00b0 43.462&#8242; E Kr\u00e5kelund lotsplats och tullstation Lotsverksamhet sedan slutet av 1500-talet Fogder\u00e4kenskaper fr\u00e5n 1500- och 1600-talen visar att s\u00e4songsfiske bedrivits fr\u00e5n Kr\u00e5kelundsomr\u00e5det. I Kr\u00e5kelund l\u00e5g en tullpostering som lydde under Sp\u00e5r\u00f6sunds tullstation. Kr\u00e5kelund eller L\u00e5ng\u00f6 var namnet p\u00e5 styrmanshemmanet innan 1640 d\u00e5 det fick sitt lotsplatsnamn. 1640 minskades antalet styrmansorternas antal&hellip; <a class=\"more-link\" href=\"https:\/\/lotsarnastockholm.se\/index.php\/krakelunds-lotsplats\/\">Forts\u00e4tt l\u00e4sa <span class=\"screen-reader-text\">Kr\u00e5kelund Lotsplats<\/span><\/a><\/p>\n","protected":false},"author":1,"featured_media":0,"parent":0,"menu_order":0,"comment_status":"closed","ping_status":"closed","template":"","meta":{"footnotes":""},"class_list":["post-4312","page","type-page","status-publish","hentry","entry"],"_links":{"self":[{"href":"https:\/\/lotsarnastockholm.se\/index.php\/wp-json\/wp\/v2\/pages\/4312","targetHints":{"allow":["GET"]}}],"collection":[{"href":"https:\/\/lotsarnastockholm.se\/index.php\/wp-json\/wp\/v2\/pages"}],"about":[{"href":"https:\/\/lotsarnastockholm.se\/index.php\/wp-json\/wp\/v2\/types\/page"}],"author":[{"embeddable":true,"href":"https:\/\/lotsarnastockholm.se\/index.php\/wp-json\/wp\/v2\/users\/1"}],"replies":[{"embeddable":true,"href":"https:\/\/lotsarnastockholm.se\/index.php\/wp-json\/wp\/v2\/comments?post=4312"}],"version-history":[{"count":10,"href":"https:\/\/lotsarnastockholm.se\/index.php\/wp-json\/wp\/v2\/pages\/4312\/revisions"}],"predecessor-version":[{"id":7738,"href":"https:\/\/lotsarnastockholm.se\/index.php\/wp-json\/wp\/v2\/pages\/4312\/revisions\/7738"}],"wp:attachment":[{"href":"https:\/\/lotsarnastockholm.se\/index.php\/wp-json\/wp\/v2\/media?parent=4312"}],"curies":[{"name":"wp","href":"https:\/\/api.w.org\/{rel}","templated":true}]}}