{"id":4260,"date":"2022-12-28T18:55:38","date_gmt":"2022-12-28T17:55:38","guid":{"rendered":"https:\/\/lotsarnastockholm.se\/?page_id=4260"},"modified":"2026-03-13T19:29:37","modified_gmt":"2026-03-13T18:29:37","slug":"skaggenas","status":"publish","type":"page","link":"https:\/\/lotsarnastockholm.se\/index.php\/skaggenas\/","title":{"rendered":"Sk\u00e4ggen\u00e4s Lotsplats"},"content":{"rendered":"\n<p class=\"has-text-align-center\"><a href=\"https:\/\/www.google.com\/maps\/place\/56%C2%B046'34.9%22N+16%C2%B028'42.5%22E\/@56.7763529,16.4762946,17z\/data=!3m1!4b1!4m4!3m3!8m2!3d56.77635!4d16.4784833\">56\u00b0 46.581&#8242; N 16\u00b0 28.709&#8242; E<\/a><\/p>\n\n\n\n<figure class=\"wp-block-image size-full\"><a href=\"https:\/\/lotsarnastockholm.se\/wp-content\/uploads\/2022\/12\/lotsplatsen.jpg\"><img fetchpriority=\"high\" decoding=\"async\" width=\"870\" height=\"545\" src=\"https:\/\/lotsarnastockholm.se\/wp-content\/uploads\/2022\/12\/lotsplatsen.jpg\" alt=\"\" class=\"wp-image-4261\" srcset=\"https:\/\/lotsarnastockholm.se\/wp-content\/uploads\/2022\/12\/lotsplatsen.jpg 870w, https:\/\/lotsarnastockholm.se\/wp-content\/uploads\/2022\/12\/lotsplatsen-300x188.jpg 300w, https:\/\/lotsarnastockholm.se\/wp-content\/uploads\/2022\/12\/lotsplatsen-768x481.jpg 768w\" sizes=\"(max-width: 870px) 100vw, 870px\" \/><\/a><figcaption class=\"wp-element-caption\">Sk\u00e4ggen\u00e4s Lots och fyrplats. Foto Kalmar Museum<\/figcaption><\/figure>\n\n\n\n<figure class=\"wp-block-gallery has-nested-images columns-default is-cropped wp-block-gallery-1 is-layout-flex wp-block-gallery-is-layout-flex\">\n<figure class=\"wp-block-image size-large\"><a href=\"https:\/\/lotsarnastockholm.se\/wp-content\/uploads\/2024\/01\/Skaggenas-Lp-1944.jpg\"><img decoding=\"async\" width=\"206\" height=\"223\" data-id=\"6547\" src=\"https:\/\/lotsarnastockholm.se\/wp-content\/uploads\/2024\/01\/Skaggenas-Lp-1944.jpg\" alt=\"\" class=\"wp-image-6547\"\/><\/a><figcaption class=\"wp-element-caption\">1944<\/figcaption><\/figure>\n\n\n\n<figure class=\"wp-block-image size-large\"><a href=\"https:\/\/lotsarnastockholm.se\/wp-content\/uploads\/2024\/01\/Skaggenas-Lp-1960.png\"><img decoding=\"async\" width=\"725\" height=\"550\" data-id=\"6548\" src=\"https:\/\/lotsarnastockholm.se\/wp-content\/uploads\/2024\/01\/Skaggenas-Lp-1960.png\" alt=\"\" class=\"wp-image-6548\" srcset=\"https:\/\/lotsarnastockholm.se\/wp-content\/uploads\/2024\/01\/Skaggenas-Lp-1960.png 725w, https:\/\/lotsarnastockholm.se\/wp-content\/uploads\/2024\/01\/Skaggenas-Lp-1960-300x228.png 300w\" sizes=\"(max-width: 725px) 100vw, 725px\" \/><\/a><figcaption class=\"wp-element-caption\">1960<\/figcaption><\/figure>\n<\/figure>\n\n\n\n<p>Sk\u00e4ggen\u00e4s (Sk\u00e4ggan\u00e4s) inr\u00e4ttades 1696 och lades ned 1962 och g\u00f6rom\u00e5len flyttade till M\u00f6nster\u00e5s och Kalmar lpl.<\/p>\n\n\n\n<p><strong>Ur rulla 1736:<\/strong><br>Lots Johan Pehrsson 33 \u00e5r i tj 1728<br>Lots Anders Pehrsson, 24 \u00e5r, i tj 1730<br>Lotsdr\u00e4ng Pehr Pehrsson i tj 1732<\/p>\n\n\n\n<p><strong>Ur rulla 1744:<\/strong><br>Lotsar Johan P\u00e4rsson och Anders P\u00e4rsson samt lotsdr\u00e4ng P\u00e4r P\u00e4rsson<\/p>\n\n\n\n<p>Ur Reglemente f\u00f6r Lotswerket 1799: Under S\u00f6dra lotsdistriktet och under lotsuppsyningsman f\u00f6r Kalmar f\u00f6rdelning lyder Sk\u00e4ggan\u00e4s lotsplats. Lyder under lots\u00e5lderman i Kalmar med 2 ord lotsar, 1 utl\u00e4rd reservlotsdr\u00e4ng och 2 lotsl\u00e4rlingar.<\/p>\n\n\n\n<p><strong>Ur rulla 1774<\/strong><br>Lots: Ivan Persson, 35 \u00e5r, i tj 1760<br>Lots: Jon Nilsson 34 \u00e5r i tj 1761<br>Utl\u00e4rd dr\u00e4ng: Per M\u00e5nsson 33 \u00e5r i tj 1763<br>Lotsl\u00e4rling: Nils Pettersson 29 \u00e5r i tj 1763<\/p>\n\n\n\n<p><strong>Ur rulla 1817:<\/strong><\/p>\n\n\n\n<p>Ord. lots O. Pettersson och JC Pettersson<br>Ord. lotsdr\u00e4ng N \u00d6berg<br>Reserv lotsdr\u00e4ng N \u00d6berg<br>Lotsl\u00e4rling PL Olofsson och NP Nilsson<\/p>\n\n\n\n<p><strong>Ur 1820 \u00e5rs f\u00f6rteckning<\/strong>: Till W\u00e5ll\u00f6, M\u00f6nster\u00e5s, Pataholm, Calmar inre leden, Ljungn\u00e4s, H\u00e4sten\u00e4s, Timmernabben Borghamn, Djuphamn, sj\u00f6ss eller fr\u00e5n.<br>Reglemente:&nbsp; 2 m\u00e4sterlotsar, 2 secundlotsar 2 l\u00e4rlingar. Lots uppassa vid Revsudden mottaga fr\u00e5n sj\u00f6n kommande fartyg utanf\u00f6r grundet Hatten och inomsk\u00e4rs g\u00e5ende mittf\u00f6r N\u00e4set.<\/p>\n\n\n\n<p>1853 Ur \u201dden Svenske lotsen\u201d<br>Sk\u00e4ggen\u00e4s lotsen lotsar vanligen till Kalmar redd och Kalmarlotsen ifr\u00e5n rdden till sj\u00f6ss eller in i hamnen.<\/p>\n\n\n\n<p><strong>Ur reglemente 1863<\/strong>: Lotsningsomr\u00e5de fr\u00e5n Sk\u00e4ggen\u00e4s till V\u00e5ll\u00f6 respektive M\u00f6nster\u00e5s, Pataholm, Kalmar, Ljungn\u00e4s, H\u00e4sten\u00e4s, Timmernabben, Ekerumshamn, Borgholm, Djuphamn, till sj\u00f6ss eller fr\u00e5n sj\u00f6n.<\/p>\n\n\n\n<p>1874: \u00c5tal mot kronolots CW L-m f\u00f6r grundst\u00f6tning utanf\u00f6r M\u00f6nster\u00e5s med skonerten SOFIE, B\u00f6ter 75 rdr.<br>\u00c5tal mot kronolots PA Sandstr\u00f6m f\u00f6r oegentligheter med pengar och intyg. Straff 2 m\u00e5naders f\u00e4ngelse. Lotsplatsen anskaffat en \u00f6ppen lotsb\u00e5t<\/p>\n\n\n\n<p>1893 den 2 okt beg\u00e5vo sig lotsf\u00f6rman en lots och tv\u00e5 lotsl\u00e4rlingar under stark sydlig storm i \u00f6ppen b\u00e5t ut fr\u00e5n Sk\u00e4ggen\u00e4s lpl mot skonertskeppet TILLY och lyckades med fara f\u00f6r egna liv s\u00e4tta lots ombord i fartyget som p\u00e5f\u00f6ljande dag d\u00e5 vinden g\u00e5tt \u00f6ver till nordlig inlotsades till Kalmar och bel\u00f6nades b\u00e5tlaget f\u00f6r visat nit vid uppfyllandet av sin tj\u00e4nsteplikt med 60 kr.<\/p>\n\n\n\n<p><strong>Ur lotsledsf\u00f6rteckning 1916<\/strong>, Lots uppassa \u00e5 Revsudden. Lotsleden fr\u00e5n sj\u00f6n vid Sk\u00e4ggen\u00e4s till Sj\u00f6n vid D\u00e4mman eller V\u00e5ll\u00f6 samt sj\u00f6n vid M\u00f6nster\u00e5s, Timmernabben, Pataholm, Borgholm. Till Stora R\u00f6r respektive Drag eller tv\u00e4rtom, Till ankarplats innanf\u00f6r Revsudden, till Kalmar hamneller redd, sj\u00f6n vid Grimsk\u00e4r.<br>D\u00e4ckad lotsb\u00e5t finnas vid platsen.<\/p>\n\n\n\n<p>Anm\u00e4rkning: En linje fr\u00e5n Algutsrums kyrka till V\u00e4rsn\u00e4s udde utg\u00e5r i \u00f6vrigt gr\u00e4nsen mellan de omr\u00e5den fr\u00e5n vilka lotsarna vid Sk\u00e4ggen\u00e4s och Kalmar lotsplatser f\u00f6rr\u00e4tta lotsningar<\/p>\n\n\n\n<p><strong>1920 \u00e5rs b\u00e5tbest\u00e5nd:<\/strong><br>1 d\u00e4ckad kutter byggd 1911, ek, 8.6&#215;2.9 8 hk Bolinder<br>1 motorb\u00e5t 7 m 5 hk<br>1 segelb\u00e5t byggd 1900, ek, 5.4&#215;1.6<br>1 segelb\u00e5t byggd 1915, ek, 5.8&#215;1.7<\/p>\n\n\n\n<p>1937 Byggdes ett nytt lotsuppassningshus med v\u00e4rmeledning. Huset var byggt med anv\u00e4nt virke fr\u00e5n uppassningshuset vid Timmernabbens indragna lotsplats<\/p>\n\n\n\n<p>Lotsar och b\u00e5tm\u00e4n vid Sk\u00e4ggen\u00e4s Lpl<\/p>\n\n\n\n<figure class=\"wp-block-table alignwide\"><table class=\"has-fixed-layout\"><tbody><tr><td><strong>Efternamn<\/strong><\/td><td><strong>F\u00f6rnamn<\/strong><\/td><td><strong>F\u00f6dd<\/strong><\/td><td><strong>I Staten<\/strong><\/td><td><strong>B\u00e5tman<\/strong><\/td><td><strong>Lpl 1<\/strong><\/td><td><strong>Lpl 2<\/strong><\/td><td><strong>Lpl 3<\/strong><\/td><td><strong>Lpl 4<\/strong><\/td><\/tr><tr><td>Nilsson<\/td><td>N<\/td><td><\/td><td><\/td><td><\/td><td>Sk\u00e4ggen\u00e4s<\/td><td><\/td><td><\/td><td><\/td><\/tr><tr><td>Olofsson<\/td><td>P<\/td><td><\/td><td><\/td><td><\/td><td>Sk\u00e4ggen\u00e4s<\/td><td><\/td><td><\/td><td><\/td><\/tr><tr><td>Pettersson<\/td><td>O<\/td><td><\/td><td><\/td><td><\/td><td>Sk\u00e4ggen\u00e4s<\/td><td><\/td><td><\/td><td><\/td><\/tr><tr><td>Pettersson<\/td><td>J<\/td><td><\/td><td><\/td><td><\/td><td>Sk\u00e4ggen\u00e4s<\/td><td><\/td><td><\/td><td><\/td><\/tr><tr><td>\u00d6berg<\/td><td>N<\/td><td><\/td><td><\/td><td><\/td><td>Sk\u00e4ggen\u00e4s<\/td><td><\/td><td><\/td><td><\/td><\/tr><tr><td>\u00d6berg<\/td><td>N<\/td><td><\/td><td><\/td><td><\/td><td>Sk\u00e4ggen\u00e4s<\/td><td><\/td><td><\/td><td><\/td><\/tr><tr><td>Pehrsson<\/td><td>Johan<\/td><td>1703<\/td><td>1728<\/td><td><\/td><td>Sk\u00e4ggen\u00e4s<\/td><td><\/td><td><\/td><td><\/td><\/tr><tr><td>Pehrsson<\/td><td>Anders<\/td><td>1712<\/td><td>1730<\/td><td><\/td><td>Sk\u00e4ggen\u00e4s<\/td><td><\/td><td><\/td><td><\/td><\/tr><tr><td>Pehrsson<\/td><td>Pehr<\/td><td>1720<\/td><td>1732<\/td><td><\/td><td>Sk\u00e4ggen\u00e4s<\/td><td><\/td><td><\/td><td><\/td><\/tr><tr><td>Persson<\/td><td>Ivan<\/td><td>1739<\/td><td>1760<\/td><td><\/td><td>Sk\u00e4ggen\u00e4s<\/td><td><\/td><td><\/td><td><\/td><\/tr><tr><td>Nilsson<\/td><td>Jon<\/td><td>1740<\/td><td>1761<\/td><td><\/td><td>Sk\u00e4ggen\u00e4s<\/td><td><\/td><td><\/td><td><\/td><\/tr><tr><td>M\u00e5nsson<\/td><td>Per<\/td><td>1741<\/td><td>1763<\/td><td><\/td><td>Sk\u00e4ggen\u00e4s<\/td><td><\/td><td><\/td><td><\/td><\/tr><tr><td>Pettersson<\/td><td>Nils<\/td><td>1745<\/td><td>1763<\/td><td><\/td><td>Sk\u00e4ggen\u00e4s<\/td><td><\/td><td><\/td><td><\/td><\/tr><tr><td>L-m<\/td><td>C<\/td><td><\/td><td>1863<\/td><td><\/td><td>Sk\u00e4ggen\u00e4s<\/td><td><\/td><td><\/td><td><\/td><\/tr><tr><td>Sandstr\u00f6m<\/td><td>P<\/td><td><\/td><td>1863<\/td><td><\/td><td>Sk\u00e4ggen\u00e4s<\/td><td><\/td><td><\/td><td><\/td><\/tr><tr><td>Sk\u00e4gge<\/td><td>Carl<\/td><td>1834<\/td><td><\/td><td><\/td><td>Sk\u00e4ggen\u00e4s<\/td><td><\/td><td><\/td><td><\/td><\/tr><tr><td>Nilsson<\/td><td>Johan<\/td><td>1841<\/td><td>1864<\/td><td><\/td><td>Sk\u00e4ggen\u00e4s<\/td><td><\/td><td><\/td><td><\/td><\/tr><tr><td>Petersson<\/td><td>Fredric<\/td><td>1846<\/td><td><\/td><td><\/td><td>Sk\u00e4ggen\u00e4s<\/td><td><\/td><td><\/td><td><\/td><\/tr><tr><td>Sund\u00e9n<\/td><td>Carl<\/td><td>1846<\/td><td>1870<\/td><td><\/td><td>Sk\u00e4ggen\u00e4s<\/td><td><\/td><td><\/td><td><\/td><\/tr><tr><td>Nilsson<\/td><td>Frans<\/td><td>1851<\/td><td><\/td><td><\/td><td>Sk\u00e4ggen\u00e4s<\/td><td><\/td><td><\/td><td><\/td><\/tr><tr><td>Sylvander<\/td><td>Per<\/td><td>1856<\/td><td>1875<\/td><td><\/td><td>Sk\u00e4ggen\u00e4s<\/td><td><\/td><td><\/td><td><\/td><\/tr><tr><td>Sandstr\u00f6m<\/td><td>Elof<\/td><td>1869<\/td><td>1887<\/td><td><\/td><td>Sk\u00e4ggen\u00e4s<\/td><td>Kalmar<\/td><td><\/td><td><\/td><\/tr><tr><td>Sunden<\/td><td>Bernhard<\/td><td>1872<\/td><td>1890<\/td><td><\/td><td>Sk\u00e4ggen\u00e4s<\/td><td><\/td><td><\/td><td><\/td><\/tr><tr><td>Sund\u00e9n<\/td><td>Johan<\/td><td>1874<\/td><td>1891<\/td><td><\/td><td>Sk\u00e4ggen\u00e4s<\/td><td><\/td><td><\/td><td><\/td><\/tr><tr><td>Rylander<\/td><td>Gustaf<\/td><td>1876<\/td><td>1891<\/td><td><\/td><td>Sk\u00e4ggen\u00e4s<\/td><td><\/td><td><\/td><td><\/td><\/tr><tr><td>Ros\u00e9n<\/td><td>Oscar<\/td><td>1878<\/td><td>1894<\/td><td><\/td><td>Sk\u00e4ggen\u00e4s<\/td><td><\/td><td><\/td><td><\/td><\/tr><tr><td>Bertram<\/td><td>Johan<\/td><td>1878<\/td><td>1899<\/td><td><\/td><td>Sk\u00e4ggen\u00e4s<\/td><td><\/td><td><\/td><td><\/td><\/tr><tr><td>Str\u00f6m<\/td><td>Alfred<\/td><td>1878<\/td><td>1901<\/td><td><\/td><td>Timmernabben<\/td><td>Sk\u00e4ggen\u00e4s<\/td><td><\/td><td><\/td><\/tr><tr><td>Hart<\/td><td>Per<\/td><td>1879<\/td><td><\/td><td><\/td><td>Sk\u00e4ggen\u00e4s<\/td><td><\/td><td><\/td><td><\/td><\/tr><tr><td>Sund\u00e9n<\/td><td>Axel<\/td><td>1879<\/td><td>1894<\/td><td><\/td><td>Sk\u00e4ggen\u00e4s<\/td><td><\/td><td><\/td><td><\/td><\/tr><tr><td>Johansson<\/td><td>John<\/td><td>1893<\/td><td>1910<\/td><td><\/td><td>Sk\u00e4ggen\u00e4s<\/td><td>Kalmar<\/td><td><\/td><td><\/td><\/tr><tr><td>Sylvander<\/td><td>Bror<\/td><td>1896<\/td><td>1913<\/td><td><\/td><td>Sk\u00e4ggen\u00e4s<\/td><td>Kalmar<\/td><td><\/td><td><\/td><\/tr><tr><td>Olsson<\/td><td>Karl<\/td><td>1899<\/td><td>1915<\/td><td><\/td><td>Sk\u00e4ggen\u00e4s<\/td><td><\/td><td><\/td><td><\/td><\/tr><tr><td>Sund\u00e9n<\/td><td>Karl<\/td><td>1899<\/td><td>1916<\/td><td><\/td><td>Sk\u00e4ggen\u00e4s<\/td><td>Ark\u00f6<\/td><td>Norrk\u00f6ping<\/td><td><\/td><\/tr><tr><td>Wennberg<\/td><td>Axel<\/td><td>1902<\/td><td>1946<\/td><td>1955-01-01<\/td><td>Sk\u00e4ggen\u00e4s<\/td><td><\/td><td><\/td><td><\/td><\/tr><tr><td>Sj\u00f6berg<\/td><td>Albin<\/td><td>1909<\/td><td>1932<\/td><td><\/td><td>Degerhamn<\/td><td>Borgholm<\/td><td>Sk\u00e4ggen\u00e4s<\/td><td>Kalmar<\/td><\/tr><tr><td>Str\u00f6m<\/td><td>Alfred<\/td><td>1910<\/td><td>1935<\/td><td><\/td><td>Sk\u00e4ggen\u00e4s<\/td><td>Kalmar<\/td><td><\/td><td><\/td><\/tr><tr><td>Rydenberg<\/td><td>G\u00f6sta<\/td><td>1913<\/td><td>1940<\/td><td><\/td><td>Sk\u00e4ggen\u00e4s<\/td><td>M\u00f6nster\u00e5s<\/td><td>Oskarshamn<\/td><td>Stora J\u00e4tters\u00f6n<\/td><\/tr><tr><td>Sj\u00f6man<\/td><td>Karl<\/td><td>1913<\/td><td>1957<\/td><td>1959-07-01<\/td><td>Sk\u00e4ggen\u00e4s<\/td><td>M\u00f6nster\u00e5s<\/td><td>Oskarshamn<\/td><td>Stora J\u00e4tters\u00f6n<\/td><\/tr><tr><td>Bryngstedt<\/td><td>Gunnar<\/td><td>1919<\/td><td>1945<\/td><td>1945-11-15<\/td><td>Sk\u00e4ggen\u00e4s<\/td><td>M\u00f6nster\u00e5s<\/td><td>Kalmar<\/td><td><\/td><\/tr><tr><td>Sewerinson<\/td><td>Lars<\/td><td>1922<\/td><td>1945<\/td><td><\/td><td>Sk\u00e4ggen\u00e4s<\/td><td>Kalmar<\/td><td>G\u00f6teborg<\/td><td><\/td><\/tr><tr><td>Mob\u00e4ck<\/td><td>Arne<\/td><td>1922<\/td><td>1946<\/td><td><\/td><td>Sk\u00e4ggen\u00e4s<\/td><td>M\u00f6nster\u00e5s<\/td><td>V\u00e4stervik<\/td><td>Kalmar<\/td><\/tr><tr><td>Thorell<\/td><td>Sven<\/td><td>1926<\/td><td>1954<\/td><td><\/td><td>Sk\u00e4ggen\u00e4s<\/td><td>Oskarshamn<\/td><td><\/td><td><\/td><\/tr><tr><td>Kjellberg<\/td><td>Ulf<\/td><td>1928<\/td><td>1953<\/td><td><\/td><td>Sk\u00e4ggen\u00e4s<\/td><td>Oxel\u00f6sund<\/td><td><\/td><td><\/td><\/tr><\/tbody><\/table><\/figure>\n","protected":false},"excerpt":{"rendered":"<p>56\u00b0 46.581&#8242; N 16\u00b0 28.709&#8242; E Sk\u00e4ggen\u00e4s (Sk\u00e4ggan\u00e4s) inr\u00e4ttades 1696 och lades ned 1962 och g\u00f6rom\u00e5len flyttade till M\u00f6nster\u00e5s och Kalmar lpl. Ur rulla 1736:Lots Johan Pehrsson 33 \u00e5r i tj 1728Lots Anders Pehrsson, 24 \u00e5r, i tj 1730Lotsdr\u00e4ng Pehr Pehrsson i tj 1732 Ur rulla 1744:Lotsar Johan P\u00e4rsson och Anders P\u00e4rsson samt lotsdr\u00e4ng P\u00e4r&hellip; <a class=\"more-link\" href=\"https:\/\/lotsarnastockholm.se\/index.php\/skaggenas\/\">Forts\u00e4tt l\u00e4sa <span class=\"screen-reader-text\">Sk\u00e4ggen\u00e4s Lotsplats<\/span><\/a><\/p>\n","protected":false},"author":1,"featured_media":0,"parent":0,"menu_order":0,"comment_status":"closed","ping_status":"closed","template":"","meta":{"footnotes":""},"class_list":["post-4260","page","type-page","status-publish","hentry","entry"],"_links":{"self":[{"href":"https:\/\/lotsarnastockholm.se\/index.php\/wp-json\/wp\/v2\/pages\/4260","targetHints":{"allow":["GET"]}}],"collection":[{"href":"https:\/\/lotsarnastockholm.se\/index.php\/wp-json\/wp\/v2\/pages"}],"about":[{"href":"https:\/\/lotsarnastockholm.se\/index.php\/wp-json\/wp\/v2\/types\/page"}],"author":[{"embeddable":true,"href":"https:\/\/lotsarnastockholm.se\/index.php\/wp-json\/wp\/v2\/users\/1"}],"replies":[{"embeddable":true,"href":"https:\/\/lotsarnastockholm.se\/index.php\/wp-json\/wp\/v2\/comments?post=4260"}],"version-history":[{"count":8,"href":"https:\/\/lotsarnastockholm.se\/index.php\/wp-json\/wp\/v2\/pages\/4260\/revisions"}],"predecessor-version":[{"id":7808,"href":"https:\/\/lotsarnastockholm.se\/index.php\/wp-json\/wp\/v2\/pages\/4260\/revisions\/7808"}],"wp:attachment":[{"href":"https:\/\/lotsarnastockholm.se\/index.php\/wp-json\/wp\/v2\/media?parent=4260"}],"curies":[{"name":"wp","href":"https:\/\/api.w.org\/{rel}","templated":true}]}}