{"id":4061,"date":"2022-12-09T22:14:23","date_gmt":"2022-12-09T21:14:23","guid":{"rendered":"https:\/\/lotsarnastockholm.se\/?page_id=4061"},"modified":"2023-08-31T19:17:38","modified_gmt":"2023-08-31T18:17:38","slug":"bowiks-lotsplats","status":"publish","type":"page","link":"https:\/\/lotsarnastockholm.se\/index.php\/bowiks-lotsplats\/","title":{"rendered":"Bowik Lotsplats"},"content":{"rendered":"\n<p class=\"has-text-align-center\"><a href=\"https:\/\/www.google.se\/maps\/place\/57%C2%B045'06.6%22N+11%C2%B041'24.9%22E\/@57.7518333,11.6876697,17z\/data=!3m1!4b1!4m4!3m3!8m2!3d57.7518333!4d11.69025\">57\u00b0 45.110&#8242; N 11\u00b0 41.415&#8242; E<\/a><\/p>\n\n\n\n<p>V\u00e4ldigt lite finns att hitta om Bowiks lotsplats<\/p>\n\n\n\n<p>Troligen anlagd mitten av 1700 talet i samband med sillperioden och nedlagd n\u00e5gon g\u00e5ng mellan 1820-1860. Med stor sannolikhet gick lotsarna \u00f6ver till R\u00f6r\u00f6 eller Kalvsund.<\/p>\n\n\n\n<p>Ur rulla 1774: Lotsar fr\u00e5n Bovik till Brunsk\u00e4r, R\u00f6r\u00f6, Kalvsund, Kung\u00e4lv, Vinga, Ki\u00f6rs\u00f6 och G\u00f6teborg.<br>Ord lots \u00e5rsl\u00f6n = 15 riksdaler<br>Ord lots: Anders Olsson Trapp, 41 \u00e5r, 12 tj \u00e5r<br>Lotsdr\u00e4ng H\u00e5kan Larsson, 20 \u00e5r<br><br>Nedanst\u00e5ende ur reglemente 1799<\/p>\n\n\n\n<p>Under lotschefens s\u00e5som lotsuppsyningsmannen f\u00f6r G\u00f6teborgs f\u00f6rdelning lyder Boviks lotsplats med 1 ord. lots, 1 utl\u00e4rd ord. lotsdr\u00e4ng, 1 utl\u00e4rd reservlotsdr\u00e4ng och 1 lotsl\u00e4rling. Lotsplatsen lyder under Lots\u00e5lderman i Kalvsund. Lotsningsomr\u00e5det: Lotsar till Kalvsund och till R\u00f6r\u00f6.<\/p>\n\n\n\n<p>Ur rulla 1817:<br>Ord lots A. Ljungberg<br>Ord lotsdr\u00e4ng Hans Nordblom<br>Reservlotsdr\u00e4ng S. Norin<br>Lotsl\u00e4rling J. Andersson<br><br>Boviks lotsplats finns inte med i reglemente och f\u00f6rordning 1863<\/p>\n\n\n\n<p>Lotsar vid Bowiks lotsplats<\/p>\n\n\n\n<figure class=\"wp-block-table\"><table><tbody><tr><td><strong>Efternamn<\/strong><\/td><td><strong>F\u00f6rnamn 1<\/strong><\/td><td><strong>F\u00f6dd<\/strong><\/td><td><strong>Antagen i lotsverket<\/strong><\/td><\/tr><tr><td>Jonsson<\/td><td>Anders<\/td><td>&nbsp;<\/td><td>1759<\/td><\/tr><tr><td>Andersson<\/td><td>J<\/td><td>&nbsp;<\/td><td>1817<\/td><\/tr><tr><td>Larsson<\/td><td>H\u00e5kan<\/td><td>1754<\/td><td>1774<\/td><\/tr><tr><td>Ljungberg<\/td><td>A<\/td><td>&nbsp;<\/td><td>1817<\/td><\/tr><tr><td>Nordblom<\/td><td>Hans<\/td><td>&nbsp;<\/td><td>1817<\/td><\/tr><tr><td>Norin<\/td><td>S<\/td><td>&nbsp;<\/td><td>1817<\/td><\/tr><tr><td>Olsson\/trapp<\/td><td>Anders<\/td><td>1733<\/td><td>1763<\/td><\/tr><\/tbody><\/table><\/figure>\n","protected":false},"excerpt":{"rendered":"<p>57\u00b0 45.110&#8242; N 11\u00b0 41.415&#8242; E V\u00e4ldigt lite finns att hitta om Bowiks lotsplats Troligen anlagd mitten av 1700 talet i samband med sillperioden och nedlagd n\u00e5gon g\u00e5ng mellan 1820-1860. Med stor sannolikhet gick lotsarna \u00f6ver till R\u00f6r\u00f6 eller Kalvsund. Ur rulla 1774: Lotsar fr\u00e5n Bovik till Brunsk\u00e4r, R\u00f6r\u00f6, Kalvsund, Kung\u00e4lv, Vinga, Ki\u00f6rs\u00f6 och G\u00f6teborg.Ord&hellip; <a class=\"more-link\" href=\"https:\/\/lotsarnastockholm.se\/index.php\/bowiks-lotsplats\/\">Forts\u00e4tt l\u00e4sa <span class=\"screen-reader-text\">Bowik Lotsplats<\/span><\/a><\/p>\n","protected":false},"author":1,"featured_media":0,"parent":0,"menu_order":0,"comment_status":"closed","ping_status":"closed","template":"","meta":{"footnotes":""},"class_list":["post-4061","page","type-page","status-publish","hentry","entry"],"_links":{"self":[{"href":"https:\/\/lotsarnastockholm.se\/index.php\/wp-json\/wp\/v2\/pages\/4061","targetHints":{"allow":["GET"]}}],"collection":[{"href":"https:\/\/lotsarnastockholm.se\/index.php\/wp-json\/wp\/v2\/pages"}],"about":[{"href":"https:\/\/lotsarnastockholm.se\/index.php\/wp-json\/wp\/v2\/types\/page"}],"author":[{"embeddable":true,"href":"https:\/\/lotsarnastockholm.se\/index.php\/wp-json\/wp\/v2\/users\/1"}],"replies":[{"embeddable":true,"href":"https:\/\/lotsarnastockholm.se\/index.php\/wp-json\/wp\/v2\/comments?post=4061"}],"version-history":[{"count":5,"href":"https:\/\/lotsarnastockholm.se\/index.php\/wp-json\/wp\/v2\/pages\/4061\/revisions"}],"predecessor-version":[{"id":5717,"href":"https:\/\/lotsarnastockholm.se\/index.php\/wp-json\/wp\/v2\/pages\/4061\/revisions\/5717"}],"wp:attachment":[{"href":"https:\/\/lotsarnastockholm.se\/index.php\/wp-json\/wp\/v2\/media?parent=4061"}],"curies":[{"name":"wp","href":"https:\/\/api.w.org\/{rel}","templated":true}]}}