{"id":4024,"date":"2022-12-04T22:06:56","date_gmt":"2022-12-04T21:06:56","guid":{"rendered":"https:\/\/lotsarnastockholm.se\/?page_id=4024"},"modified":"2026-03-13T20:32:49","modified_gmt":"2026-03-13T19:32:49","slug":"stora-askeron","status":"publish","type":"page","link":"https:\/\/lotsarnastockholm.se\/index.php\/stora-askeron\/","title":{"rendered":"Stora Asker\u00f6n Lotsplats"},"content":{"rendered":"\n<p class=\"has-text-align-center\"><a href=\"https:\/\/www.google.se\/maps\/place\/58%C2%B005'56.4%22N+11%C2%B047'23.1%22E\/@58.099,11.7875613,17z\/data=!3m1!4b1!4m4!3m3!8m2!3d58.099!4d11.78975\">58\u00b0 05.940&#8242; N 11\u00b0 47.385&#8242; E<\/a><\/p>\n\n\n\n<p>Se f\u00f6ljande hemsida f\u00f6r mera information: <a href=\"https:\/\/www.angermark.se\/lotsstationen-pa-stora-askeron\">https:\/\/www.angermark.se\/lotsstationen-pa-stora-askeron<\/a><\/p>\n\n\n\n<p><strong>Lotsplatsen n\u00e4mnd 1728. Lotsplatsen indrogs mellan 1897-1903<\/strong><\/p>\n\n\n\n<p>1729 fanns det 3 lotsar, 1 extra lots och 1 lotsl\u00e4rling<br>Enligt rulla: Lotsar: Rasmus Carlsson, Olof Olofsson, Helge Jonsson<br>Extra lots Anders Bj\u00f6rnsson<\/p>\n\n\n\n<p>Ur rulla 1736 Asker\u00f6n:<br>Lots: Helge Jonsson i tjenst 1720<br>Lots: Oluf Olufsson i tjenst 1730<br>Lots. Anders Andersson i tjenst 1735<\/p>\n\n\n\n<p>1744 Fanns det 4 lotsar p\u00e5 lotsplatsen<\/p>\n\n\n\n<p>Nedan ur Reglemente 1799 Under lotsuppsyningsman f\u00f6r Marstrands f\u00f6rdelning lyder stora Asker\u00f6ns lotsplats med 1 lots\u00e5lderman, 1 ord lots, 2 utl\u00e4rda ord lotsdr\u00e4ngar, 1 utl\u00e4rd reservlotsdr\u00e4ng och 1 lotsl\u00e4rling. Lotsningsomr\u00e5det: Lotsarna uppassa vid Asker\u00f6n att lotsa till H\u00e4ttan och till Uddevalla.<\/p>\n\n\n\n<p>Ur rulla f\u00f6r 1817:<br>Lots\u00e5lderman: Helje Jonsson<br>Ord Lots: J Clementsson<br>Ord Lotsdr\u00e4ng: B. Simonsson och O. Andersson<br>Lotsl\u00e4rling:Abr. Hjerpson, N. Hansson och Helje Larsson<\/p>\n\n\n\n<p>Enligt 1820 \u00e5rs reglemente: 1 lots\u00e5lderman, 1 m\u00e4sterlots, 2 secundlotsar, 2 lotsl\u00e4rlingar<br>Lotsarna uppassa vid tullhusen p\u00e5 Kalven och m\u00f6ter d\u00e4rinvid<\/p>\n\n\n\n<p>Ur rulla 1844, Lotsar: Oluf Olufsson Anders Andersson, Christian Andersson, Jon Helgesson<\/p>\n\n\n\n<p>Enligt f\u00f6rordning 1863. Lotsningsomr\u00e5det, fr\u00e5n St Asker\u00f6n till H\u00e4ttan respektive Uddevalla Moll\u00f6sund, Kyrkesund och Stigfjorden.<\/p>\n\n\n\n<figure class=\"wp-block-table alignwide\"><table class=\"has-fixed-layout\"><tbody><tr><td><strong>Efternamn<\/strong><\/td><td><strong>F\u00f6rnamn<\/strong><\/td><td><strong>F\u00f6dd<\/strong><\/td><td><strong>I Staten<\/strong><\/td><td><strong>Lpl 1<\/strong><\/td><td><strong>Lpl 2<\/strong><\/td><td><strong>Lpl 3<\/strong><\/td><td><strong>Lpl 4<\/strong><\/td><\/tr><tr><td>Andersson<\/td><td>Anders<\/td><td><\/td><td><\/td><td>Stora asker\u00f6n<\/td><td><\/td><td><\/td><td><\/td><\/tr><tr><td>Andersson<\/td><td>Christian<\/td><td><\/td><td><\/td><td>Stora asker\u00f6n<\/td><td><\/td><td><\/td><td><\/td><\/tr><tr><td>Andersson<\/td><td>O<\/td><td><\/td><td><\/td><td>Stora asker\u00f6n<\/td><td><\/td><td><\/td><td><\/td><\/tr><tr><td>Bj\u00f6rnsson<\/td><td>Anders<\/td><td><\/td><td><\/td><td>Stora asker\u00f6n<\/td><td><\/td><td><\/td><td><\/td><\/tr><tr><td>Carlsson<\/td><td>Rasmus<\/td><td><\/td><td><\/td><td>Stora asker\u00f6n<\/td><td><\/td><td><\/td><td><\/td><\/tr><tr><td>Clementsson<\/td><td>J<\/td><td><\/td><td><\/td><td>Stora asker\u00f6n<\/td><td><\/td><td><\/td><td><\/td><\/tr><tr><td>Hansson<\/td><td>N<\/td><td><\/td><td><\/td><td>Stora asker\u00f6n<\/td><td><\/td><td><\/td><td><\/td><\/tr><tr><td>Helgesson<\/td><td>Jon<\/td><td><\/td><td><\/td><td>Stora asker\u00f6n<\/td><td><\/td><td><\/td><td><\/td><\/tr><tr><td>Hjerpson<\/td><td>Abraham<\/td><td><\/td><td><\/td><td>Stora asker\u00f6n<\/td><td><\/td><td><\/td><td><\/td><\/tr><tr><td>Jonsson<\/td><td>Helje<\/td><td><\/td><td><\/td><td>Stora asker\u00f6n<\/td><td><\/td><td><\/td><td><\/td><\/tr><tr><td>Larsson<\/td><td>Helje<\/td><td><\/td><td><\/td><td>Stora asker\u00f6n<\/td><td><\/td><td><\/td><td><\/td><\/tr><tr><td>Olufsson<\/td><td>Oluf<\/td><td><\/td><td><\/td><td>Stora asker\u00f6n<\/td><td><\/td><td><\/td><td><\/td><\/tr><tr><td>Simonsson<\/td><td>B<\/td><td><\/td><td><\/td><td>Stora asker\u00f6n<\/td><td><\/td><td><\/td><td><\/td><\/tr><tr><td>Jonsson<\/td><td>Helge<\/td><td><\/td><td>1720<\/td><td>Stora asker\u00f6n<\/td><td><\/td><td><\/td><td><\/td><\/tr><tr><td>Olofsson<\/td><td>Olof<\/td><td><\/td><td>1730<\/td><td>Stora asker\u00f6n<\/td><td><\/td><td><\/td><td><\/td><\/tr><tr><td>Andersson<\/td><td>Anders<\/td><td><\/td><td>1735<\/td><td>Stora asker\u00f6n<\/td><td><\/td><td><\/td><td><\/td><\/tr><tr><td>Eliasson<\/td><td>Bernt<\/td><td>1839<\/td><td>1858<\/td><td>Stora asker\u00f6n<\/td><td><\/td><td><\/td><td><\/td><\/tr><tr><td>Andersson<\/td><td>Andreas<\/td><td>1826<\/td><td>1861<\/td><td>Stora asker\u00f6n<\/td><td><\/td><td><\/td><td><\/td><\/tr><tr><td>Eliasson<\/td><td>Gustaf<\/td><td>1845<\/td><td>1870<\/td><td>Stora asker\u00f6n<\/td><td><\/td><td><\/td><td><\/td><\/tr><tr><td>Garling<\/td><td>Adalbert<\/td><td>1838<\/td><td>1871<\/td><td>Stora asker\u00f6n<\/td><td>Uddevalla<\/td><td>Br\u00e4nn\u00f6<\/td><td>G\u00f6teborg<\/td><\/tr><tr><td>Samuelsson<\/td><td>Nils<\/td><td>1844<\/td><td>1875<\/td><td>Stora asker\u00f6n<\/td><td><\/td><td><\/td><td><\/td><\/tr><\/tbody><\/table><\/figure>\n","protected":false},"excerpt":{"rendered":"<p>58\u00b0 05.940&#8242; N 11\u00b0 47.385&#8242; E Se f\u00f6ljande hemsida f\u00f6r mera information: https:\/\/www.angermark.se\/lotsstationen-pa-stora-askeron Lotsplatsen n\u00e4mnd 1728. Lotsplatsen indrogs mellan 1897-1903 1729 fanns det 3 lotsar, 1 extra lots och 1 lotsl\u00e4rlingEnligt rulla: Lotsar: Rasmus Carlsson, Olof Olofsson, Helge JonssonExtra lots Anders Bj\u00f6rnsson Ur rulla 1736 Asker\u00f6n:Lots: Helge Jonsson i tjenst 1720Lots: Oluf Olufsson i tjenst&hellip; <a class=\"more-link\" href=\"https:\/\/lotsarnastockholm.se\/index.php\/stora-askeron\/\">Forts\u00e4tt l\u00e4sa <span class=\"screen-reader-text\">Stora Asker\u00f6n Lotsplats<\/span><\/a><\/p>\n","protected":false},"author":1,"featured_media":0,"parent":0,"menu_order":0,"comment_status":"closed","ping_status":"closed","template":"","meta":{"footnotes":""},"class_list":["post-4024","page","type-page","status-publish","hentry","entry"],"_links":{"self":[{"href":"https:\/\/lotsarnastockholm.se\/index.php\/wp-json\/wp\/v2\/pages\/4024","targetHints":{"allow":["GET"]}}],"collection":[{"href":"https:\/\/lotsarnastockholm.se\/index.php\/wp-json\/wp\/v2\/pages"}],"about":[{"href":"https:\/\/lotsarnastockholm.se\/index.php\/wp-json\/wp\/v2\/types\/page"}],"author":[{"embeddable":true,"href":"https:\/\/lotsarnastockholm.se\/index.php\/wp-json\/wp\/v2\/users\/1"}],"replies":[{"embeddable":true,"href":"https:\/\/lotsarnastockholm.se\/index.php\/wp-json\/wp\/v2\/comments?post=4024"}],"version-history":[{"count":5,"href":"https:\/\/lotsarnastockholm.se\/index.php\/wp-json\/wp\/v2\/pages\/4024\/revisions"}],"predecessor-version":[{"id":7813,"href":"https:\/\/lotsarnastockholm.se\/index.php\/wp-json\/wp\/v2\/pages\/4024\/revisions\/7813"}],"wp:attachment":[{"href":"https:\/\/lotsarnastockholm.se\/index.php\/wp-json\/wp\/v2\/media?parent=4024"}],"curies":[{"name":"wp","href":"https:\/\/api.w.org\/{rel}","templated":true}]}}