{"id":4017,"date":"2022-12-03T21:59:36","date_gmt":"2022-12-03T20:59:36","guid":{"rendered":"https:\/\/lotsarnastockholm.se\/?page_id=4017"},"modified":"2026-03-01T20:51:24","modified_gmt":"2026-03-01T19:51:24","slug":"kladesholmen","status":"publish","type":"page","link":"https:\/\/lotsarnastockholm.se\/index.php\/kladesholmen\/","title":{"rendered":"Kl\u00e4desholmen Lotsplats"},"content":{"rendered":"\n<p class=\"has-text-align-center\"><a href=\"https:\/\/www.google.se\/maps\/place\/57%C2%B056'41.5%22N+11%C2%B032'23.2%22E\/@57.9448667,11.5375946,17z\/data=!3m1!4b1!4m4!3m3!8m2!3d57.9448667!4d11.5397833\">57\u00b0 56.692&#8242; N 11\u00b0 32.387&#8242; E<\/a><\/p>\n\n\n\n<figure class=\"wp-block-image size-full\"><a href=\"https:\/\/lotsarnastockholm.se\/wp-content\/uploads\/2025\/02\/utkiken.jpg\"><img fetchpriority=\"high\" decoding=\"async\" width=\"695\" height=\"675\" src=\"https:\/\/lotsarnastockholm.se\/wp-content\/uploads\/2025\/02\/utkiken.jpg\" alt=\"\" class=\"wp-image-6976\" srcset=\"https:\/\/lotsarnastockholm.se\/wp-content\/uploads\/2025\/02\/utkiken.jpg 695w, https:\/\/lotsarnastockholm.se\/wp-content\/uploads\/2025\/02\/utkiken-300x291.jpg 300w\" sizes=\"(max-width: 695px) 100vw, 695px\" \/><\/a><figcaption class=\"wp-element-caption\">Lotsutkikens sm\u00e5 skrubbar samt troligen tv\u00e5 lotsb\u00e5tar bak gossen i keps<\/figcaption><\/figure>\n\n\n\n<p>Bild fr\u00e5n Bohusl\u00e4ns Museums DA<\/p>\n\n\n\n<p>F\u00f6ljande erh\u00e5llits i dec 2024 fr\u00e5n Kenneth Bengtsson som forskat djupare om Kl\u00e4desholmen;<\/p>\n\n\n\n<p>Orusts och Tj\u00f6rns h\u00e4radsr\u00e4tt (O) AIa:6 (1722-1724) Bild 328 \/ sid 639 (AID: v13505.b328.s639, NAD: SE\/GLA\/11080)<\/p>\n\n\n\n<p>15\/6 1724<\/p>\n\n\n\n<p><em>Oppwistes&nbsp;<\/em><strong><em>Lotzens Nils Torckelsons<\/em><\/strong><em>&nbsp;p\u00e5 Kl\u00e4desholmen af d<\/em>[en]<em>: 3 Junii 1724 uthgifne Obligation, hwar uti han tillstod att hafwa till l\u00e4ns bekommet af Anders Swensson i Ar\u00f6 p\u00e5 Ti\u00f6rn ock Stenkyrkio Sockn, Contant uti hwita S\u00f6lfwerpgr 60 d:r S:mt. som han l\u00e5fwar Creditoren ock hans arfwingar med det f\u00f6rsta till all tacke att betala ock till Pant f\u00f6r Capitalet sin Fi\u00e4rdepart uti&nbsp;<\/em><strong><em>lotzens Fiskeskuta S\u00f6stera<\/em><\/strong><em>&nbsp;kallad fr\u00e5 Kl\u00e4desholmen, hwilken pant till Creditorens laga s\u00e4kerhet blef intecknad.<\/em><\/p>\n\n\n\n<p>Orusts och Tj\u00f6rns h\u00e4radsr\u00e4tt (O) AIa:7 (1725-1726) Bild 89 \/ sid 161 (AID: v13506.b89.s161, NAD: SE\/GLA\/11080)<\/p>\n\n\n\n<p>20\/10 1725<\/p>\n\n\n\n<p><em>Jgenom Anders Swen\u00dfon i Ar\u00f6d p\u00e5 Ti\u00f6rn l\u00e4t&nbsp;<\/em><strong><em>Lotzen T\u00e5rkel H\u00e4lge\u00dfon<\/em><\/strong><em>&nbsp;p\u00e5 Kl\u00e4desholmen anh\u00e5lla om Tingz R\u00e4ttens attestatum publicum att han som boer under Ti\u00f6rn, \u00e4r s\u00e5 gammal och br\u00e4ckelig att han icke kan&nbsp;<\/em><strong><em>Lotzeriet beti\u00e4na som han \u00e5hr 1703 f\u00e5dt fullmackt p\u00e5<\/em><\/strong><em>, f\u00f6rmenandes der medelst kunna n\u00e5digt winna f\u00e5 underh\u00e5ld; R\u00e4tten giorde sig om denna Torkel H\u00e4lge\u00dfons tillst\u00e5nd kunnig, d\u00e5 af Ti\u00f6rns H\u00e4radz nembd ock Tings\u00f6kiande allmoge betygades att f\u00f6rrige Lotzen T\u00e5rkel H\u00e4lge\u00dfon \u00e4r en g<\/em>[ammal]<em>: ock mycket fattig man som w\u00e4ll uti sin efter naturens lopp ock menneskelige tanckar st\u00f6d ock hielp till sin f\u00f6da ock f\u00f6rs\u00f6rjning om det h<\/em>[onom]<em>&nbsp;af Krigzmans huus Cassan n\u00e5digt blefwo bewilljat; hwilket till attestatum publicum meddelat warder<\/em><\/p>\n\n\n\n<p>&#8212;&#8212;&#8212;&#8212;&#8212;&#8212;&#8212;&#8212;&#8212;&#8212;&#8212;&#8212;&#8212;&#8212;&#8212;&#8212;&#8212;&#8212;&#8212;&#8212;-<\/p>\n\n\n\n<p>S\u00e5 f\u00f6ljaktligen \u00e4r de tidigaste lotsarna vi hittills k\u00e4nner till<br><strong><em>Lotzen T\u00e5rkel H\u00e4lge\u00dfon<\/em><\/strong> och<br><strong><em>Lotzens Nils Torckelsons<\/em><\/strong> d\u00e4r det m\u00f6jligen kan antagas att Nils \u00e4r son till T\u00e5rkel?<\/p>\n\n\n\n<p>Annars s\u00e5 n\u00e4mns Kl\u00e4desholmen i Lotsverkets dokument f\u00f6rsta g\u00e5ngen 1728 och platsen indrogs 1 april 1902. Personalen flyttade till Marstrand.<\/p>\n\n\n\n<p>1729 fanns det 1 lots\u00e5lderman, 3 lotsar, 1 lotsl\u00e4rling<br>Enligt rulla: Lots\u00e5lderman Olof Andersson<br>Lotsar Pehr Trullsson, Nils Trullsson och Olof Olofsson<br>Lotsdr\u00e4ng M\u00e5ns Nilsson<\/p>\n\n\n\n<p>1736 \u00e5rs rulla:<br>Lots\u00e5lderman Pehr Trullsson<br>Lotsar:<br>Oluf Olufsson i tj\u00e4nst 1716<br>M\u00e5ns Nilsson i tj\u00e4nst 1730<br>Aron Jonsson i tj\u00e4nst 1730<br>Swen Hansson i tj\u00e4nst 1730<br>Lotsdr\u00e4ng Oluf Hansson och lotsl\u00e4rling Anders Olufsson<\/p>\n\n\n\n<p>1744 fanns det 5 lotsar och 2 lotsdr\u00e4ngar p\u00e5 lotsplatsen<br>Ur rulla det \u00e5ret: Lotsarna: &nbsp;Sven Hansson, Arne J\u00f6nsson, Anders Olufsson, Simon Olufsson, Simon Erichsson<br>Lotsdr\u00e4ngar: Jacob Nilsson, Lars Thorsson<\/p>\n\n\n\n<p><strong>Nedan ur reglemente f\u00f6r lotsverket 1799<\/strong><\/p>\n\n\n\n<p>Under lotsuppsyningsman f\u00f6r Marstrands f\u00f6rdelning lyder Kl\u00e4desholmens lotsplats med 1 lots\u00e5lderman, 4 ord lotsar, 5 utl\u00e4rda ordinarie lotsdr\u00e4ngar, 2 utl\u00e4rda reservlotsdr\u00e4ngar och 4 lotsl\u00e4rlingar.<\/p>\n\n\n\n<p>Lotsningsomr\u00e5de: lotsarna uppassa vid Kl\u00e4desholmen, emottaga fr\u00e5n sj\u00f6n att inlotsa, utlotsa till sj\u00f6ss samt till Marstrand, till H\u00e4ttan, till Kyrkesund<\/p>\n\n\n\n<p>Nedanst\u00e5ende ur \u201d<em> Om lotsv\u00e4sendets tillst\u00e5nd vid V\u00e4stkusten i b\u00f6rjan av 1800-talet\u201d.<\/em> Ett bet\u00e4nkande av N.G. Schult\u00e9n<\/p>\n\n\n\n<p><em>\u201dKl\u00e4desholmens lotsplats ligger nog l\u00e5ngt ifr\u00e5n yttre havsbandet, men den utanp\u00e5 liggande Pater Noster sk\u00e4ren l\u00e4mnar lotsarna i alla vindar skydd att arbeta sig ut till sj\u00f6ss. D\u00e4rf\u00f6r tar lotsar ofta f\u00f6rtj\u00e4nsten av dem som bo i Marstrand som har mycket sv\u00e5rare att arbeta sig ut. I alla fall skulle n\u00e5gra \u00e5boer i Paternostersk\u00e4ren bli de sj\u00f6farande till nytta. P\u00e5 Wanholmarna vore d\u00e5 f\u00f6rmodligen b\u00e4sta byggnadsst\u00e4llet, ehuru jag ej s\u00e5 noga unders\u00f6kt dessa l\u00e4genheter att jag med full s\u00e4kerhet kan n\u00e4mna dem. Sedan fyren inr\u00e4ttade p\u00e5 Marstrands torn har ganska f\u00e5 fartyg blivit olyckliga i den f\u00f6rut s\u00e5 allm\u00e4nt fruktade paternoster sk\u00e4rg\u00e5rden s\u00e5 att ett lotsst\u00e4lle p\u00e5 densamma \u00e4r av mindre huvudsaklige\u201d<\/em><\/p>\n\n\n\n<p>Ur rulla 1817:<\/p>\n\n\n\n<p>Lots\u00e5lderman Chr Pehrsson<br>Ord lotsar: C Svensson, Chr Nilsson<br>Ord lotsdr\u00e4ng: H P\u00e5lsson, B Berndtsson, A Danielsson, H Svensson, P Andersson<br>Reserv lotsdr\u00e4ng: J Christiansson<br>Lotsl\u00e4rlingar: G Svensson, J Andersson, J Hansson, A Andersson, Chr Eliasson<\/p>\n\n\n\n<p>Enligt protokoll det \u00e5ret klagar lotsarna \u00f6ver att ett antal fiskare har bosatt sig p\u00e5 Kl\u00e4desholmen med stor tr\u00e4ngsel som f\u00f6ljd.<\/p>\n\n\n\n<p>Ur rulla 1820: 1 lots\u00e5lderman, 4 M\u00e4sterlotsar, 7 secundlotsar, 4 lotsl\u00e4rlingar<\/p>\n\n\n\n<p>1873 Grundst\u00f6tning med barken SIDNEY. Kronolotsen Johannes Hansson \u00e5talad men frik\u00e4ndes.<\/p>\n\n\n\n<p>1874 den 11 okt. Stark storm med regn. Engelska briggen CAROLINA som sprungit l\u00e4ck blev i sjunkande tillst\u00e5nd inf\u00f6rt av lotsarna till Kl\u00e4desholmen d\u00e4r fartyget m\u00e5ste s\u00e4ttas p\u00e5 land f\u00f6r att klara detta och lasten. 40 kr i penningar.<\/p>\n\n\n\n<p>1877 Grundst\u00f6tning med S\/S SLEIPNER av kronolots Johannes Hansson. B\u00f6ter 300 kr<\/p>\n\n\n\n<p>1878 ett nytt lotsuppassningshus byggdes<\/p>\n\n\n\n<p>1879 Ny tj\u00e4nsteb\u00e5t<\/p>\n\n\n\n<p>1894: fick Kl\u00e4desholmen ny d\u00e4ckad lotsb\u00e5t och den \u00e4ldre s\u00e5ldes<\/p>\n\n\n\n<p>Lotsar vid Kl\u00e4desholmen<\/p>\n\n\n\n<figure class=\"wp-block-table alignwide\"><table class=\"has-fixed-layout\"><tbody><tr><td><strong>Efternamn<\/strong><\/td><td><strong>F\u00f6rnamn<\/strong><\/td><td><strong>F\u00f6dd<\/strong><\/td><td>I<strong> Staten<\/strong><\/td><td><strong>Annan lotsplats<\/strong><\/td><\/tr><tr><td>Andersson<\/td><td>P<\/td><td><\/td><td><\/td><td><\/td><\/tr><tr><td>Andersson<\/td><td>Jonas<\/td><td><\/td><td><\/td><td><\/td><\/tr><tr><td>Andersson<\/td><td>A<\/td><td><\/td><td><\/td><td><\/td><\/tr><tr><td>Andersson<\/td><td>Olof<\/td><td><\/td><td><\/td><td><\/td><\/tr><tr><td>Berndtsson<\/td><td>B<\/td><td><\/td><td><\/td><td><\/td><\/tr><tr><td>Christiansson<\/td><td>J<\/td><td><\/td><td><\/td><td><\/td><\/tr><tr><td>Danielsson<\/td><td>A<\/td><td><\/td><td><\/td><td><\/td><\/tr><tr><td>Eliasson<\/td><td>Chr<\/td><td><\/td><td><\/td><td><\/td><\/tr><tr><td>Erichsson<\/td><td>Simon<\/td><td><\/td><td><\/td><td><\/td><\/tr><tr><td>Hansson<\/td><td>J<\/td><td><\/td><td><\/td><td><\/td><\/tr><tr><td>Hansson<\/td><td>Oluf<\/td><td><\/td><td><\/td><td><\/td><\/tr><tr><td>Nilsson<\/td><td>Chr<\/td><td><\/td><td><\/td><td><\/td><\/tr><tr><td>Nilsson<\/td><td>Jacob<\/td><td><\/td><td><\/td><td><\/td><\/tr><tr><td>Olufsson<\/td><td>Simon<\/td><td>1709<\/td><td><\/td><td><\/td><\/tr><tr><td>Olufsson<\/td><td>Anders<\/td><td><\/td><td><\/td><td><\/td><\/tr><tr><td>Pehrsson<\/td><td>Chr<\/td><td><\/td><td><\/td><td><\/td><\/tr><tr><td>P\u00e5lsson<\/td><td>H<\/td><td><\/td><td><\/td><td><\/td><\/tr><tr><td>Svensson<\/td><td>H<\/td><td><\/td><td><\/td><td><\/td><\/tr><tr><td>Svensson<\/td><td>G<\/td><td><\/td><td><\/td><td><\/td><\/tr><tr><td>Svensson<\/td><td>C<\/td><td><\/td><td><\/td><td><\/td><\/tr><tr><td>Thorsson<\/td><td>Lars<\/td><td><\/td><td><\/td><td><\/td><\/tr><tr><td>Torckelsons<\/td><td>Nils<\/td><td><\/td><td><\/td><td><\/td><\/tr><tr><td>Trullsson<\/td><td>Nils<\/td><td><\/td><td><\/td><td><\/td><\/tr><tr><td>Trullsson<\/td><td>Pehr<\/td><td><\/td><td><\/td><td><\/td><\/tr><tr><td>H\u00e4lgesson<\/td><td>T\u00e5rkel<\/td><td><\/td><td>1703<\/td><td><\/td><\/tr><tr><td>Olofsson<\/td><td>Olof<\/td><td><\/td><td>1716<\/td><td><\/td><\/tr><tr><td>Hansson<\/td><td>Swen<\/td><td><\/td><td>1730<\/td><td><\/td><\/tr><tr><td>Jonsson<\/td><td>Aron<\/td><td><\/td><td>1730<\/td><td><\/td><\/tr><tr><td>Nilsson<\/td><td>M\u00e5ns<\/td><td><\/td><td>1730<\/td><td><\/td><\/tr><tr><td>Jonasson<\/td><td>Olof<\/td><td>1817<\/td><td><\/td><td><\/td><\/tr><tr><td>J\u00f6nsson<\/td><td>Jonas<\/td><td>1822<\/td><td><\/td><td><\/td><\/tr><tr><td>Andersson<\/td><td>Elias<\/td><td>1834<\/td><td>1855<\/td><td><\/td><\/tr><tr><td>Andersson<\/td><td>Peter<\/td><td>1840<\/td><td>1857<\/td><td><\/td><\/tr><tr><td>Hansson<\/td><td>Johannes<\/td><td>1839<\/td><td>1857<\/td><td><\/td><\/tr><tr><td>Pehrsson<\/td><td>Anders<\/td><td>1840<\/td><td>1866<\/td><td><\/td><\/tr><tr><td>Str\u00f6mberg<\/td><td>Edvard<\/td><td>1851<\/td><td>1867<\/td><td>Marstrand<\/td><\/tr><tr><td>Jonasson<\/td><td>Olof<\/td><td>1853<\/td><td>1872<\/td><td><\/td><\/tr><tr><td>Rydell<\/td><td>Olof<\/td><td>1853<\/td><td>1872<\/td><td><\/td><\/tr><tr><td>Str\u00f6mberg<\/td><td>Alfred<\/td><td>1870<\/td><td>1891<\/td><td>Marstrand<\/td><\/tr><\/tbody><\/table><\/figure>\n","protected":false},"excerpt":{"rendered":"<p>57\u00b0 56.692&#8242; N 11\u00b0 32.387&#8242; E Bild fr\u00e5n Bohusl\u00e4ns Museums DA F\u00f6ljande erh\u00e5llits i dec 2024 fr\u00e5n Kenneth Bengtsson som forskat djupare om Kl\u00e4desholmen; Orusts och Tj\u00f6rns h\u00e4radsr\u00e4tt (O) AIa:6 (1722-1724) Bild 328 \/ sid 639 (AID: v13505.b328.s639, NAD: SE\/GLA\/11080) 15\/6 1724 Oppwistes&nbsp;Lotzens Nils Torckelsons&nbsp;p\u00e5 Kl\u00e4desholmen af d[en]: 3 Junii 1724 uthgifne Obligation, hwar uti&hellip; <a class=\"more-link\" href=\"https:\/\/lotsarnastockholm.se\/index.php\/kladesholmen\/\">Forts\u00e4tt l\u00e4sa <span class=\"screen-reader-text\">Kl\u00e4desholmen Lotsplats<\/span><\/a><\/p>\n","protected":false},"author":1,"featured_media":0,"parent":0,"menu_order":0,"comment_status":"closed","ping_status":"closed","template":"","meta":{"footnotes":""},"class_list":["post-4017","page","type-page","status-publish","hentry","entry"],"_links":{"self":[{"href":"https:\/\/lotsarnastockholm.se\/index.php\/wp-json\/wp\/v2\/pages\/4017","targetHints":{"allow":["GET"]}}],"collection":[{"href":"https:\/\/lotsarnastockholm.se\/index.php\/wp-json\/wp\/v2\/pages"}],"about":[{"href":"https:\/\/lotsarnastockholm.se\/index.php\/wp-json\/wp\/v2\/types\/page"}],"author":[{"embeddable":true,"href":"https:\/\/lotsarnastockholm.se\/index.php\/wp-json\/wp\/v2\/users\/1"}],"replies":[{"embeddable":true,"href":"https:\/\/lotsarnastockholm.se\/index.php\/wp-json\/wp\/v2\/comments?post=4017"}],"version-history":[{"count":9,"href":"https:\/\/lotsarnastockholm.se\/index.php\/wp-json\/wp\/v2\/pages\/4017\/revisions"}],"predecessor-version":[{"id":7736,"href":"https:\/\/lotsarnastockholm.se\/index.php\/wp-json\/wp\/v2\/pages\/4017\/revisions\/7736"}],"wp:attachment":[{"href":"https:\/\/lotsarnastockholm.se\/index.php\/wp-json\/wp\/v2\/media?parent=4017"}],"curies":[{"name":"wp","href":"https:\/\/api.w.org\/{rel}","templated":true}]}}