{"id":3819,"date":"2022-11-10T19:49:04","date_gmt":"2022-11-10T18:49:04","guid":{"rendered":"https:\/\/lotsarnastockholm.se\/?page_id=3819"},"modified":"2026-02-26T15:32:32","modified_gmt":"2026-02-26T14:32:32","slug":"havstenssunds-lotsplats","status":"publish","type":"page","link":"https:\/\/lotsarnastockholm.se\/index.php\/havstenssunds-lotsplats\/","title":{"rendered":"Havstenssund Lotsplats"},"content":{"rendered":"\n<p class=\"has-text-align-center\"><a href=\"https:\/\/www.google.se\/maps\/place\/58%C2%B045'44.5%22N+11%C2%B011'07.6%22E\/@58.76235,11.1832446,17z\/data=!3m1!4b1!4m4!3m3!8m2!3d58.76235!4d11.1854333\">58\u00b0 45.741&#8242; N 11\u00b0 11.126&#8242; E<\/a><\/p>\n\n\n\n<p>Havstenssunds lotsplats \u00e4r tidigast omn\u00e4mnd 1726 och lades ned den 1 juli 1960.<\/p>\n\n\n\n<p>Ur reglemente f\u00f6r lotsverket 1799: Under lotsuppsyningsmannen f\u00f6r Str\u00f6mstads f\u00f6rdelning lyder Havstenssunds lpl: 2 ord lotsar, 1 utl\u00e4rd ord lotsdr\u00e4ng 1 utl\u00e4rd reservlotsdr\u00e4ng och 2 lotsl\u00e4rlingar. Lotsplatsen lyder under lots\u00e5ldermannen i Dyng\u00f6. <\/p>\n\n\n\n<p>Lotsningsomr\u00e5de: Fr\u00e5n Havstenssund till Dyng\u00f6, Koster och Str\u00f6mstad, V\u00e4der\u00f6arna, Rams\u00f6 samt till och fr\u00e5n sj\u00f6n.<\/p>\n\n\n\n<p>1729 Fanns d\u00e4r 2 lotsar och 1 utl\u00e4rd dr\u00e4ng och 1 lotsl\u00e4rling<br>Lots: Hans Tollersson och P\u00e4hr Tollersson samt extralots P\u00e4hr Svensson<\/p>\n\n\n\n<p>1744 fanns det tv\u00e5 lotsar p\u00e5 lpl:<br>Hans Tollersson och P\u00e4hr Tollersson<br>samt tv\u00e5 lotsdr\u00e4ngar:<br>Arvid P\u00e4rsson och Jon Hansson<\/p>\n\n\n\n<p>1817 ur rulla: Ord lots J Hellstedt, <br>Ord lotsdr\u00e4ng A Albrechtsson<br>Reservlotsdr\u00e4ng H Jonsson<br>Lotsl\u00e4rling A Jonasson<\/p>\n\n\n\n<p>1882 uppf\u00f6rdes ett nytt lotsuppassningshus som var flyttat fr\u00e5n Vinga samt ny tj\u00e4nsteb\u00e5t.<\/p>\n\n\n\n<p>I och med att Sydkosters lotsplats drogs in 1903 ut\u00f6kades lotsomr\u00e5det f\u00f6r Havstenssunds lpl<\/p>\n\n\n\n<p>1907 fick lpl en ny lotskutter<\/p>\n\n\n\n<p>1914 s\u00e5lde Lotsverket en stor d\u00e4ckad lotskutter till lotsplatsen<\/p>\n\n\n\n<p>B\u00e5tbest\u00e5ndet 1920:<br>1 d\u00e4ckad kutter b 1907 i ek kravell 10&#215;3,85 med 10 hk Bolinder<br>1 motorb\u00e5t b 1893 i ek, klink 7,5&#215;3,3 5 hk<br>1 roddb\u00e5t<\/p>\n\n\n\n<p>1929 fick man en telefon<\/p>\n\n\n\n<p>Lotsar och 1 b\u00e5tman vid Havsstensunds Lpl<\/p>\n\n\n\n<figure class=\"wp-block-table alignwide\"><table class=\"has-fixed-layout\"><tbody><tr><td><strong>Efternamn<\/strong><\/td><td><strong>F\u00f6rnamn<\/strong><\/td><td><strong>F\u00f6dd<\/strong><\/td><td><strong>I Staten<\/strong><\/td><td><strong>B\u00e5tman<\/strong><\/td><td><strong>Lpl 1<\/strong><\/td><td><strong>\u00d6vriga<\/strong><\/td><\/tr><tr><td>Albrechtsson<\/td><td>A<\/td><td><\/td><td><\/td><td><\/td><td>Havstenssund<\/td><td><\/td><\/tr><tr><td>Hansson<\/td><td>Jon<\/td><td><\/td><td><\/td><td><\/td><td>Havstenssund<\/td><td><\/td><\/tr><tr><td>Hellstedt<\/td><td>J<\/td><td><\/td><td><\/td><td><\/td><td>Havstenssund<\/td><td><\/td><\/tr><tr><td>Jonasson<\/td><td>A<\/td><td><\/td><td><\/td><td><\/td><td>Havstenssund<\/td><td><\/td><\/tr><tr><td>Jonsson<\/td><td>H<\/td><td><\/td><td><\/td><td><\/td><td>Havstenssund<\/td><td><\/td><\/tr><tr><td>P\u00e4rsson<\/td><td>Arvid<\/td><td><\/td><td><\/td><td><\/td><td>Havstenssund<\/td><td><\/td><\/tr><tr><td>Svensson<\/td><td>P\u00e4hr<\/td><td><\/td><td><\/td><td><\/td><td>Havstenssund<\/td><td><\/td><\/tr><tr><td>Tollersson<\/td><td>P\u00e4hr<\/td><td><\/td><td><\/td><td><\/td><td>Havstenssund<\/td><td><\/td><\/tr><tr><td>Tollersson<\/td><td>Hans<\/td><td><\/td><td><\/td><td><\/td><td>Havstenssund<\/td><td><\/td><\/tr><tr><td>Simonsson<\/td><td>P\u00e4hr<\/td><td><\/td><td>1720<\/td><td><\/td><td>Havstenssund<\/td><td><\/td><\/tr><tr><td>Andersson<\/td><td>Johannes<\/td><td>1820<\/td><td>1849<\/td><td><\/td><td>Havstenssund<\/td><td><\/td><\/tr><tr><td>Andersson<\/td><td>Hans<\/td><td>1829<\/td><td>1865<\/td><td><\/td><td>Havstenssund<\/td><td><\/td><\/tr><tr><td>Johannesson<\/td><td>Benjamin<\/td><td>1834<\/td><td>1873<\/td><td><\/td><td>Havstenssund<\/td><td><\/td><\/tr><tr><td>H\u00e4llg\u00e5rd<\/td><td>Arvid<\/td><td>1857<\/td><td>1880<\/td><td><\/td><td>Havstenssund<\/td><td><\/td><\/tr><tr><td>R\u00f6dstr\u00f6m<\/td><td>Anders<\/td><td>1879<\/td><td>1898<\/td><td><\/td><td>Havstenssund<\/td><td>Sydkoster<\/td><\/tr><tr><td>Benroth<\/td><td>Frans<\/td><td>1870<\/td><td>1899<\/td><td><\/td><td>Havstenssund<\/td><td><\/td><\/tr><tr><td>Kylberg<\/td><td>Otto<\/td><td>1883<\/td><td>1899<\/td><td><\/td><td>Sydkoster<\/td><td>Havstenssund<\/td><\/tr><tr><td>Norell<\/td><td>Frans<\/td><td>1861<\/td><td>1899<\/td><td><\/td><td>Havstenssund<\/td><td><\/td><\/tr><tr><td>H\u00e4llg\u00e5rd<\/td><td>Gustaf<\/td><td>1887<\/td><td>1907<\/td><td><\/td><td>Havstenssund<\/td><td><\/td><\/tr><tr><td>Benjaminsson<\/td><td>Evert<\/td><td>1899<\/td><td>1919<\/td><td><\/td><td>Br\u00e4nn\u00f6<\/td><td>Vinga\/G\u00f6teborg\/Havstenssund<\/td><\/tr><tr><td>Carlsson<\/td><td>Johan<\/td><td>1893<\/td><td>1919<\/td><td><\/td><td>Havstenssund<\/td><td><\/td><\/tr><tr><td>Beckman<\/td><td>Edvard<\/td><td>1907<\/td><td>1925<\/td><td><\/td><td>Havstenssund<\/td><td><\/td><\/tr><tr><td>R\u00f6dstr\u00f6m<\/td><td>Anders<\/td><td>1912<\/td><td>1936<\/td><td><\/td><td>Havstenssund<\/td><td><\/td><\/tr><tr><td>Zimmerman<\/td><td>Ivan<\/td><td>1909<\/td><td>1942<\/td><td><\/td><td>Havstenssund<\/td><td>Str\u00f6mstad\/Marstrand<\/td><\/tr><tr><td>Kyhlberg<\/td><td>Bror<\/td><td>1915<\/td><td>1945<\/td><td><\/td><td>Havstenssund<\/td><td>Sm\u00f6gen\/Lysekil<\/td><\/tr><tr><td>Carlsson<\/td><td>Leif<\/td><td>1927<\/td><td>1946<\/td><td>1952-07-01<\/td><td>Havstenssund<\/td><td>Marstrand<\/td><\/tr><tr><td>Costerdal<\/td><td>Olof<\/td><td>1929<\/td><td>1952<\/td><td><\/td><td>Havstenssund<\/td><td><\/td><\/tr><tr><td>Edlund<\/td><td>Rolf<\/td><td>1930<\/td><td>1953<\/td><td><\/td><td>Havstenssund<\/td><td>Nordkoster\/Varberg\/Halmstad\/ Falkenberg<\/td><\/tr><\/tbody><\/table><\/figure>\n","protected":false},"excerpt":{"rendered":"<p>58\u00b0 45.741&#8242; N 11\u00b0 11.126&#8242; E Havstenssunds lotsplats \u00e4r tidigast omn\u00e4mnd 1726 och lades ned den 1 juli 1960. Ur reglemente f\u00f6r lotsverket 1799: Under lotsuppsyningsmannen f\u00f6r Str\u00f6mstads f\u00f6rdelning lyder Havstenssunds lpl: 2 ord lotsar, 1 utl\u00e4rd ord lotsdr\u00e4ng 1 utl\u00e4rd reservlotsdr\u00e4ng och 2 lotsl\u00e4rlingar. Lotsplatsen lyder under lots\u00e5ldermannen i Dyng\u00f6. Lotsningsomr\u00e5de: Fr\u00e5n Havstenssund till&hellip; <a class=\"more-link\" href=\"https:\/\/lotsarnastockholm.se\/index.php\/havstenssunds-lotsplats\/\">Forts\u00e4tt l\u00e4sa <span class=\"screen-reader-text\">Havstenssund Lotsplats<\/span><\/a><\/p>\n","protected":false},"author":1,"featured_media":0,"parent":0,"menu_order":0,"comment_status":"closed","ping_status":"closed","template":"","meta":{"footnotes":""},"class_list":["post-3819","page","type-page","status-publish","hentry","entry"],"_links":{"self":[{"href":"https:\/\/lotsarnastockholm.se\/index.php\/wp-json\/wp\/v2\/pages\/3819","targetHints":{"allow":["GET"]}}],"collection":[{"href":"https:\/\/lotsarnastockholm.se\/index.php\/wp-json\/wp\/v2\/pages"}],"about":[{"href":"https:\/\/lotsarnastockholm.se\/index.php\/wp-json\/wp\/v2\/types\/page"}],"author":[{"embeddable":true,"href":"https:\/\/lotsarnastockholm.se\/index.php\/wp-json\/wp\/v2\/users\/1"}],"replies":[{"embeddable":true,"href":"https:\/\/lotsarnastockholm.se\/index.php\/wp-json\/wp\/v2\/comments?post=3819"}],"version-history":[{"count":6,"href":"https:\/\/lotsarnastockholm.se\/index.php\/wp-json\/wp\/v2\/pages\/3819\/revisions"}],"predecessor-version":[{"id":7697,"href":"https:\/\/lotsarnastockholm.se\/index.php\/wp-json\/wp\/v2\/pages\/3819\/revisions\/7697"}],"wp:attachment":[{"href":"https:\/\/lotsarnastockholm.se\/index.php\/wp-json\/wp\/v2\/media?parent=3819"}],"curies":[{"name":"wp","href":"https:\/\/api.w.org\/{rel}","templated":true}]}}