{"id":3557,"date":"2022-01-01T20:47:57","date_gmt":"2022-01-01T19:47:57","guid":{"rendered":"https:\/\/lotsarnastockholm.se\/?page_id=3557"},"modified":"2023-05-12T21:51:53","modified_gmt":"2023-05-12T20:51:53","slug":"stockholms-lotsplats-2","status":"publish","type":"page","link":"https:\/\/lotsarnastockholm.se\/index.php\/stockholms-lotsplats-2\/","title":{"rendered":"Stockholm Lotsplats- Galleri"},"content":{"rendered":"\n<p>Fotografier p\u00e5 Stockholms Lotsar och Tic:are samt kontorspersonal<\/p>\n\n\n\n<p><a href=\"https:\/\/lotsarnastockholm.se\/index.php\/lots-galleriet\/\">Lotstavlan fr\u00e5n 1898<\/a><\/p>\n\n\n\n<p><a href=\"https:\/\/lotsarnastockholm.se\/index.php\/stockholms-lotsar-1914-1924\/\" data-type=\"URL\" data-id=\"https:\/\/lotsarnastockholm.se\/index.php\/stockholms-lotsar-1914-1924\/\">Fr\u00e5n Minnesalbum 1914-1924<\/a><\/p>\n\n\n\n<p><a href=\"https:\/\/lotsarnastockholm.se\/index.php\/lotstavlan-1947\/\" data-type=\"URL\" data-id=\"https:\/\/lotsarnastockholm.se\/index.php\/lotstavlan-1947\/\">Lotstavlan 1947<\/a><\/p>\n\n\n\n<p><a href=\"https:\/\/lotsarnastockholm.se\/index.php\/lotsar-1947-1994\/\" data-type=\"URL\" data-id=\"https:\/\/lotsarnastockholm.se\/index.php\/lotsar-1947-1994\/\">Fotografier mellan 1947-1994<\/a><\/p>\n\n\n\n<p><a href=\"https:\/\/lotsarnastockholm.se\/index.php\/1994-ars-lotstavla\/\" data-type=\"URL\" data-id=\"https:\/\/lotsarnastockholm.se\/index.php\/1994-ars-lotstavla\/\">Lotstavlan 1994<\/a><\/p>\n\n\n\n<p><a href=\"https:\/\/lotsarnastockholm.se\/index.php\/lotstavlan-2000\/\" data-type=\"URL\" data-id=\"https:\/\/lotsarnastockholm.se\/index.php\/lotstavlan-2000\/\">Lotstavlan 2000<\/a><\/p>\n\n\n\n<p><a href=\"https:\/\/lotsarnastockholm.se\/index.php\/lotsar-genom-tiderna\/\">Osorterade bilder av lotsar<\/a><\/p>\n\n\n\n<p><a href=\"https:\/\/lotsarnastockholm.se\/index.php\/tic-vts-och-kontor\/\" data-type=\"URL\" data-id=\"https:\/\/lotsarnastockholm.se\/index.php\/tic-vts-och-kontor\/\">TIC:are\/ VTS och kontoret 2000<\/a><\/p>\n\n\n\n<p><\/p>\n","protected":false},"excerpt":{"rendered":"<p>Fotografier p\u00e5 Stockholms Lotsar och Tic:are samt kontorspersonal Lotstavlan fr\u00e5n 1898 Fr\u00e5n Minnesalbum 1914-1924 Lotstavlan 1947 Fotografier mellan 1947-1994 Lotstavlan 1994 Lotstavlan 2000 Osorterade bilder av lotsar TIC:are\/ VTS och kontoret 2000<\/p>\n","protected":false},"author":1,"featured_media":0,"parent":0,"menu_order":0,"comment_status":"closed","ping_status":"closed","template":"","meta":{"footnotes":""},"class_list":["post-3557","page","type-page","status-publish","hentry","entry"],"_links":{"self":[{"href":"https:\/\/lotsarnastockholm.se\/index.php\/wp-json\/wp\/v2\/pages\/3557","targetHints":{"allow":["GET"]}}],"collection":[{"href":"https:\/\/lotsarnastockholm.se\/index.php\/wp-json\/wp\/v2\/pages"}],"about":[{"href":"https:\/\/lotsarnastockholm.se\/index.php\/wp-json\/wp\/v2\/types\/page"}],"author":[{"embeddable":true,"href":"https:\/\/lotsarnastockholm.se\/index.php\/wp-json\/wp\/v2\/users\/1"}],"replies":[{"embeddable":true,"href":"https:\/\/lotsarnastockholm.se\/index.php\/wp-json\/wp\/v2\/comments?post=3557"}],"version-history":[{"count":5,"href":"https:\/\/lotsarnastockholm.se\/index.php\/wp-json\/wp\/v2\/pages\/3557\/revisions"}],"predecessor-version":[{"id":5333,"href":"https:\/\/lotsarnastockholm.se\/index.php\/wp-json\/wp\/v2\/pages\/3557\/revisions\/5333"}],"wp:attachment":[{"href":"https:\/\/lotsarnastockholm.se\/index.php\/wp-json\/wp\/v2\/media?parent=3557"}],"curies":[{"name":"wp","href":"https:\/\/api.w.org\/{rel}","templated":true}]}}