{"id":312,"date":"2015-11-05T19:37:37","date_gmt":"2015-11-05T18:37:37","guid":{"rendered":"http:\/\/lotsarnastockholm.se\/?page_id=312"},"modified":"2018-03-15T20:33:31","modified_gmt":"2018-03-15T19:33:31","slug":"personal","status":"publish","type":"page","link":"https:\/\/lotsarnastockholm.se\/index.php\/personal\/","title":{"rendered":"P\u00e4rmarna p\u00e5 Rosenvik"},"content":{"rendered":"<p>Genom \u00e5ren samlades bilder och sattes i p\u00e4rmar. Nu ligger dessa bortgl\u00f6mda i kartonger. Jag har scannat in alla p\u00e4rmar men en del bilder kanske inte l\u00e4mpar sig f\u00f6r internet publicering. Allt kanske inte \u00e4r preskriberat \u00e4nnu&#8230;.<\/p>\n<p><a href=\"http:\/\/lotsarnastockholm.se\/wp-content\/uploads\/2015\/09\/IMG_0002.jpg\"><img fetchpriority=\"high\" decoding=\"async\" class=\"alignnone wp-image-19 size-full\" src=\"http:\/\/lotsarnastockholm.se\/wp-content\/uploads\/2015\/09\/IMG_0002.jpg\" alt=\"IMG_0002\" width=\"2642\" height=\"1843\" srcset=\"https:\/\/lotsarnastockholm.se\/wp-content\/uploads\/2015\/09\/IMG_0002.jpg 2642w, https:\/\/lotsarnastockholm.se\/wp-content\/uploads\/2015\/09\/IMG_0002-300x209.jpg 300w, https:\/\/lotsarnastockholm.se\/wp-content\/uploads\/2015\/09\/IMG_0002-1024x714.jpg 1024w\" sizes=\"(max-width: 2642px) 100vw, 2642px\" \/><\/a><\/p>\n","protected":false},"excerpt":{"rendered":"<p>Genom \u00e5ren samlades bilder och sattes i p\u00e4rmar. Nu ligger dessa bortgl\u00f6mda i kartonger. Jag har scannat in alla p\u00e4rmar men en del bilder kanske inte l\u00e4mpar sig f\u00f6r internet publicering. Allt kanske inte \u00e4r preskriberat \u00e4nnu&#8230;.<\/p>\n","protected":false},"author":1,"featured_media":0,"parent":0,"menu_order":0,"comment_status":"closed","ping_status":"closed","template":"","meta":{"footnotes":""},"class_list":["post-312","page","type-page","status-publish","hentry","entry"],"_links":{"self":[{"href":"https:\/\/lotsarnastockholm.se\/index.php\/wp-json\/wp\/v2\/pages\/312","targetHints":{"allow":["GET"]}}],"collection":[{"href":"https:\/\/lotsarnastockholm.se\/index.php\/wp-json\/wp\/v2\/pages"}],"about":[{"href":"https:\/\/lotsarnastockholm.se\/index.php\/wp-json\/wp\/v2\/types\/page"}],"author":[{"embeddable":true,"href":"https:\/\/lotsarnastockholm.se\/index.php\/wp-json\/wp\/v2\/users\/1"}],"replies":[{"embeddable":true,"href":"https:\/\/lotsarnastockholm.se\/index.php\/wp-json\/wp\/v2\/comments?post=312"}],"version-history":[{"count":3,"href":"https:\/\/lotsarnastockholm.se\/index.php\/wp-json\/wp\/v2\/pages\/312\/revisions"}],"predecessor-version":[{"id":1178,"href":"https:\/\/lotsarnastockholm.se\/index.php\/wp-json\/wp\/v2\/pages\/312\/revisions\/1178"}],"wp:attachment":[{"href":"https:\/\/lotsarnastockholm.se\/index.php\/wp-json\/wp\/v2\/media?parent=312"}],"curies":[{"name":"wp","href":"https:\/\/api.w.org\/{rel}","templated":true}]}}