{"id":306,"date":"2015-11-05T15:35:09","date_gmt":"2015-11-05T14:35:09","guid":{"rendered":"http:\/\/lotsarnastockholm.se\/?page_id=306"},"modified":"2015-11-05T15:40:23","modified_gmt":"2015-11-05T14:40:23","slug":"bilder-fran-1916-1920","status":"publish","type":"page","link":"https:\/\/lotsarnastockholm.se\/index.php\/bilder-fran-1916-1920\/","title":{"rendered":"Bilder fr\u00e5n 1916-1920"},"content":{"rendered":"<p>Bilder tagna under de fyra \u00e5r bygget p\u00e5gick. PGA av 1 v\u00e4rldskriget saknades byggmaterial och det tog l\u00e4ngre tid \u00e4n ber\u00e4knat.<\/p>\n<figure id=\"attachment_300\" aria-describedby=\"caption-attachment-300\" style=\"width: 4054px\" class=\"wp-caption aligncenter\"><a href=\"http:\/\/lotsarnastockholm.se\/wp-content\/uploads\/2015\/11\/6225.jpg\"><img fetchpriority=\"high\" decoding=\"async\" class=\"wp-image-300 size-full\" src=\"http:\/\/lotsarnastockholm.se\/wp-content\/uploads\/2015\/11\/6225.jpg\" alt=\"6225\" width=\"4054\" height=\"2970\" srcset=\"https:\/\/lotsarnastockholm.se\/wp-content\/uploads\/2015\/11\/6225.jpg 4054w, https:\/\/lotsarnastockholm.se\/wp-content\/uploads\/2015\/11\/6225-300x220.jpg 300w, https:\/\/lotsarnastockholm.se\/wp-content\/uploads\/2015\/11\/6225-1024x750.jpg 1024w\" sizes=\"(max-width: 4054px) 100vw, 4054px\" \/><\/a><figcaption id=\"caption-attachment-300\" class=\"wp-caption-text\">Innan ombyggnaden<\/figcaption><\/figure>\n<figure id=\"attachment_299\" aria-describedby=\"caption-attachment-299\" style=\"width: 4122px\" class=\"wp-caption aligncenter\"><a href=\"http:\/\/lotsarnastockholm.se\/wp-content\/uploads\/2015\/11\/6224.jpg\"><img decoding=\"async\" class=\"wp-image-299 size-full\" src=\"http:\/\/lotsarnastockholm.se\/wp-content\/uploads\/2015\/11\/6224.jpg\" alt=\"6224\" width=\"4122\" height=\"2970\" srcset=\"https:\/\/lotsarnastockholm.se\/wp-content\/uploads\/2015\/11\/6224.jpg 4122w, https:\/\/lotsarnastockholm.se\/wp-content\/uploads\/2015\/11\/6224-300x216.jpg 300w, https:\/\/lotsarnastockholm.se\/wp-content\/uploads\/2015\/11\/6224-1024x738.jpg 1024w\" sizes=\"(max-width: 4122px) 100vw, 4122px\" \/><\/a><figcaption id=\"caption-attachment-299\" class=\"wp-caption-text\">Gamla kajerna<\/figcaption><\/figure>\n<figure id=\"attachment_298\" aria-describedby=\"caption-attachment-298\" style=\"width: 4122px\" class=\"wp-caption aligncenter\"><a href=\"http:\/\/lotsarnastockholm.se\/wp-content\/uploads\/2015\/11\/6223.jpg\"><img decoding=\"async\" class=\"wp-image-298 size-full\" src=\"http:\/\/lotsarnastockholm.se\/wp-content\/uploads\/2015\/11\/6223.jpg\" alt=\"6223\" width=\"4122\" height=\"2970\" srcset=\"https:\/\/lotsarnastockholm.se\/wp-content\/uploads\/2015\/11\/6223.jpg 4122w, https:\/\/lotsarnastockholm.se\/wp-content\/uploads\/2015\/11\/6223-300x216.jpg 300w, https:\/\/lotsarnastockholm.se\/wp-content\/uploads\/2015\/11\/6223-1024x738.jpg 1024w\" sizes=\"(max-width: 4122px) 100vw, 4122px\" \/><\/a><figcaption id=\"caption-attachment-298\" class=\"wp-caption-text\">Fyrskeppen, se s\u00e5 \u00f6de p\u00e5 andra sidan, Danvikskanalen byggdes f\u00f6rst 1929<\/figcaption><\/figure>\n<p><a href=\"http:\/\/lotsarnastockholm.se\/wp-content\/uploads\/2015\/11\/6222.jpg\"><img loading=\"lazy\" decoding=\"async\" class=\"aligncenter wp-image-297 size-full\" src=\"http:\/\/lotsarnastockholm.se\/wp-content\/uploads\/2015\/11\/6222.jpg\" alt=\"6222\" width=\"2448\" height=\"1809\" srcset=\"https:\/\/lotsarnastockholm.se\/wp-content\/uploads\/2015\/11\/6222.jpg 2448w, https:\/\/lotsarnastockholm.se\/wp-content\/uploads\/2015\/11\/6222-300x222.jpg 300w, https:\/\/lotsarnastockholm.se\/wp-content\/uploads\/2015\/11\/6222-1024x757.jpg 1024w\" sizes=\"(max-width: 2448px) 100vw, 2448px\" \/><\/a><\/p>\n<figure id=\"attachment_296\" aria-describedby=\"caption-attachment-296\" style=\"width: 1770px\" class=\"wp-caption aligncenter\"><a href=\"http:\/\/lotsarnastockholm.se\/wp-content\/uploads\/2015\/11\/6221.jpg\"><img loading=\"lazy\" decoding=\"async\" class=\"wp-image-296 size-full\" src=\"http:\/\/lotsarnastockholm.se\/wp-content\/uploads\/2015\/11\/6221.jpg\" alt=\"6221\" width=\"1770\" height=\"2438\" srcset=\"https:\/\/lotsarnastockholm.se\/wp-content\/uploads\/2015\/11\/6221.jpg 1770w, https:\/\/lotsarnastockholm.se\/wp-content\/uploads\/2015\/11\/6221-218x300.jpg 218w, https:\/\/lotsarnastockholm.se\/wp-content\/uploads\/2015\/11\/6221-743x1024.jpg 743w\" sizes=\"(max-width: 1770px) 100vw, 1770px\" \/><\/a><figcaption id=\"caption-attachment-296\" class=\"wp-caption-text\">Gamla entr\u00e9n med tr\u00e4det och r\u00e4lsbanan mellan smedjan och verkstaden<\/figcaption><\/figure>\n<figure id=\"attachment_294\" aria-describedby=\"caption-attachment-294\" style=\"width: 2564px\" class=\"wp-caption aligncenter\"><a href=\"http:\/\/lotsarnastockholm.se\/wp-content\/uploads\/2015\/11\/6219.jpg\"><img loading=\"lazy\" decoding=\"async\" class=\"wp-image-294 size-full\" src=\"http:\/\/lotsarnastockholm.se\/wp-content\/uploads\/2015\/11\/6219.jpg\" alt=\"6219\" width=\"2564\" height=\"2051\" srcset=\"https:\/\/lotsarnastockholm.se\/wp-content\/uploads\/2015\/11\/6219.jpg 2564w, https:\/\/lotsarnastockholm.se\/wp-content\/uploads\/2015\/11\/6219-300x240.jpg 300w, https:\/\/lotsarnastockholm.se\/wp-content\/uploads\/2015\/11\/6219-1024x819.jpg 1024w\" sizes=\"(max-width: 2564px) 100vw, 2564px\" \/><\/a><figcaption id=\"caption-attachment-294\" class=\"wp-caption-text\">Gamla smedjan och motorverkstaden, den revs senare under 1970 talet<\/figcaption><\/figure>\n<figure id=\"attachment_295\" aria-describedby=\"caption-attachment-295\" style=\"width: 2564px\" class=\"wp-caption aligncenter\"><a href=\"http:\/\/lotsarnastockholm.se\/wp-content\/uploads\/2015\/11\/6220.jpg\"><img loading=\"lazy\" decoding=\"async\" class=\"wp-image-295 size-full\" src=\"http:\/\/lotsarnastockholm.se\/wp-content\/uploads\/2015\/11\/6220.jpg\" alt=\"6220\" width=\"2564\" height=\"2051\" srcset=\"https:\/\/lotsarnastockholm.se\/wp-content\/uploads\/2015\/11\/6220.jpg 2564w, https:\/\/lotsarnastockholm.se\/wp-content\/uploads\/2015\/11\/6220-300x240.jpg 300w, https:\/\/lotsarnastockholm.se\/wp-content\/uploads\/2015\/11\/6220-1024x819.jpg 1024w\" sizes=\"(max-width: 2564px) 100vw, 2564px\" \/><\/a><figcaption id=\"caption-attachment-295\" class=\"wp-caption-text\">Villa K\u00c5A i bakgrunden byggdes 1911, s\u00e5ldes 2009 f\u00f6r 75 miljoner&#8230;&#8230;&#8230;..<\/figcaption><\/figure>\n<p>&nbsp;<\/p>\n<figure id=\"attachment_293\" aria-describedby=\"caption-attachment-293\" style=\"width: 2564px\" class=\"wp-caption aligncenter\"><a href=\"http:\/\/lotsarnastockholm.se\/wp-content\/uploads\/2015\/11\/6218.jpg\"><img loading=\"lazy\" decoding=\"async\" class=\"wp-image-293 size-full\" src=\"http:\/\/lotsarnastockholm.se\/wp-content\/uploads\/2015\/11\/6218.jpg\" alt=\"6218\" width=\"2564\" height=\"2051\" srcset=\"https:\/\/lotsarnastockholm.se\/wp-content\/uploads\/2015\/11\/6218.jpg 2564w, https:\/\/lotsarnastockholm.se\/wp-content\/uploads\/2015\/11\/6218-300x240.jpg 300w, https:\/\/lotsarnastockholm.se\/wp-content\/uploads\/2015\/11\/6218-1024x819.jpg 1024w\" sizes=\"(max-width: 2564px) 100vw, 2564px\" \/><\/a><figcaption id=\"caption-attachment-293\" class=\"wp-caption-text\">Fyrskepp och Beckholmen i bakgrunden<\/figcaption><\/figure>\n<figure id=\"attachment_292\" aria-describedby=\"caption-attachment-292\" style=\"width: 2564px\" class=\"wp-caption aligncenter\"><a href=\"http:\/\/lotsarnastockholm.se\/wp-content\/uploads\/2015\/11\/6217.jpg\"><img loading=\"lazy\" decoding=\"async\" class=\"wp-image-292 size-full\" src=\"http:\/\/lotsarnastockholm.se\/wp-content\/uploads\/2015\/11\/6217.jpg\" alt=\"6217\" width=\"2564\" height=\"2012\" srcset=\"https:\/\/lotsarnastockholm.se\/wp-content\/uploads\/2015\/11\/6217.jpg 2564w, https:\/\/lotsarnastockholm.se\/wp-content\/uploads\/2015\/11\/6217-300x235.jpg 300w, https:\/\/lotsarnastockholm.se\/wp-content\/uploads\/2015\/11\/6217-1024x804.jpg 1024w\" sizes=\"(max-width: 2564px) 100vw, 2564px\" \/><\/a><figcaption id=\"caption-attachment-292\" class=\"wp-caption-text\">Fyllnadsmassor<\/figcaption><\/figure>\n<figure id=\"attachment_291\" aria-describedby=\"caption-attachment-291\" style=\"width: 2564px\" class=\"wp-caption aligncenter\"><a href=\"http:\/\/lotsarnastockholm.se\/wp-content\/uploads\/2015\/11\/6216.jpg\"><img loading=\"lazy\" decoding=\"async\" class=\"wp-image-291 size-full\" src=\"http:\/\/lotsarnastockholm.se\/wp-content\/uploads\/2015\/11\/6216.jpg\" alt=\"6216\" width=\"2564\" height=\"2012\" srcset=\"https:\/\/lotsarnastockholm.se\/wp-content\/uploads\/2015\/11\/6216.jpg 2564w, https:\/\/lotsarnastockholm.se\/wp-content\/uploads\/2015\/11\/6216-300x235.jpg 300w, https:\/\/lotsarnastockholm.se\/wp-content\/uploads\/2015\/11\/6216-1024x804.jpg 1024w\" sizes=\"(max-width: 2564px) 100vw, 2564px\" \/><\/a><figcaption id=\"caption-attachment-291\" class=\"wp-caption-text\">Utfyllnad och cementblandare<\/figcaption><\/figure>\n<figure id=\"attachment_290\" aria-describedby=\"caption-attachment-290\" style=\"width: 2583px\" class=\"wp-caption aligncenter\"><a href=\"http:\/\/lotsarnastockholm.se\/wp-content\/uploads\/2015\/11\/6215.jpg\"><img loading=\"lazy\" decoding=\"async\" class=\"wp-image-290 size-full\" src=\"http:\/\/lotsarnastockholm.se\/wp-content\/uploads\/2015\/11\/6215.jpg\" alt=\"6215\" width=\"2583\" height=\"2012\" srcset=\"https:\/\/lotsarnastockholm.se\/wp-content\/uploads\/2015\/11\/6215.jpg 2583w, https:\/\/lotsarnastockholm.se\/wp-content\/uploads\/2015\/11\/6215-300x234.jpg 300w, https:\/\/lotsarnastockholm.se\/wp-content\/uploads\/2015\/11\/6215-1024x798.jpg 1024w\" sizes=\"(max-width: 2583px) 100vw, 2583px\" \/><\/a><figcaption id=\"caption-attachment-290\" class=\"wp-caption-text\">Tegel sl\u00e5s sj\u00e4lv<\/figcaption><\/figure>\n<figure id=\"attachment_289\" aria-describedby=\"caption-attachment-289\" style=\"width: 2583px\" class=\"wp-caption aligncenter\"><a href=\"http:\/\/lotsarnastockholm.se\/wp-content\/uploads\/2015\/11\/6214.jpg\"><img loading=\"lazy\" decoding=\"async\" class=\"wp-image-289 size-full\" src=\"http:\/\/lotsarnastockholm.se\/wp-content\/uploads\/2015\/11\/6214.jpg\" alt=\"6214\" width=\"2583\" height=\"2012\" srcset=\"https:\/\/lotsarnastockholm.se\/wp-content\/uploads\/2015\/11\/6214.jpg 2583w, https:\/\/lotsarnastockholm.se\/wp-content\/uploads\/2015\/11\/6214-300x234.jpg 300w, https:\/\/lotsarnastockholm.se\/wp-content\/uploads\/2015\/11\/6214-1024x798.jpg 1024w\" sizes=\"(max-width: 2583px) 100vw, 2583px\" \/><\/a><figcaption id=\"caption-attachment-289\" class=\"wp-caption-text\">Tungdykare, tuffa grabbar!!<\/figcaption><\/figure>\n<figure id=\"attachment_288\" aria-describedby=\"caption-attachment-288\" style=\"width: 2603px\" class=\"wp-caption aligncenter\"><a href=\"http:\/\/lotsarnastockholm.se\/wp-content\/uploads\/2015\/11\/6213.jpg\"><img loading=\"lazy\" decoding=\"async\" class=\"wp-image-288 size-full\" src=\"http:\/\/lotsarnastockholm.se\/wp-content\/uploads\/2015\/11\/6213.jpg\" alt=\"6213\" width=\"2603\" height=\"2012\" srcset=\"https:\/\/lotsarnastockholm.se\/wp-content\/uploads\/2015\/11\/6213.jpg 2603w, https:\/\/lotsarnastockholm.se\/wp-content\/uploads\/2015\/11\/6213-300x232.jpg 300w, https:\/\/lotsarnastockholm.se\/wp-content\/uploads\/2015\/11\/6213-1024x792.jpg 1024w\" sizes=\"(max-width: 2603px) 100vw, 2603px\" \/><\/a><figcaption id=\"caption-attachment-288\" class=\"wp-caption-text\">B\u00f6rjar ta form<\/figcaption><\/figure>\n<figure id=\"attachment_287\" aria-describedby=\"caption-attachment-287\" style=\"width: 2603px\" class=\"wp-caption aligncenter\"><a href=\"http:\/\/lotsarnastockholm.se\/wp-content\/uploads\/2015\/11\/6212.jpg\"><img loading=\"lazy\" decoding=\"async\" class=\"wp-image-287 size-full\" src=\"http:\/\/lotsarnastockholm.se\/wp-content\/uploads\/2015\/11\/6212.jpg\" alt=\"6212\" width=\"2603\" height=\"2012\" srcset=\"https:\/\/lotsarnastockholm.se\/wp-content\/uploads\/2015\/11\/6212.jpg 2603w, https:\/\/lotsarnastockholm.se\/wp-content\/uploads\/2015\/11\/6212-300x232.jpg 300w, https:\/\/lotsarnastockholm.se\/wp-content\/uploads\/2015\/11\/6212-1024x792.jpg 1024w\" sizes=\"(max-width: 2603px) 100vw, 2603px\" \/><\/a><figcaption id=\"caption-attachment-287\" class=\"wp-caption-text\">Fyr och fyrskepps f\u00f6rr\u00e5det v\u00e4xer fram<\/figcaption><\/figure>\n<figure id=\"attachment_286\" aria-describedby=\"caption-attachment-286\" style=\"width: 2603px\" class=\"wp-caption aligncenter\"><a href=\"http:\/\/lotsarnastockholm.se\/wp-content\/uploads\/2015\/11\/6211.jpg\"><img loading=\"lazy\" decoding=\"async\" class=\"wp-image-286 size-full\" src=\"http:\/\/lotsarnastockholm.se\/wp-content\/uploads\/2015\/11\/6211.jpg\" alt=\"6211\" width=\"2603\" height=\"2012\" srcset=\"https:\/\/lotsarnastockholm.se\/wp-content\/uploads\/2015\/11\/6211.jpg 2603w, https:\/\/lotsarnastockholm.se\/wp-content\/uploads\/2015\/11\/6211-300x232.jpg 300w, https:\/\/lotsarnastockholm.se\/wp-content\/uploads\/2015\/11\/6211-1024x792.jpg 1024w\" sizes=\"(max-width: 2603px) 100vw, 2603px\" \/><\/a><figcaption id=\"caption-attachment-286\" class=\"wp-caption-text\">Gamla grejor<\/figcaption><\/figure>\n<figure id=\"attachment_285\" aria-describedby=\"caption-attachment-285\" style=\"width: 2603px\" class=\"wp-caption aligncenter\"><a href=\"http:\/\/lotsarnastockholm.se\/wp-content\/uploads\/2015\/11\/6210.jpg\"><img loading=\"lazy\" decoding=\"async\" class=\"wp-image-285 size-full\" src=\"http:\/\/lotsarnastockholm.se\/wp-content\/uploads\/2015\/11\/6210.jpg\" alt=\"6210\" width=\"2603\" height=\"2012\" srcset=\"https:\/\/lotsarnastockholm.se\/wp-content\/uploads\/2015\/11\/6210.jpg 2603w, https:\/\/lotsarnastockholm.se\/wp-content\/uploads\/2015\/11\/6210-300x232.jpg 300w, https:\/\/lotsarnastockholm.se\/wp-content\/uploads\/2015\/11\/6210-1024x792.jpg 1024w\" sizes=\"(max-width: 2603px) 100vw, 2603px\" \/><\/a><figcaption id=\"caption-attachment-285\" class=\"wp-caption-text\">R\u00f6rigt ojoj<\/figcaption><\/figure>\n<p><a href=\"http:\/\/lotsarnastockholm.se\/wp-content\/uploads\/2015\/11\/6209.jpg\"><img loading=\"lazy\" decoding=\"async\" class=\"aligncenter wp-image-284 size-full\" src=\"http:\/\/lotsarnastockholm.se\/wp-content\/uploads\/2015\/11\/6209.jpg\" alt=\"6209\" width=\"2603\" height=\"2012\" srcset=\"https:\/\/lotsarnastockholm.se\/wp-content\/uploads\/2015\/11\/6209.jpg 2603w, https:\/\/lotsarnastockholm.se\/wp-content\/uploads\/2015\/11\/6209-300x232.jpg 300w, https:\/\/lotsarnastockholm.se\/wp-content\/uploads\/2015\/11\/6209-1024x792.jpg 1024w\" sizes=\"(max-width: 2603px) 100vw, 2603px\" \/><\/a><\/p>\n<figure id=\"attachment_283\" aria-describedby=\"caption-attachment-283\" style=\"width: 2603px\" class=\"wp-caption aligncenter\"><a href=\"http:\/\/lotsarnastockholm.se\/wp-content\/uploads\/2015\/11\/6208.jpg\"><img loading=\"lazy\" decoding=\"async\" class=\"wp-image-283 size-full\" src=\"http:\/\/lotsarnastockholm.se\/wp-content\/uploads\/2015\/11\/6208.jpg\" alt=\"6208\" width=\"2603\" height=\"2012\" srcset=\"https:\/\/lotsarnastockholm.se\/wp-content\/uploads\/2015\/11\/6208.jpg 2603w, https:\/\/lotsarnastockholm.se\/wp-content\/uploads\/2015\/11\/6208-300x232.jpg 300w, https:\/\/lotsarnastockholm.se\/wp-content\/uploads\/2015\/11\/6208-1024x792.jpg 1024w\" sizes=\"(max-width: 2603px) 100vw, 2603px\" \/><\/a><figcaption id=\"caption-attachment-283\" class=\"wp-caption-text\">Lotsdirekt\u00f6rens villa<\/figcaption><\/figure>\n<figure id=\"attachment_282\" aria-describedby=\"caption-attachment-282\" style=\"width: 2603px\" class=\"wp-caption aligncenter\"><a href=\"http:\/\/lotsarnastockholm.se\/wp-content\/uploads\/2015\/11\/6207.jpg\"><img loading=\"lazy\" decoding=\"async\" class=\"wp-image-282 size-full\" src=\"http:\/\/lotsarnastockholm.se\/wp-content\/uploads\/2015\/11\/6207.jpg\" alt=\"6207\" width=\"2603\" height=\"2012\" srcset=\"https:\/\/lotsarnastockholm.se\/wp-content\/uploads\/2015\/11\/6207.jpg 2603w, https:\/\/lotsarnastockholm.se\/wp-content\/uploads\/2015\/11\/6207-300x232.jpg 300w, https:\/\/lotsarnastockholm.se\/wp-content\/uploads\/2015\/11\/6207-1024x792.jpg 1024w\" sizes=\"(max-width: 2603px) 100vw, 2603px\" \/><\/a><figcaption id=\"caption-attachment-282\" class=\"wp-caption-text\">Huvudbyggnaden<\/figcaption><\/figure>\n<figure id=\"attachment_281\" aria-describedby=\"caption-attachment-281\" style=\"width: 2603px\" class=\"wp-caption aligncenter\"><a href=\"http:\/\/lotsarnastockholm.se\/wp-content\/uploads\/2015\/11\/6206.jpg\"><img loading=\"lazy\" decoding=\"async\" class=\"wp-image-281 size-full\" src=\"http:\/\/lotsarnastockholm.se\/wp-content\/uploads\/2015\/11\/6206.jpg\" alt=\"6206\" width=\"2603\" height=\"2012\" srcset=\"https:\/\/lotsarnastockholm.se\/wp-content\/uploads\/2015\/11\/6206.jpg 2603w, https:\/\/lotsarnastockholm.se\/wp-content\/uploads\/2015\/11\/6206-300x232.jpg 300w, https:\/\/lotsarnastockholm.se\/wp-content\/uploads\/2015\/11\/6206-1024x792.jpg 1024w\" sizes=\"(max-width: 2603px) 100vw, 2603px\" \/><\/a><figcaption id=\"caption-attachment-281\" class=\"wp-caption-text\">Kajer och fyllnadsmassor<\/figcaption><\/figure>\n<figure id=\"attachment_280\" aria-describedby=\"caption-attachment-280\" style=\"width: 2574px\" class=\"wp-caption aligncenter\"><a href=\"http:\/\/lotsarnastockholm.se\/wp-content\/uploads\/2015\/11\/6205.jpg\"><img loading=\"lazy\" decoding=\"async\" class=\"wp-image-280 size-full\" src=\"http:\/\/lotsarnastockholm.se\/wp-content\/uploads\/2015\/11\/6205.jpg\" alt=\"6205\" width=\"2574\" height=\"1993\" srcset=\"https:\/\/lotsarnastockholm.se\/wp-content\/uploads\/2015\/11\/6205.jpg 2574w, https:\/\/lotsarnastockholm.se\/wp-content\/uploads\/2015\/11\/6205-300x232.jpg 300w, https:\/\/lotsarnastockholm.se\/wp-content\/uploads\/2015\/11\/6205-1024x793.jpg 1024w\" sizes=\"(max-width: 2574px) 100vw, 2574px\" \/><\/a><figcaption id=\"caption-attachment-280\" class=\"wp-caption-text\">H\u00f6glein och Seippels br\u00e4dg\u00e5rd<\/figcaption><\/figure>\n<p><a href=\"http:\/\/lotsarnastockholm.se\/wp-content\/uploads\/2015\/11\/6204.jpg\"><img loading=\"lazy\" decoding=\"async\" class=\"aligncenter wp-image-279 size-full\" src=\"http:\/\/lotsarnastockholm.se\/wp-content\/uploads\/2015\/11\/6204.jpg\" alt=\"6204\" width=\"2041\" height=\"2545\" srcset=\"https:\/\/lotsarnastockholm.se\/wp-content\/uploads\/2015\/11\/6204.jpg 2041w, https:\/\/lotsarnastockholm.se\/wp-content\/uploads\/2015\/11\/6204-241x300.jpg 241w, https:\/\/lotsarnastockholm.se\/wp-content\/uploads\/2015\/11\/6204-821x1024.jpg 821w\" sizes=\"(max-width: 2041px) 100vw, 2041px\" \/><\/a><\/p>\n<p><a href=\"http:\/\/lotsarnastockholm.se\/wp-content\/uploads\/2015\/11\/6203.jpg\"><img loading=\"lazy\" decoding=\"async\" class=\"aligncenter wp-image-278 size-full\" src=\"http:\/\/lotsarnastockholm.se\/wp-content\/uploads\/2015\/11\/6203.jpg\" alt=\"6203\" width=\"2070\" height=\"2574\" srcset=\"https:\/\/lotsarnastockholm.se\/wp-content\/uploads\/2015\/11\/6203.jpg 2070w, https:\/\/lotsarnastockholm.se\/wp-content\/uploads\/2015\/11\/6203-241x300.jpg 241w, https:\/\/lotsarnastockholm.se\/wp-content\/uploads\/2015\/11\/6203-823x1024.jpg 823w\" sizes=\"(max-width: 2070px) 100vw, 2070px\" \/><\/a><\/p>\n<p>&nbsp;<\/p>\n<figure id=\"attachment_277\" aria-describedby=\"caption-attachment-277\" style=\"width: 2603px\" class=\"wp-caption aligncenter\"><a href=\"http:\/\/lotsarnastockholm.se\/wp-content\/uploads\/2015\/11\/6202.jpg\"><img loading=\"lazy\" decoding=\"async\" class=\"wp-image-277 size-full\" src=\"http:\/\/lotsarnastockholm.se\/wp-content\/uploads\/2015\/11\/6202.jpg\" alt=\"6202\" width=\"2603\" height=\"1964\" srcset=\"https:\/\/lotsarnastockholm.se\/wp-content\/uploads\/2015\/11\/6202.jpg 2603w, https:\/\/lotsarnastockholm.se\/wp-content\/uploads\/2015\/11\/6202-300x226.jpg 300w, https:\/\/lotsarnastockholm.se\/wp-content\/uploads\/2015\/11\/6202-1024x773.jpg 1024w\" sizes=\"(max-width: 2603px) 100vw, 2603px\" \/><\/a><figcaption id=\"caption-attachment-277\" class=\"wp-caption-text\">Mudderverk<\/figcaption><\/figure>\n<figure id=\"attachment_276\" aria-describedby=\"caption-attachment-276\" style=\"width: 2535px\" class=\"wp-caption aligncenter\"><a href=\"http:\/\/lotsarnastockholm.se\/wp-content\/uploads\/2015\/11\/6201.jpg\"><img loading=\"lazy\" decoding=\"async\" class=\"wp-image-276 size-full\" src=\"http:\/\/lotsarnastockholm.se\/wp-content\/uploads\/2015\/11\/6201.jpg\" alt=\"6201\" width=\"2535\" height=\"1964\" srcset=\"https:\/\/lotsarnastockholm.se\/wp-content\/uploads\/2015\/11\/6201.jpg 2535w, https:\/\/lotsarnastockholm.se\/wp-content\/uploads\/2015\/11\/6201-300x232.jpg 300w, https:\/\/lotsarnastockholm.se\/wp-content\/uploads\/2015\/11\/6201-1024x793.jpg 1024w\" sizes=\"(max-width: 2535px) 100vw, 2535px\" \/><\/a><figcaption id=\"caption-attachment-276\" class=\"wp-caption-text\">En liten \u00e5ngslup tuffar mot nuvarande navis<\/figcaption><\/figure>\n<p>&nbsp;<\/p>\n<figure id=\"attachment_275\" aria-describedby=\"caption-attachment-275\" style=\"width: 2535px\" class=\"wp-caption aligncenter\"><a href=\"http:\/\/lotsarnastockholm.se\/wp-content\/uploads\/2015\/11\/6200.jpg\"><img loading=\"lazy\" decoding=\"async\" class=\"wp-image-275 size-full\" src=\"http:\/\/lotsarnastockholm.se\/wp-content\/uploads\/2015\/11\/6200.jpg\" alt=\"6200\" width=\"2535\" height=\"1964\" srcset=\"https:\/\/lotsarnastockholm.se\/wp-content\/uploads\/2015\/11\/6200.jpg 2535w, https:\/\/lotsarnastockholm.se\/wp-content\/uploads\/2015\/11\/6200-300x232.jpg 300w, https:\/\/lotsarnastockholm.se\/wp-content\/uploads\/2015\/11\/6200-1024x793.jpg 1024w\" sizes=\"(max-width: 2535px) 100vw, 2535px\" \/><\/a><figcaption id=\"caption-attachment-275\" class=\"wp-caption-text\">gamla bryggorna<\/figcaption><\/figure>\n<p><a href=\"http:\/\/lotsarnastockholm.se\/wp-content\/uploads\/2015\/11\/6199.jpg\"><img loading=\"lazy\" decoding=\"async\" class=\"aligncenter wp-image-274 size-full\" src=\"http:\/\/lotsarnastockholm.se\/wp-content\/uploads\/2015\/11\/6199.jpg\" alt=\"6199\" width=\"2583\" height=\"2012\" srcset=\"https:\/\/lotsarnastockholm.se\/wp-content\/uploads\/2015\/11\/6199.jpg 2583w, https:\/\/lotsarnastockholm.se\/wp-content\/uploads\/2015\/11\/6199-300x234.jpg 300w, https:\/\/lotsarnastockholm.se\/wp-content\/uploads\/2015\/11\/6199-1024x798.jpg 1024w\" sizes=\"(max-width: 2583px) 100vw, 2583px\" \/><\/a><\/p>\n<p>&nbsp;<\/p>\n<p><a href=\"http:\/\/lotsarnastockholm.se\/wp-content\/uploads\/2015\/11\/6198.jpg\"><img loading=\"lazy\" decoding=\"async\" class=\"aligncenter wp-image-273 size-full\" src=\"http:\/\/lotsarnastockholm.se\/wp-content\/uploads\/2015\/11\/6198.jpg\" alt=\"6198\" width=\"1935\" height=\"2564\" srcset=\"https:\/\/lotsarnastockholm.se\/wp-content\/uploads\/2015\/11\/6198.jpg 1935w, https:\/\/lotsarnastockholm.se\/wp-content\/uploads\/2015\/11\/6198-226x300.jpg 226w, https:\/\/lotsarnastockholm.se\/wp-content\/uploads\/2015\/11\/6198-773x1024.jpg 773w\" sizes=\"(max-width: 1935px) 100vw, 1935px\" \/><\/a><\/p>\n<p><a href=\"http:\/\/lotsarnastockholm.se\/wp-content\/uploads\/2015\/11\/6197.jpg\"><img loading=\"lazy\" decoding=\"async\" class=\"aligncenter wp-image-272 size-full\" src=\"http:\/\/lotsarnastockholm.se\/wp-content\/uploads\/2015\/11\/6197.jpg\" alt=\"6197\" width=\"2583\" height=\"1954\" srcset=\"https:\/\/lotsarnastockholm.se\/wp-content\/uploads\/2015\/11\/6197.jpg 2583w, https:\/\/lotsarnastockholm.se\/wp-content\/uploads\/2015\/11\/6197-300x227.jpg 300w, https:\/\/lotsarnastockholm.se\/wp-content\/uploads\/2015\/11\/6197-1024x775.jpg 1024w\" sizes=\"(max-width: 2583px) 100vw, 2583px\" \/><\/a><\/p>\n<p><a href=\"http:\/\/lotsarnastockholm.se\/wp-content\/uploads\/2015\/11\/6196.jpg\"><img loading=\"lazy\" decoding=\"async\" class=\"aligncenter wp-image-271 size-full\" src=\"http:\/\/lotsarnastockholm.se\/wp-content\/uploads\/2015\/11\/6196.jpg\" alt=\"6196\" width=\"2041\" height=\"2583\" srcset=\"https:\/\/lotsarnastockholm.se\/wp-content\/uploads\/2015\/11\/6196.jpg 2041w, https:\/\/lotsarnastockholm.se\/wp-content\/uploads\/2015\/11\/6196-237x300.jpg 237w, https:\/\/lotsarnastockholm.se\/wp-content\/uploads\/2015\/11\/6196-809x1024.jpg 809w\" sizes=\"(max-width: 2041px) 100vw, 2041px\" \/><\/a><\/p>\n<p><a href=\"http:\/\/lotsarnastockholm.se\/wp-content\/uploads\/2015\/11\/6195.jpg\"><img loading=\"lazy\" decoding=\"async\" class=\"aligncenter wp-image-270 size-full\" src=\"http:\/\/lotsarnastockholm.se\/wp-content\/uploads\/2015\/11\/6195.jpg\" alt=\"6195\" width=\"2583\" height=\"2041\" srcset=\"https:\/\/lotsarnastockholm.se\/wp-content\/uploads\/2015\/11\/6195.jpg 2583w, https:\/\/lotsarnastockholm.se\/wp-content\/uploads\/2015\/11\/6195-300x237.jpg 300w, https:\/\/lotsarnastockholm.se\/wp-content\/uploads\/2015\/11\/6195-1024x809.jpg 1024w\" sizes=\"(max-width: 2583px) 100vw, 2583px\" \/><\/a><\/p>\n","protected":false},"excerpt":{"rendered":"<p>Bilder tagna under de fyra \u00e5r bygget p\u00e5gick. PGA av 1 v\u00e4rldskriget saknades byggmaterial och det tog l\u00e4ngre tid \u00e4n ber\u00e4knat. &nbsp; &nbsp; &nbsp; &nbsp;<\/p>\n","protected":false},"author":1,"featured_media":0,"parent":0,"menu_order":0,"comment_status":"closed","ping_status":"closed","template":"","meta":{"footnotes":""},"class_list":["post-306","page","type-page","status-publish","hentry","entry"],"_links":{"self":[{"href":"https:\/\/lotsarnastockholm.se\/index.php\/wp-json\/wp\/v2\/pages\/306","targetHints":{"allow":["GET"]}}],"collection":[{"href":"https:\/\/lotsarnastockholm.se\/index.php\/wp-json\/wp\/v2\/pages"}],"about":[{"href":"https:\/\/lotsarnastockholm.se\/index.php\/wp-json\/wp\/v2\/types\/page"}],"author":[{"embeddable":true,"href":"https:\/\/lotsarnastockholm.se\/index.php\/wp-json\/wp\/v2\/users\/1"}],"replies":[{"embeddable":true,"href":"https:\/\/lotsarnastockholm.se\/index.php\/wp-json\/wp\/v2\/comments?post=306"}],"version-history":[{"count":3,"href":"https:\/\/lotsarnastockholm.se\/index.php\/wp-json\/wp\/v2\/pages\/306\/revisions"}],"predecessor-version":[{"id":309,"href":"https:\/\/lotsarnastockholm.se\/index.php\/wp-json\/wp\/v2\/pages\/306\/revisions\/309"}],"wp:attachment":[{"href":"https:\/\/lotsarnastockholm.se\/index.php\/wp-json\/wp\/v2\/media?parent=306"}],"curies":[{"name":"wp","href":"https:\/\/api.w.org\/{rel}","templated":true}]}}