{"id":2977,"date":"2021-03-28T19:12:02","date_gmt":"2021-03-28T18:12:02","guid":{"rendered":"https:\/\/lotsarnastockholm.se\/?page_id=2977"},"modified":"2026-02-12T20:09:29","modified_gmt":"2026-02-12T19:09:29","slug":"dyngo-lotsplats","status":"publish","type":"page","link":"https:\/\/lotsarnastockholm.se\/index.php\/dyngo-lotsplats\/","title":{"rendered":"Dyng\u00f6\/ Rams\u00f6 Lotsplats"},"content":{"rendered":"\n<p class=\"has-text-align-center\"><a href=\"https:\/\/www.google.se\/maps\/place\/58%C2%B035'22.9%22N+11%C2%B013'24.2%22E\/@58.5897,11.2211946,17z\/data=!3m1!4b1!4m4!3m3!8m2!3d58.5897!4d11.2233833\">58\u00b0 35.382&#8242; N 11\u00b0 13.403&#8242; E<\/a><\/p>\n\n\n\n<p><a href=\"https:\/\/lotsarnastockholm.se\/index.php\/dyngo-lotsar-1920\/\" data-type=\"URL\" data-id=\"https:\/\/lotsarnastockholm.se\/index.php\/dyngo-lotsar-1920\/\">Fotografier Dyng\u00f6 Lotsar<\/a><\/p>\n\n\n\n<figure class=\"wp-block-image size-large\"><a href=\"https:\/\/lotsarnastockholm.se\/wp-content\/uploads\/2021\/03\/dyngo-1.jpg\"><img fetchpriority=\"high\" decoding=\"async\" width=\"1024\" height=\"540\" src=\"https:\/\/lotsarnastockholm.se\/wp-content\/uploads\/2021\/03\/dyngo-1-1024x540.jpg\" alt=\"\" class=\"wp-image-2978\" srcset=\"https:\/\/lotsarnastockholm.se\/wp-content\/uploads\/2021\/03\/dyngo-1-1024x540.jpg 1024w, https:\/\/lotsarnastockholm.se\/wp-content\/uploads\/2021\/03\/dyngo-1-300x158.jpg 300w, https:\/\/lotsarnastockholm.se\/wp-content\/uploads\/2021\/03\/dyngo-1-768x405.jpg 768w, https:\/\/lotsarnastockholm.se\/wp-content\/uploads\/2021\/03\/dyngo-1-1536x810.jpg 1536w, https:\/\/lotsarnastockholm.se\/wp-content\/uploads\/2021\/03\/dyngo-1-1568x827.jpg 1568w, https:\/\/lotsarnastockholm.se\/wp-content\/uploads\/2021\/03\/dyngo-1.jpg 1950w\" sizes=\"(max-width: 1024px) 100vw, 1024px\" \/><\/a><\/figure>\n\n\n\n<figure class=\"wp-block-image size-full\"><a href=\"https:\/\/lotsarnastockholm.se\/wp-content\/uploads\/2022\/11\/Dyngon_3.jpg\"><img decoding=\"async\" width=\"620\" height=\"412\" src=\"https:\/\/lotsarnastockholm.se\/wp-content\/uploads\/2022\/11\/Dyngon_3.jpg\" alt=\"\" class=\"wp-image-3885\" srcset=\"https:\/\/lotsarnastockholm.se\/wp-content\/uploads\/2022\/11\/Dyngon_3.jpg 620w, https:\/\/lotsarnastockholm.se\/wp-content\/uploads\/2022\/11\/Dyngon_3-300x199.jpg 300w\" sizes=\"(max-width: 620px) 100vw, 620px\" \/><\/a><figcaption class=\"wp-element-caption\">Foto: Ingvar Hellberg<\/figcaption><\/figure>\n\n\n\n<figure class=\"wp-block-image size-large\"><a href=\"https:\/\/lotsarnastockholm.se\/wp-content\/uploads\/2022\/11\/Nora-westerberg.jpg\"><img decoding=\"async\" width=\"1024\" height=\"734\" src=\"https:\/\/lotsarnastockholm.se\/wp-content\/uploads\/2022\/11\/Nora-westerberg-1024x734.jpg\" alt=\"\" class=\"wp-image-3887\" srcset=\"https:\/\/lotsarnastockholm.se\/wp-content\/uploads\/2022\/11\/Nora-westerberg-1024x734.jpg 1024w, https:\/\/lotsarnastockholm.se\/wp-content\/uploads\/2022\/11\/Nora-westerberg-300x215.jpg 300w, https:\/\/lotsarnastockholm.se\/wp-content\/uploads\/2022\/11\/Nora-westerberg-768x550.jpg 768w, https:\/\/lotsarnastockholm.se\/wp-content\/uploads\/2022\/11\/Nora-westerberg.jpg 1200w\" sizes=\"(max-width: 1024px) 100vw, 1024px\" \/><\/a><figcaption class=\"wp-element-caption\">Dyng\u00f6 b\u00f6rjan av 1920-talet. Nora Krantz och dottern Rosa \u00e4r p\u00e5 bes\u00f6k hos Noras mamma, Hilma Westerberg, som bor p\u00e5 Dyng\u00f6. Fr\u00e5n v\u00e4nster: Hilma, Nora, Rosa<\/figcaption><\/figure>\n\n\n\n<p>Dyng\u00f6 lotsplats inr\u00e4ttades 1697 alternativt 1702 beroende p\u00e5 k\u00e4lla, lades ned 16 oktober 1936. F\u00f6rste k\u00e4nde lots var Angrim Trullsson f\u00f6dd 1661<\/p>\n\n\n\n<p><strong>Ur Minnesalbum 1914 &#8211; 1924 Lotsverkets personal<\/strong>:<\/p>\n\n\n\n<p>Dyng\u00f6 lotsplats \u00e4r en av de \u00e4ldsta p\u00e5 V\u00e4stkusten. P\u00e5 v\u00e4stsidan av inskjuter en bukt, som bildar en skyddad hamn. \u00d6ster om \u00f6n finns goda ankars\u00e4ttningar, vilka f\u00f6rr under segelfartygens tid ofta anlitades av vinddrivna segelfartyg.<\/p>\n\n\n\n<p>S\u00e4rskilt i minnet \u00e4ro de stormar som rasade 1871 &#8211; 75. D\u00e5 kunde p\u00e5 en g\u00e5ng 30 &#8211; 40 segelskutor komma in.<\/p>\n\n\n\n<p>Av de lotsar som tj\u00e4nstgjorde vid Dyng\u00f6 \u00e5ren 1815 &#8211; 40, \u00e4ro namnen Nils Holmberg, Andreas Holmberg och Elias Larsson i minnet. P\u00e5 det st\u00e4lle d\u00e4r vaktstugan nu \u00e4r uppf\u00f6rd var d\u00e5 ett stenr\u00f6s, vilket var lotsarnas enda skydd vid ov\u00e4der.<\/p>\n\n\n\n<p>P\u00e5 1840-talet fanns p\u00e5 platsen 6 hus, nu 22. Lotsarna bodde d\u00e5 som nu i egna \u00e4gandes hus.<\/p>\n\n\n\n<p>Reglemente f\u00f6r lotsverket 1799: Under lotsuppsyningsman f\u00f6r Str\u00f6mstads f\u00f6rdelning lyder Dyng\u00f6 lotsplats: 1 lots\u00e5lderman, 1 ord lots, 1 utl\u00e4rd lotsdr\u00e4ng, 1 utl\u00e4rd reservlotsdr\u00e4ng och 1 lotsl\u00e4rling. <\/p>\n\n\n\n<p>1729 fanns det 2 lotsar och 1 lotsl\u00e4rling<br>Enligt rulla 1729:<br>Lots Angrim Trullsson 68 \u00e5r antagen 1702 och anh\u00e5ller om avsked<br>Lots Nils Andersson 34 \u00e5r antagen 1716<br>Hans Andersson 50 \u00e5r, antagen 1706<br>B\u00e5da ber\u00e4ttas vara friska och dugliga<\/p>\n\n\n\n<p>Ur rulla 1736: f\u00f6r Dyng\u00f6n\/ Hwal\u00f6n: <br>Lots Hans Andersson i tj\u00e4nst 1722<br>Lots Anders Olufsson i tj\u00e4nst 1736<br>Lotsdr\u00e4ng Nils Brynjelsson<\/p>\n\n\n\n<p>Ur rullan 1744 fanns det 2 lotsar: Anders Olufsson och P\u00e4r Larsson och 2 lotsdr\u00e4ngar Lars Hansson och Erich Nilsson p\u00e5 lotsplatsen<br><\/p>\n\n\n\n<p>\u00c5r 1750 h\u00f6ll lotsdirekt\u00f6r M\u00e5rten Kullenberg visitation med lotsarna i Bohusl\u00e4n:<\/p>\n\n\n\n<p>Dyng\u00f6n och Wal\u00f6n<br>Lotsuppsyningsman r\u00e5dman Lars Andersson. Lotsarnas fullmakter:<br>13\/2 1744 Per Larsson 46 \u00e5r<br>25\/2 1730 Anders Olsson<br>Lotsdr\u00e4ngebrev:<br>13\/2 1744 Lars Hansson 28 \u00e5r<br>19\/6 1750 Simon Andersson26 \u00e5r<br>Bost\u00e4llen: alla bor tillsammans p\u00e5 1\/12 \u00e4deljord utan \u00e5ker och \u00e4ng<br>Dr\u00e4ng i l\u00e4ra, Anders P\u00e4rsson 14 \u00e5r<\/p>\n\n\n\n<p>Ur rulla 1817: Ord lots L Pehrsson<br>Reservlotsdr\u00e4ng: A Andersson<br>Lotsl\u00e4rlingar A Simonsson och C Larsson<\/p>\n\n\n\n<p>Ur 1820 \u00e5rs lotsf\u00f6rteckning: Lotsades det till H\u00e5ll\u00f6 eller Sm\u00f6gen, Kungshamn, Havstenssund, V\u00e4der\u00f6arna till och fr\u00e5n Sj\u00f6n. Lotsuppassning skedde vid Fl\u00e4sk\u00f6 och m\u00f6ta inomsk\u00e4rs seglare i sundet mellan Fl\u00e4sk\u00f6 och Dyng\u00f6. Fr\u00e5n Sj\u00f6n kommande fartyg tas emot utanf\u00f6r grunden.<br>Lotsplatsen hade 1 lots\u00e5lderman, 1 m\u00e4sterlots, 2 secund lotsar, 1 lotsl\u00e4rling<\/p>\n\n\n\n<p>1877 fick lpl en ny lotsb\u00e5t och 1894 fick Dyng\u00f6 lpl ny d\u00e4ckad lotsb\u00e5t och den \u00e4ldre s\u00e5ldes.<\/p>\n\n\n\n<p>1914 s\u00e5lde lotsverket stora d\u00e4ckade kuttern till lpl<\/p>\n\n\n\n<p>B\u00e5tbest\u00e5ndet 1920:<\/p>\n\n\n\n<p>1 d\u00e4ckad kutter b 1894, ek, kravell, 11.4&#215;4.33 med 15 hk motor<br>1 motorb\u00e5t och 1 roddb\u00e5t.<\/p>\n\n\n\n<p>H\u00c4NDELSER<\/p>\n\n\n\n<p>1867 den 4 januari grundst\u00f6tte p\u00e5 H\u00e4ttesk\u00e4r mellan Sm\u00f6gen och H\u00e5ll\u00f6 engelska \u00e5ngfartyget WILLIAM&amp;CLARA av London f\u00f6rd av kapten John Hughes p\u00e5 resa fr\u00e5n Fj\u00e4llbacka till Lysekil och vidare till London. Dyng\u00f6 lotsen J Eliasson fanns ombord vid grundst\u00f6tningen. Orsaken till grundst\u00f6tningen var att lotsens order ej blev \u00e5tlydda med p\u00e5f\u00f6ljd att fartyget dels kolliderade med en jakt som sj\u00f6nk och dels r\u00e4nde p\u00e5 H\u00e4ttesk\u00e4r. Vid kollisionen med jakten drunknade 27 \u00e5rige Johan E Nicklasson fr\u00e5n Kalv\u00f6n. Fartyget reparerades vid Lindh varv i G\u00f6teborg.- Lotsen \u00e5talades men \u00e5talet f\u00f6ranledde vid krigsr\u00e4tten ingen \u00e5tg\u00e4rd.<\/p>\n\n\n\n<p><strong>Rams\u00f6 Lotsplats<\/strong> <a href=\"https:\/\/www.google.se\/maps\/place\/58%C2%B049'52.2%22N+11%C2%B004'05.3%22E\/@58.8311667,11.0659446,17z\/data=!3m1!4b1!4m4!3m3!8m2!3d58.8311667!4d11.0681333\">58\u00b0 49.870&#8242; N 11\u00b0 4.088&#8242; E<\/a><\/p>\n\n\n\n<p>Det enda som finns n\u00e4mnt om denna lotsplats \u00e4r att den st\u00e5r upptagen i 1820 \u00e5rs f\u00f6rordning. Det lotsades till och fr\u00e5n Rams\u00f6 fr\u00e5n andra n\u00e4rliggande lotsplatser. Men som det har n\u00e4mnts p\u00e5 annan plats ; det betyder inte att det var en lotsplats i verkligheten utan kanske bara var en papperskonstruktion fr\u00e5n h\u00f6gre ort&#8230;.<\/p>\n\n\n\n<p>Lotsarna vid Dyng\u00f6 Lpl<\/p>\n\n\n\n<figure class=\"wp-block-table alignwide\"><table><tbody><tr><td><strong>Lotsplats \u00f6vriga<\/strong><\/td><td><strong>Efternamn<\/strong><\/td><td><strong>F\u00f6rnamn<\/strong><\/td><td><strong>F\u00f6rnamn<\/strong><\/td><td><strong>F\u00f6dd<\/strong><\/td><td><strong>Antagen i lotsverket<\/strong><\/td><td><strong>D\u00f6d<\/strong><\/td><\/tr><tr><td>&nbsp;<\/td><td>Trullsson<\/td><td>Angrim<\/td><td>&nbsp;<\/td><td>1661<\/td><td>1702<\/td><td>Avsked 1729<\/td><\/tr><tr><td>&nbsp;<\/td><td>Andersson<\/td><td>Hans<\/td><td>&nbsp;<\/td><td>1679<\/td><td>1706<\/td><td><\/td><\/tr><tr><td>&nbsp;<\/td><td>Andersson<\/td><td>Nils<\/td><td>&nbsp;<\/td><td>1695<\/td><td>1716<\/td><td><\/td><\/tr><tr><td>&nbsp;<\/td><td>Olufsson\/ Olsson<\/td><td>Anders<\/td><td>&nbsp;<\/td><td>&nbsp;<\/td><td>1730<\/td><td><\/td><\/tr><tr><td>&nbsp;<\/td><td>Brynjelsson<\/td><td>Nils<\/td><td>&nbsp;<\/td><td>&nbsp;<\/td><td>1736<\/td><td><\/td><\/tr><tr><td>&nbsp;<\/td><td>Hansson<\/td><td>Lars<\/td><td>&nbsp;<\/td><td>1716<\/td><td>1744<\/td><td><\/td><\/tr><tr><td>&nbsp;<\/td><td>Larsson<\/td><td>P\u00e4r<\/td><td>&nbsp;<\/td><td>1704<\/td><td>1744<\/td><td><\/td><\/tr><tr><td>&nbsp;<\/td><td>Nilsson<\/td><td>Erich<\/td><td>&nbsp;<\/td><td>&nbsp;<\/td><td>1744<\/td><td><\/td><\/tr><tr><td>&nbsp;<\/td><td>Andersson<\/td><td>Simon<\/td><td>&nbsp;<\/td><td>1724<\/td><td>1750<\/td><td><\/td><\/tr><tr><td>&nbsp;<\/td><td>P\u00e4rsson<\/td><td>Anders<\/td><td>&nbsp;<\/td><td>1736<\/td><td>1750<\/td><td><\/td><\/tr><tr><td>&nbsp;<\/td><td>Andersson<\/td><td>A<\/td><td>&nbsp;<\/td><td>&nbsp;<\/td><td>1817<\/td><td><\/td><\/tr><tr><td>&nbsp;<\/td><td>Larsson<\/td><td>C<\/td><td>&nbsp;<\/td><td>&nbsp;<\/td><td>1817<\/td><td><\/td><\/tr><tr><td>&nbsp;<\/td><td>Pehrsson<\/td><td>L<\/td><td>&nbsp;<\/td><td>&nbsp;<\/td><td>1817<\/td><td><\/td><\/tr><tr><td>&nbsp;<\/td><td>Simonsson<\/td><td>A<\/td><td>&nbsp;<\/td><td>&nbsp;<\/td><td>1817<\/td><td><\/td><\/tr><tr><td>&nbsp;<\/td><td>Holmberg<\/td><td>Andreas<\/td><td>&nbsp;<\/td><td>1815<\/td><td>1840<\/td><td><\/td><\/tr><tr><td>&nbsp;<\/td><td>Holmberg<\/td><td>Nils<\/td><td>&nbsp;<\/td><td>1815<\/td><td>1840<\/td><td><\/td><\/tr><tr><td>&nbsp;<\/td><td>Larsson<\/td><td>Elias<\/td><td>&nbsp;<\/td><td>1815<\/td><td>1840<\/td><td><\/td><\/tr><tr><td>&nbsp;<\/td><td>Gabrielsson<\/td><td>Alexander<\/td><td>&nbsp;<\/td><td>1824<\/td><td>1860<\/td><td><\/td><\/tr><tr><td><\/td><td>Eliasson<\/td><td>Johan<\/td><td><\/td><td>1827<\/td><td>1843<\/td><td><\/td><\/tr><tr><td>&nbsp;<\/td><td>Westerberg\/ Pettersson<\/td><td>Carl<\/td><td>Fredrik\/ Justus<\/td><td>1852<\/td><td>1873<\/td><td><\/td><\/tr><tr><td>&nbsp;<\/td><td>Westman\/ Olsson<\/td><td>Aron<\/td><td>&nbsp;<\/td><td>1857<\/td><td>1878<\/td><td><\/td><\/tr><tr><td><\/td><td>Johansson<\/td><td>Emanuel<\/td><td><\/td><td>1858<\/td><td>1879<\/td><td><\/td><\/tr><tr><td>Br\u00e4nn\u00f6<\/td><td>Ekstr\u00f6m<\/td><td>Carl<\/td><td><\/td><td>1858<\/td><td>1883<\/td><td><\/td><\/tr><tr><td>&nbsp;<\/td><td>Ekstr\u00f6m<\/td><td>Johan<\/td><td>Bernhard\/ Carl<\/td><td>1858<\/td><td>1883<\/td><td><\/td><\/tr><tr><td>V\u00e4der\u00f6arna<\/td><td>W\u00e4nlund<\/td><td>Johan<\/td><td>&nbsp;<\/td><td>1873<\/td><td>1889<\/td><td>1835<\/td><\/tr><tr><td>&nbsp;<\/td><td>Holmberg<\/td><td>Adolf<\/td><td>&nbsp;<\/td><td>1863<\/td><td>1890<\/td><td>&nbsp;<\/td><\/tr><tr><td>&nbsp;<\/td><td>Fredberg\/ Christiansson<\/td><td>Frans<\/td><td>Christian<\/td><td>1876<\/td><td>1898<\/td><td><\/td><\/tr><tr><td>&nbsp;<\/td><td>Jonsson<\/td><td>Carl<\/td><td>Johan<\/td><td>1877<\/td><td>1900<\/td><td><\/td><\/tr><tr><td><\/td><td>Hall\u00e9n<\/td><td>Johan<\/td><td><\/td><td>1887<\/td><td>1909<\/td><td><\/td><\/tr><tr><td>Nordkoster\/Str\u00f6mstad<\/td><td>Karld\u00e9n<\/td><td>Johan<\/td><td>Alfred<\/td><td>1886<\/td><td>1910<\/td><td>1939<\/td><\/tr><tr><td>&nbsp;<\/td><td>Ekstr\u00f6m<\/td><td>Karl<\/td><td>Victor<\/td><td>1891<\/td><td>1911<\/td><td>1939<\/td><\/tr><tr><td>V\u00e4der\u00f6arna<\/td><td>Ekstr\u00f6m<\/td><td>John<\/td><td>Mentor<\/td><td>1891<\/td><td>1911<\/td><td><\/td><\/tr><\/tbody><\/table><\/figure>\n","protected":false},"excerpt":{"rendered":"<p>58\u00b0 35.382&#8242; N 11\u00b0 13.403&#8242; E Fotografier Dyng\u00f6 Lotsar Dyng\u00f6 lotsplats inr\u00e4ttades 1697 alternativt 1702 beroende p\u00e5 k\u00e4lla, lades ned 16 oktober 1936. F\u00f6rste k\u00e4nde lots var Angrim Trullsson f\u00f6dd 1661 Ur Minnesalbum 1914 &#8211; 1924 Lotsverkets personal: Dyng\u00f6 lotsplats \u00e4r en av de \u00e4ldsta p\u00e5 V\u00e4stkusten. P\u00e5 v\u00e4stsidan av inskjuter en bukt, som bildar&hellip; <a class=\"more-link\" href=\"https:\/\/lotsarnastockholm.se\/index.php\/dyngo-lotsplats\/\">Forts\u00e4tt l\u00e4sa <span class=\"screen-reader-text\">Dyng\u00f6\/ Rams\u00f6 Lotsplats<\/span><\/a><\/p>\n","protected":false},"author":1,"featured_media":0,"parent":0,"menu_order":0,"comment_status":"closed","ping_status":"closed","template":"","meta":{"footnotes":""},"class_list":["post-2977","page","type-page","status-publish","hentry","entry"],"_links":{"self":[{"href":"https:\/\/lotsarnastockholm.se\/index.php\/wp-json\/wp\/v2\/pages\/2977","targetHints":{"allow":["GET"]}}],"collection":[{"href":"https:\/\/lotsarnastockholm.se\/index.php\/wp-json\/wp\/v2\/pages"}],"about":[{"href":"https:\/\/lotsarnastockholm.se\/index.php\/wp-json\/wp\/v2\/types\/page"}],"author":[{"embeddable":true,"href":"https:\/\/lotsarnastockholm.se\/index.php\/wp-json\/wp\/v2\/users\/1"}],"replies":[{"embeddable":true,"href":"https:\/\/lotsarnastockholm.se\/index.php\/wp-json\/wp\/v2\/comments?post=2977"}],"version-history":[{"count":15,"href":"https:\/\/lotsarnastockholm.se\/index.php\/wp-json\/wp\/v2\/pages\/2977\/revisions"}],"predecessor-version":[{"id":7617,"href":"https:\/\/lotsarnastockholm.se\/index.php\/wp-json\/wp\/v2\/pages\/2977\/revisions\/7617"}],"wp:attachment":[{"href":"https:\/\/lotsarnastockholm.se\/index.php\/wp-json\/wp\/v2\/media?parent=2977"}],"curies":[{"name":"wp","href":"https:\/\/api.w.org\/{rel}","templated":true}]}}