{"id":2933,"date":"2021-03-27T22:08:45","date_gmt":"2021-03-27T21:08:45","guid":{"rendered":"https:\/\/lotsarnastockholm.se\/?page_id=2933"},"modified":"2026-02-27T21:21:55","modified_gmt":"2026-02-27T20:21:55","slug":"hoganas-lotsplats","status":"publish","type":"page","link":"https:\/\/lotsarnastockholm.se\/index.php\/hoganas-lotsplats\/","title":{"rendered":"H\u00f6gan\u00e4s Lotsplats"},"content":{"rendered":"\n<figure class=\"wp-block-image size-large\"><a href=\"https:\/\/lotsarnastockholm.se\/wp-content\/uploads\/2021\/03\/hoganas.jpg\"><img fetchpriority=\"high\" decoding=\"async\" width=\"1024\" height=\"470\" src=\"https:\/\/lotsarnastockholm.se\/wp-content\/uploads\/2021\/03\/hoganas-1024x470.jpg\" alt=\"\" class=\"wp-image-2723\" srcset=\"https:\/\/lotsarnastockholm.se\/wp-content\/uploads\/2021\/03\/hoganas-1024x470.jpg 1024w, https:\/\/lotsarnastockholm.se\/wp-content\/uploads\/2021\/03\/hoganas-300x138.jpg 300w, https:\/\/lotsarnastockholm.se\/wp-content\/uploads\/2021\/03\/hoganas-768x352.jpg 768w, https:\/\/lotsarnastockholm.se\/wp-content\/uploads\/2021\/03\/hoganas-1536x705.jpg 1536w, https:\/\/lotsarnastockholm.se\/wp-content\/uploads\/2021\/03\/hoganas-1568x720.jpg 1568w, https:\/\/lotsarnastockholm.se\/wp-content\/uploads\/2021\/03\/hoganas.jpg 1946w\" sizes=\"(max-width: 1024px) 100vw, 1024px\" \/><\/a><\/figure>\n\n\n\n<figure class=\"wp-block-gallery has-nested-images columns-default is-cropped wp-block-gallery-1 is-layout-flex wp-block-gallery-is-layout-flex\">\n<figure class=\"wp-block-image size-large\"><a href=\"https:\/\/lotsarnastockholm.se\/wp-content\/uploads\/lotsar\/limhamntorekov\/hoganas-3.jpg\"><img decoding=\"async\" width=\"1024\" height=\"423\" data-id=\"2726\" src=\"https:\/\/lotsarnastockholm.se\/wp-content\/uploads\/lotsar\/limhamntorekov\/hoganas-3-1024x423.jpg\" alt=\"\" class=\"wp-image-2726\" srcset=\"https:\/\/lotsarnastockholm.se\/wp-content\/uploads\/lotsar\/limhamntorekov\/hoganas-3-1024x423.jpg 1024w, https:\/\/lotsarnastockholm.se\/wp-content\/uploads\/lotsar\/limhamntorekov\/hoganas-3-300x124.jpg 300w, https:\/\/lotsarnastockholm.se\/wp-content\/uploads\/lotsar\/limhamntorekov\/hoganas-3-768x318.jpg 768w, https:\/\/lotsarnastockholm.se\/wp-content\/uploads\/lotsar\/limhamntorekov\/hoganas-3-1536x635.jpg 1536w, https:\/\/lotsarnastockholm.se\/wp-content\/uploads\/lotsar\/limhamntorekov\/hoganas-3-1568x648.jpg 1568w, https:\/\/lotsarnastockholm.se\/wp-content\/uploads\/lotsar\/limhamntorekov\/hoganas-3.jpg 2046w\" sizes=\"(max-width: 1024px) 100vw, 1024px\" \/><\/a><\/figure>\n\n\n\n<figure class=\"wp-block-image size-large\"><a href=\"https:\/\/lotsarnastockholm.se\/wp-content\/uploads\/lotsar\/limhamntorekov\/hoganas-2.jpg\"><img decoding=\"async\" width=\"1024\" height=\"448\" data-id=\"2725\" src=\"https:\/\/lotsarnastockholm.se\/wp-content\/uploads\/lotsar\/limhamntorekov\/hoganas-2-1024x448.jpg\" alt=\"\" class=\"wp-image-2725\" srcset=\"https:\/\/lotsarnastockholm.se\/wp-content\/uploads\/lotsar\/limhamntorekov\/hoganas-2-1024x448.jpg 1024w, https:\/\/lotsarnastockholm.se\/wp-content\/uploads\/lotsar\/limhamntorekov\/hoganas-2-300x131.jpg 300w, https:\/\/lotsarnastockholm.se\/wp-content\/uploads\/lotsar\/limhamntorekov\/hoganas-2-768x336.jpg 768w, https:\/\/lotsarnastockholm.se\/wp-content\/uploads\/lotsar\/limhamntorekov\/hoganas-2-1536x671.jpg 1536w, https:\/\/lotsarnastockholm.se\/wp-content\/uploads\/lotsar\/limhamntorekov\/hoganas-2-1568x685.jpg 1568w, https:\/\/lotsarnastockholm.se\/wp-content\/uploads\/lotsar\/limhamntorekov\/hoganas-2.jpg 2041w\" sizes=\"(max-width: 1024px) 100vw, 1024px\" \/><\/a><\/figure>\n\n\n\n<figure class=\"wp-block-image size-large\"><a href=\"https:\/\/lotsarnastockholm.se\/wp-content\/uploads\/lotsar\/limhamntorekov\/hoganas-1.jpg\"><img loading=\"lazy\" decoding=\"async\" width=\"1024\" height=\"437\" data-id=\"2724\" src=\"https:\/\/lotsarnastockholm.se\/wp-content\/uploads\/lotsar\/limhamntorekov\/hoganas-1-1024x437.jpg\" alt=\"\" class=\"wp-image-2724\" srcset=\"https:\/\/lotsarnastockholm.se\/wp-content\/uploads\/lotsar\/limhamntorekov\/hoganas-1-1024x437.jpg 1024w, https:\/\/lotsarnastockholm.se\/wp-content\/uploads\/lotsar\/limhamntorekov\/hoganas-1-300x128.jpg 300w, https:\/\/lotsarnastockholm.se\/wp-content\/uploads\/lotsar\/limhamntorekov\/hoganas-1-768x328.jpg 768w, https:\/\/lotsarnastockholm.se\/wp-content\/uploads\/lotsar\/limhamntorekov\/hoganas-1-1536x655.jpg 1536w, https:\/\/lotsarnastockholm.se\/wp-content\/uploads\/lotsar\/limhamntorekov\/hoganas-1-1568x669.jpg 1568w, https:\/\/lotsarnastockholm.se\/wp-content\/uploads\/lotsar\/limhamntorekov\/hoganas-1.jpg 2042w\" sizes=\"(max-width: 1024px) 100vw, 1024px\" \/><\/a><\/figure>\n<\/figure>\n\n\n\n<p>H\u00f6gan\u00e4s Lotsplats (fr\u00e5n noteringar 1929 handskrivna dokument)<\/p>\n\n\n\n<p>1770-1969,<br>1799 under Torekou f\u00f6rdelning<br>1820-1862 under \u00e5ldermannen i Landskrona&nbsp;&nbsp;&nbsp;&nbsp;&nbsp;&nbsp;&nbsp;&nbsp;&nbsp;&nbsp;&nbsp;&nbsp;&nbsp;&nbsp;&nbsp;&nbsp;&nbsp;&nbsp;&nbsp;&nbsp;&nbsp;&nbsp;&nbsp;&nbsp;&nbsp;<br>1862-1880 S\u00f6dra lotsdistriktet Landskrona f\u00f6rdelning<br>1881- S\u00f6dra lotsdistriktet Malm\u00f6 f\u00f6rdelning<br>1 juli 1939 \u00d6resunds Norra och H\u00f6gan\u00e4s lpl slogs samman med namnet \u00d6resunds norra Lpl<br>1948 Nytt lotshus och Vikens lpl flyttade in<br>1969 flytt till Helsingborg<\/p>\n\n\n\n<p>Lotsplatsen uppr\u00e4ttad i mitten av 1700 talet och den f\u00f6rste lotsen hette Lotz. Huruvida han var av tysk h\u00e4rstamning, vilket namnet tycks ange, \u00e4r ej angivet.<\/p>\n\n\n\n<p>Traditionen vet att ber\u00e4tta att lotsuppassningen l\u00e4mnade \u00e5tskilligt \u00f6vrigt att \u00f6nska i effektivitet de f\u00f6rsta tiderna och att det h\u00e4nde att lotsen fick s\u00f6kas p\u00e5 den tidens allm\u00e4nna s\u00e4llskapslokal Krogen, d\u00e4r han satt vid sina tre tum motsvarande v\u00e5r tids ranson av 15 centiliter.<\/p>\n\n\n\n<p>Lotsutkiken var emellertid ej den lokalen utan den plats som kallades Bondh\u00f6gen. D\u00e4r brukade Lotz sitta ikl\u00e4dd en r\u00f6d toppluva. Den utkiksplatsen fick lotsarna n\u00f6ja sig med \u00e4nda till 1890, d\u00e5 en vaktstuga uppf\u00f6rdes. Innan dess fick lotsarna vid ruskigt v\u00e4der s\u00f6ka skydd vid husraderna som funnos i n\u00e4rheten av hamnen. Av stor n\u00f6d fingo lotsarna ibland ta sin tillflykt i en tr\u00e4bod, Kardusen kallad, vilken Tullverket uppf\u00f6rt \u00e5t sina tj\u00e4nstem\u00e4n.<\/p>\n\n\n\n<p>Numera ha lotsarna ej blott en bekv\u00e4m vaktstuga med fin utsikt utan ha tillika sina egna hus s\u00e5 v\u00e4lbel\u00e4gna att de d\u00e4rifr\u00e5n kunna blicka fritt \u00f6ver sj\u00f6n.<\/p>\n\n\n\n<p>20 juli 1884 drunknade lotsf\u00f6rmannen Anders Groth\u00e9n som tillsammans med brodern Albert Groth\u00e9n var p\u00e5 v\u00e4g ut till ett lotss\u00f6kande fartyg. Lotsb\u00e5ten kantrade under en \u00e5skby och sj\u00f6nk, varvid Anders Groth\u00e9n omkom. Brodern Albert lyckades h\u00e5lla sig fast vid flytande b\u00e5tinventarier, tills han av folk fr\u00e5n land r\u00e4ddades.<br><\/p>\n\n\n\n<p>Lotsar och b\u00e5tm\u00e4n vid H\u00f6gan\u00e4s lpl:<\/p>\n\n\n\n<figure class=\"wp-block-table alignwide\"><table class=\"has-fixed-layout\"><tbody><tr><td><strong>Efternamn<\/strong><\/td><td><strong>F\u00f6rnamn<\/strong><\/td><td><strong>F\u00f6dd<\/strong><\/td><td><strong>I Staten<\/strong><\/td><td><strong>B\u00e5tman<\/strong><\/td><td><strong>Lpl 1<\/strong><\/td><td><strong>\u00d6vriga lpl<\/strong><\/td><\/tr><tr><td>Lotz<\/td><td><\/td><td><\/td><td>1750<\/td><td><\/td><td>H\u00f6gan\u00e4s<\/td><td><\/td><\/tr><tr><td>Groth\u00e9n<\/td><td>Anders<\/td><td>1851<\/td><td>1864<\/td><td><\/td><td>H\u00f6gan\u00e4s<\/td><td><\/td><\/tr><tr><td>Groth\u00e9n<\/td><td>Albert<\/td><td>1854<\/td><td>1880<\/td><td><\/td><td>H\u00f6gan\u00e4s<\/td><td><\/td><\/tr><tr><td>R\u00f6mmerman<\/td><td>Carl<\/td><td>1844<\/td><td>1884<\/td><td><\/td><td>H\u00f6gan\u00e4s<\/td><td><\/td><\/tr><tr><td>Groth\u00e9n<\/td><td>Edvard<\/td><td>1872<\/td><td>1894<\/td><td><\/td><td>H\u00f6gan\u00e4s<\/td><td><\/td><\/tr><tr><td>R\u00f6mmerman<\/td><td>Johannes<\/td><td>1878<\/td><td>1898<\/td><td><\/td><td>H\u00f6gan\u00e4s<\/td><td>Malm\u00f6<\/td><\/tr><tr><td>Groth\u00e9n<\/td><td>Gustaf<\/td><td>1883<\/td><td>1905<\/td><td><\/td><td>\u00d6resund norra<\/td><td>H\u00f6gan\u00e4s<\/td><\/tr><tr><td>Groth\u00e9n<\/td><td>Anders<\/td><td>1888<\/td><td>1908<\/td><td><\/td><td>H\u00f6gan\u00e4s<\/td><td>Malm\u00f6<\/td><\/tr><tr><td>Skotte<\/td><td>Anders<\/td><td>1891<\/td><td>1915<\/td><td><\/td><td>H\u00f6gan\u00e4s<\/td><td>Ystad<\/td><\/tr><tr><td>Rinaldo<\/td><td>Allan<\/td><td>1903<\/td><td>1924<\/td><td><\/td><td>H\u00f6gan\u00e4s<\/td><td>Helsingborg<\/td><\/tr><tr><td>Sj\u00f6lin<\/td><td>Knut<\/td><td>1909<\/td><td>1929<\/td><td><\/td><td>\u00d6resund s\u00f6dra<\/td><td>\u00d6resund norra\/H\u00f6gan\u00e4s<\/td><\/tr><tr><td>Wallin<\/td><td>Otto<\/td><td>1910<\/td><td>1938<\/td><td><\/td><td>H\u00f6gan\u00e4s<\/td><td>\u00d6resund norra\/Asp\u00f6\/Karlskrona<\/td><\/tr><tr><td>Jeppson<\/td><td>Nore<\/td><td>1913<\/td><td>1939<\/td><td><\/td><td>\u00d6resund norra<\/td><td>H\u00f6gan\u00e4s\/Helsingborg<\/td><\/tr><tr><td>Norin<\/td><td>Tore<\/td><td>1916<\/td><td>1939<\/td><td>1948-11-01<\/td><td>\u00d6resund norra<\/td><td>H\u00f6gan\u00e4s\/Helsingborg<\/td><\/tr><tr><td>Gustavsson<\/td><td>Torsten<\/td><td>1915<\/td><td>1940<\/td><td><\/td><td>\u00d6resund norra<\/td><td>H\u00f6gan\u00e4s\/Helsingborg<\/td><\/tr><tr><td>Svensson<\/td><td>Otto<\/td><td>1908<\/td><td>1945<\/td><td>1952-09-01<\/td><td>\u00d6resund norra<\/td><td>H\u00f6gan\u00e4s<\/td><\/tr><tr><td>Lindel\u00f6f<\/td><td>Alf<\/td><td>1904<\/td><td>1950<\/td><td>1952-07-01<\/td><td>\u00d6resund norra<\/td><td>H\u00f6gan\u00e4s<\/td><\/tr><tr><td>Andersen<\/td><td>Paul<\/td><td>1920<\/td><td>1956<\/td><td>1961-02-01<\/td><td>\u00d6resund norra<\/td><td>H\u00f6gan\u00e4s<\/td><\/tr><tr><td>Lundstr\u00f6m<\/td><td>Sven<\/td><td>1943<\/td><td>1964<\/td><td>1968-12-03<\/td><td>H\u00f6gan\u00e4s<\/td><td><\/td><\/tr><\/tbody><\/table><\/figure>\n\n\n\n<p><br><\/p>\n","protected":false},"excerpt":{"rendered":"<p>H\u00f6gan\u00e4s Lotsplats (fr\u00e5n noteringar 1929 handskrivna dokument) 1770-1969,1799 under Torekou f\u00f6rdelning1820-1862 under \u00e5ldermannen i Landskrona&nbsp;&nbsp;&nbsp;&nbsp;&nbsp;&nbsp;&nbsp;&nbsp;&nbsp;&nbsp;&nbsp;&nbsp;&nbsp;&nbsp;&nbsp;&nbsp;&nbsp;&nbsp;&nbsp;&nbsp;&nbsp;&nbsp;&nbsp;&nbsp;&nbsp;1862-1880 S\u00f6dra lotsdistriktet Landskrona f\u00f6rdelning1881- S\u00f6dra lotsdistriktet Malm\u00f6 f\u00f6rdelning1 juli 1939 \u00d6resunds Norra och H\u00f6gan\u00e4s lpl slogs samman med namnet \u00d6resunds norra Lpl1948 Nytt lotshus och Vikens lpl flyttade in1969 flytt till Helsingborg Lotsplatsen uppr\u00e4ttad i mitten av 1700 talet och&hellip; <a class=\"more-link\" href=\"https:\/\/lotsarnastockholm.se\/index.php\/hoganas-lotsplats\/\">Forts\u00e4tt l\u00e4sa <span class=\"screen-reader-text\">H\u00f6gan\u00e4s Lotsplats<\/span><\/a><\/p>\n","protected":false},"author":1,"featured_media":0,"parent":0,"menu_order":0,"comment_status":"closed","ping_status":"closed","template":"","meta":{"footnotes":""},"class_list":["post-2933","page","type-page","status-publish","hentry","entry"],"_links":{"self":[{"href":"https:\/\/lotsarnastockholm.se\/index.php\/wp-json\/wp\/v2\/pages\/2933","targetHints":{"allow":["GET"]}}],"collection":[{"href":"https:\/\/lotsarnastockholm.se\/index.php\/wp-json\/wp\/v2\/pages"}],"about":[{"href":"https:\/\/lotsarnastockholm.se\/index.php\/wp-json\/wp\/v2\/types\/page"}],"author":[{"embeddable":true,"href":"https:\/\/lotsarnastockholm.se\/index.php\/wp-json\/wp\/v2\/users\/1"}],"replies":[{"embeddable":true,"href":"https:\/\/lotsarnastockholm.se\/index.php\/wp-json\/wp\/v2\/comments?post=2933"}],"version-history":[{"count":6,"href":"https:\/\/lotsarnastockholm.se\/index.php\/wp-json\/wp\/v2\/pages\/2933\/revisions"}],"predecessor-version":[{"id":7717,"href":"https:\/\/lotsarnastockholm.se\/index.php\/wp-json\/wp\/v2\/pages\/2933\/revisions\/7717"}],"wp:attachment":[{"href":"https:\/\/lotsarnastockholm.se\/index.php\/wp-json\/wp\/v2\/media?parent=2933"}],"curies":[{"name":"wp","href":"https:\/\/api.w.org\/{rel}","templated":true}]}}