{"id":12,"date":"2015-09-04T18:59:58","date_gmt":"2015-09-04T17:59:58","guid":{"rendered":"http:\/\/lotsarnastockholm.se\/?page_id=12"},"modified":"2024-01-19T19:44:16","modified_gmt":"2024-01-19T18:44:16","slug":"lotsbatar","status":"publish","type":"page","link":"https:\/\/lotsarnastockholm.se\/index.php\/lotsbatar\/","title":{"rendered":"Lotsb\u00e5tar: Bilder!!!"},"content":{"rendered":"\n<p>En annan kanonfin hemsida om lotsb\u00e5tar finns att se i denna <a href=\"http:\/\/www.tugboatlars.se\/LotsSverige.htm\" data-type=\"URL\" data-id=\"http:\/\/www.tugboatlars.se\/LotsSverige.htm\">l\u00e4nk <\/a><\/p>\n\n\n\n<p>Lotsb\u00e5tarna har haft sina stationer men flyttat runt en del, n\u00e5gra \u00e4r nya andra gamla en del s\u00e5lda osv. 740 Serien \u00e4r en kanonb\u00e5t som byggdes p\u00e5 Westers varv nere p\u00e5 v\u00e4stkusten, kanske inte den billigaste i drift men uj s\u00e5 bra i sj\u00f6n.<br>\u00c4ven de gamla 700 b\u00e5tarna fr\u00e5n Docksta var oerh\u00f6rt poppis och gick fantastiskt bra i sj\u00f6n.<\/p>\n\n\n\n<figure class=\"wp-block-image size-large\"><img fetchpriority=\"high\" decoding=\"async\" width=\"766\" height=\"1024\" src=\"https:\/\/lotsarnastockholm.se\/wp-content\/uploads\/2021\/11\/AGO-766x1024.jpg\" alt=\"\" class=\"wp-image-3381\" srcset=\"https:\/\/lotsarnastockholm.se\/wp-content\/uploads\/2021\/11\/AGO-766x1024.jpg 766w, https:\/\/lotsarnastockholm.se\/wp-content\/uploads\/2021\/11\/AGO-224x300.jpg 224w, https:\/\/lotsarnastockholm.se\/wp-content\/uploads\/2021\/11\/AGO-768x1026.jpg 768w, https:\/\/lotsarnastockholm.se\/wp-content\/uploads\/2021\/11\/AGO-1149x1536.jpg 1149w, https:\/\/lotsarnastockholm.se\/wp-content\/uploads\/2021\/11\/AGO.jpg 1436w\" sizes=\"(max-width: 766px) 100vw, 766px\" \/><figcaption class=\"wp-element-caption\">AG\u00d6<\/figcaption><\/figure>\n\n\n\n<figure class=\"wp-block-image size-large\"><img decoding=\"async\" width=\"1024\" height=\"719\" src=\"https:\/\/lotsarnastockholm.se\/wp-content\/uploads\/2021\/11\/Tjb-49-ULVO-II-1024x719.jpg\" alt=\"\" class=\"wp-image-3380\" srcset=\"https:\/\/lotsarnastockholm.se\/wp-content\/uploads\/2021\/11\/Tjb-49-ULVO-II-1024x719.jpg 1024w, https:\/\/lotsarnastockholm.se\/wp-content\/uploads\/2021\/11\/Tjb-49-ULVO-II-300x211.jpg 300w, https:\/\/lotsarnastockholm.se\/wp-content\/uploads\/2021\/11\/Tjb-49-ULVO-II-768x539.jpg 768w, https:\/\/lotsarnastockholm.se\/wp-content\/uploads\/2021\/11\/Tjb-49-ULVO-II.jpg 1388w\" sizes=\"(max-width: 1024px) 100vw, 1024px\" \/><figcaption class=\"wp-element-caption\">Ulv\u00f6 II, Lotskutter Byggd av st\u00e5l med tr\u00e4\u00f6verbyggnad i Ume\u00e5 1934. Ombyggd i Docksta 1956.\nNy motor Scania 40 a 90 Hk. \nNytt d\u00e4ck, ny \u00f6verbyggnad i l\u00e4ttmetall.<\/figcaption><\/figure>\n\n\n\n<figure class=\"wp-block-image size-large\"><img decoding=\"async\" width=\"1024\" height=\"759\" src=\"https:\/\/lotsarnastockholm.se\/wp-content\/uploads\/2021\/11\/Tjb-121-a-1024x759.jpg\" alt=\"\" class=\"wp-image-3379\" srcset=\"https:\/\/lotsarnastockholm.se\/wp-content\/uploads\/2021\/11\/Tjb-121-a-1024x759.jpg 1024w, https:\/\/lotsarnastockholm.se\/wp-content\/uploads\/2021\/11\/Tjb-121-a-300x222.jpg 300w, https:\/\/lotsarnastockholm.se\/wp-content\/uploads\/2021\/11\/Tjb-121-a-768x569.jpg 768w, https:\/\/lotsarnastockholm.se\/wp-content\/uploads\/2021\/11\/Tjb-121-a-1536x1139.jpg 1536w, https:\/\/lotsarnastockholm.se\/wp-content\/uploads\/2021\/11\/Tjb-121-a-2048x1519.jpg 2048w, https:\/\/lotsarnastockholm.se\/wp-content\/uploads\/2021\/11\/Tjb-121-a-1568x1163.jpg 1568w\" sizes=\"(max-width: 1024px) 100vw, 1024px\" \/><figcaption class=\"wp-element-caption\">Lilljungfrun II\n\nFoto fr\u00e5n R\u00f6nnsk\u00e4r vintern 1965<\/figcaption><\/figure>\n\n\n\n<figure class=\"wp-block-image size-large\"><img loading=\"lazy\" decoding=\"async\" width=\"1024\" height=\"768\" src=\"https:\/\/lotsarnastockholm.se\/wp-content\/uploads\/2021\/11\/Tjb-350-HAVRINGE-I-Karlsborg-2019-1024x768.jpg\" alt=\"\" class=\"wp-image-3378\" srcset=\"https:\/\/lotsarnastockholm.se\/wp-content\/uploads\/2021\/11\/Tjb-350-HAVRINGE-I-Karlsborg-2019-1024x768.jpg 1024w, https:\/\/lotsarnastockholm.se\/wp-content\/uploads\/2021\/11\/Tjb-350-HAVRINGE-I-Karlsborg-2019-300x225.jpg 300w, https:\/\/lotsarnastockholm.se\/wp-content\/uploads\/2021\/11\/Tjb-350-HAVRINGE-I-Karlsborg-2019-768x576.jpg 768w, https:\/\/lotsarnastockholm.se\/wp-content\/uploads\/2021\/11\/Tjb-350-HAVRINGE-I-Karlsborg-2019-1536x1152.jpg 1536w, https:\/\/lotsarnastockholm.se\/wp-content\/uploads\/2021\/11\/Tjb-350-HAVRINGE-I-Karlsborg-2019-2048x1536.jpg 2048w, https:\/\/lotsarnastockholm.se\/wp-content\/uploads\/2021\/11\/Tjb-350-HAVRINGE-I-Karlsborg-2019-1568x1176.jpg 1568w\" sizes=\"(max-width: 1024px) 100vw, 1024px\" \/><figcaption class=\"wp-element-caption\">Tjb 350 H\u00e4vringe I, Karlsborg 2019<\/figcaption><\/figure>\n\n\n\n<figure class=\"wp-block-image size-large\"><img loading=\"lazy\" decoding=\"async\" width=\"1024\" height=\"788\" src=\"https:\/\/lotsarnastockholm.se\/wp-content\/uploads\/2021\/11\/Tjb-268-LANDSORT-I-1024x788.jpg\" alt=\"\" class=\"wp-image-3377\" srcset=\"https:\/\/lotsarnastockholm.se\/wp-content\/uploads\/2021\/11\/Tjb-268-LANDSORT-I-1024x788.jpg 1024w, https:\/\/lotsarnastockholm.se\/wp-content\/uploads\/2021\/11\/Tjb-268-LANDSORT-I-300x231.jpg 300w, https:\/\/lotsarnastockholm.se\/wp-content\/uploads\/2021\/11\/Tjb-268-LANDSORT-I-768x591.jpg 768w, https:\/\/lotsarnastockholm.se\/wp-content\/uploads\/2021\/11\/Tjb-268-LANDSORT-I-1536x1182.jpg 1536w, https:\/\/lotsarnastockholm.se\/wp-content\/uploads\/2021\/11\/Tjb-268-LANDSORT-I-1568x1207.jpg 1568w, https:\/\/lotsarnastockholm.se\/wp-content\/uploads\/2021\/11\/Tjb-268-LANDSORT-I.jpg 1654w\" sizes=\"(max-width: 1024px) 100vw, 1024px\" \/><figcaption class=\"wp-element-caption\">Tjb 268 Landsort I<\/figcaption><\/figure>\n\n\n\n<figure class=\"wp-block-image size-large\"><img loading=\"lazy\" decoding=\"async\" width=\"508\" height=\"540\" src=\"https:\/\/lotsarnastockholm.se\/wp-content\/uploads\/2021\/11\/Tjb-140-i-tjanst-vid-Sandhamn-ca1965.jpg\" alt=\"\" class=\"wp-image-3376\" srcset=\"https:\/\/lotsarnastockholm.se\/wp-content\/uploads\/2021\/11\/Tjb-140-i-tjanst-vid-Sandhamn-ca1965.jpg 508w, https:\/\/lotsarnastockholm.se\/wp-content\/uploads\/2021\/11\/Tjb-140-i-tjanst-vid-Sandhamn-ca1965-282x300.jpg 282w\" sizes=\"(max-width: 508px) 100vw, 508px\" \/><figcaption class=\"wp-element-caption\">Tjb 140 i Sandhamn<\/figcaption><\/figure>\n\n\n\n<figure class=\"wp-block-image size-large\"><img loading=\"lazy\" decoding=\"async\" width=\"1024\" height=\"769\" src=\"https:\/\/lotsarnastockholm.se\/wp-content\/uploads\/2021\/11\/Tjb-133-vid-Rosenvik-1941-1024x769.jpg\" alt=\"\" class=\"wp-image-3375\" srcset=\"https:\/\/lotsarnastockholm.se\/wp-content\/uploads\/2021\/11\/Tjb-133-vid-Rosenvik-1941-1024x769.jpg 1024w, https:\/\/lotsarnastockholm.se\/wp-content\/uploads\/2021\/11\/Tjb-133-vid-Rosenvik-1941-300x225.jpg 300w, https:\/\/lotsarnastockholm.se\/wp-content\/uploads\/2021\/11\/Tjb-133-vid-Rosenvik-1941-768x577.jpg 768w, https:\/\/lotsarnastockholm.se\/wp-content\/uploads\/2021\/11\/Tjb-133-vid-Rosenvik-1941-1536x1154.jpg 1536w, https:\/\/lotsarnastockholm.se\/wp-content\/uploads\/2021\/11\/Tjb-133-vid-Rosenvik-1941-1568x1178.jpg 1568w, https:\/\/lotsarnastockholm.se\/wp-content\/uploads\/2021\/11\/Tjb-133-vid-Rosenvik-1941.jpg 1629w\" sizes=\"(max-width: 1024px) 100vw, 1024px\" \/><figcaption class=\"wp-element-caption\">Tjb 133 p\u00e5 Rosenvik 1941<\/figcaption><\/figure>\n\n\n\n<figure class=\"wp-block-image size-large\"><img loading=\"lazy\" decoding=\"async\" width=\"960\" height=\"676\" src=\"https:\/\/lotsarnastockholm.se\/wp-content\/uploads\/2021\/11\/Tjb-43-avg-Bredskar.jpg\" alt=\"\" class=\"wp-image-3374\" srcset=\"https:\/\/lotsarnastockholm.se\/wp-content\/uploads\/2021\/11\/Tjb-43-avg-Bredskar.jpg 960w, https:\/\/lotsarnastockholm.se\/wp-content\/uploads\/2021\/11\/Tjb-43-avg-Bredskar-300x211.jpg 300w, https:\/\/lotsarnastockholm.se\/wp-content\/uploads\/2021\/11\/Tjb-43-avg-Bredskar-768x541.jpg 768w\" sizes=\"(max-width: 960px) 100vw, 960px\" \/><figcaption class=\"wp-element-caption\">Tjb 43 Avg\u00e5ng Bredsk\u00e4r<\/figcaption><\/figure>\n\n\n\n<figure class=\"wp-block-image size-large\"><img loading=\"lazy\" decoding=\"async\" width=\"1024\" height=\"613\" src=\"https:\/\/lotsarnastockholm.se\/wp-content\/uploads\/2021\/11\/RODKALLEN-I-pa-Sodra-Langkajen-1950.jpg\" alt=\"\" class=\"wp-image-3373\" srcset=\"https:\/\/lotsarnastockholm.se\/wp-content\/uploads\/2021\/11\/RODKALLEN-I-pa-Sodra-Langkajen-1950.jpg 1024w, https:\/\/lotsarnastockholm.se\/wp-content\/uploads\/2021\/11\/RODKALLEN-I-pa-Sodra-Langkajen-1950-300x180.jpg 300w, https:\/\/lotsarnastockholm.se\/wp-content\/uploads\/2021\/11\/RODKALLEN-I-pa-Sodra-Langkajen-1950-768x460.jpg 768w\" sizes=\"(max-width: 1024px) 100vw, 1024px\" \/><figcaption class=\"wp-element-caption\">R\u00f6dkallen I 1950<\/figcaption><\/figure>\n\n\n\n<figure class=\"wp-block-image size-large\"><img loading=\"lazy\" decoding=\"async\" width=\"1024\" height=\"608\" src=\"https:\/\/lotsarnastockholm.se\/wp-content\/uploads\/2021\/11\/Dramaten-Provtur-kanske-1024x608.jpg\" alt=\"\" class=\"wp-image-3372\" srcset=\"https:\/\/lotsarnastockholm.se\/wp-content\/uploads\/2021\/11\/Dramaten-Provtur-kanske-1024x608.jpg 1024w, https:\/\/lotsarnastockholm.se\/wp-content\/uploads\/2021\/11\/Dramaten-Provtur-kanske-300x178.jpg 300w, https:\/\/lotsarnastockholm.se\/wp-content\/uploads\/2021\/11\/Dramaten-Provtur-kanske-768x456.jpg 768w, https:\/\/lotsarnastockholm.se\/wp-content\/uploads\/2021\/11\/Dramaten-Provtur-kanske-1536x913.jpg 1536w, https:\/\/lotsarnastockholm.se\/wp-content\/uploads\/2021\/11\/Dramaten-Provtur-kanske-1568x932.jpg 1568w, https:\/\/lotsarnastockholm.se\/wp-content\/uploads\/2021\/11\/Dramaten-Provtur-kanske.jpg 1944w\" sizes=\"(max-width: 1024px) 100vw, 1024px\" \/><figcaption class=\"wp-element-caption\">H\u00e4vringe 2<\/figcaption><\/figure>\n\n\n\n<figure class=\"wp-block-image size-large\"><img loading=\"lazy\" decoding=\"async\" width=\"960\" height=\"473\" src=\"https:\/\/lotsarnastockholm.se\/wp-content\/uploads\/2021\/11\/BAVERN-vid-Manskroken.jpg\" alt=\"\" class=\"wp-image-3371\" srcset=\"https:\/\/lotsarnastockholm.se\/wp-content\/uploads\/2021\/11\/BAVERN-vid-Manskroken.jpg 960w, https:\/\/lotsarnastockholm.se\/wp-content\/uploads\/2021\/11\/BAVERN-vid-Manskroken-300x148.jpg 300w, https:\/\/lotsarnastockholm.se\/wp-content\/uploads\/2021\/11\/BAVERN-vid-Manskroken-768x378.jpg 768w\" sizes=\"(max-width: 960px) 100vw, 960px\" \/><figcaption class=\"wp-element-caption\">B\u00e4vern vid M\u00e5nskroken<\/figcaption><\/figure>\n\n\n\n<figure class=\"wp-block-image size-large\"><img loading=\"lazy\" decoding=\"async\" width=\"500\" height=\"351\" src=\"https:\/\/lotsarnastockholm.se\/wp-content\/uploads\/2021\/11\/AGO-Odin-Holick.jpg\" alt=\"\" class=\"wp-image-3369\" srcset=\"https:\/\/lotsarnastockholm.se\/wp-content\/uploads\/2021\/11\/AGO-Odin-Holick.jpg 500w, https:\/\/lotsarnastockholm.se\/wp-content\/uploads\/2021\/11\/AGO-Odin-Holick-300x211.jpg 300w\" sizes=\"(max-width: 500px) 100vw, 500px\" \/><figcaption class=\"wp-element-caption\">AG\u00d6<\/figcaption><\/figure>\n\n\n\n<figure class=\"wp-block-image size-large\"><img decoding=\"async\" src=\"https:\/\/lotsarnastockholm.se\/wp-content\/uploads\/lotsbatar\/Tjb-747-3.jpg\" alt=\"\"\/><\/figure>\n\n\n\n<figure class=\"wp-block-image size-full\"><a href=\"https:\/\/lotsarnastockholm.se\/wp-content\/uploads\/lotsbatar\/Tjb-747-2.jpg\"><img loading=\"lazy\" decoding=\"async\" width=\"640\" height=\"480\" src=\"https:\/\/lotsarnastockholm.se\/wp-content\/uploads\/lotsbatar\/Tjb-747-2.jpg\" alt=\"\" class=\"wp-image-186\" srcset=\"https:\/\/lotsarnastockholm.se\/wp-content\/uploads\/lotsbatar\/Tjb-747-2.jpg 640w, https:\/\/lotsarnastockholm.se\/wp-content\/uploads\/lotsbatar\/Tjb-747-2-300x225.jpg 300w\" sizes=\"(max-width: 640px) 100vw, 640px\" \/><\/a><\/figure>\n\n\n\n<figure class=\"wp-block-image size-full\"><a href=\"https:\/\/lotsarnastockholm.se\/wp-content\/uploads\/lotsbatar\/Tjb-747-1.gif\"><img loading=\"lazy\" decoding=\"async\" width=\"800\" height=\"533\" src=\"https:\/\/lotsarnastockholm.se\/wp-content\/uploads\/lotsbatar\/Tjb-747-1.gif\" alt=\"\" class=\"wp-image-184\"\/><\/a><\/figure>\n\n\n\n<figure class=\"wp-block-image size-full\"><a href=\"https:\/\/lotsarnastockholm.se\/wp-content\/uploads\/lotsbatar\/Tjb-74x-2.jpg\"><img loading=\"lazy\" decoding=\"async\" width=\"640\" height=\"480\" src=\"https:\/\/lotsarnastockholm.se\/wp-content\/uploads\/lotsbatar\/Tjb-74x-2.jpg\" alt=\"\" class=\"wp-image-182\" srcset=\"https:\/\/lotsarnastockholm.se\/wp-content\/uploads\/lotsbatar\/Tjb-74x-2.jpg 640w, https:\/\/lotsarnastockholm.se\/wp-content\/uploads\/lotsbatar\/Tjb-74x-2-300x225.jpg 300w\" sizes=\"(max-width: 640px) 100vw, 640px\" \/><\/a><\/figure>\n\n\n\n<figure class=\"wp-block-image size-large\"><a href=\"https:\/\/lotsarnastockholm.se\/wp-content\/uploads\/lotsbatar\/Tjb-714-1.jpg\"><img loading=\"lazy\" decoding=\"async\" width=\"1024\" height=\"768\" src=\"https:\/\/lotsarnastockholm.se\/wp-content\/uploads\/lotsbatar\/Tjb-714-1-1024x768.jpg\" alt=\"\" class=\"wp-image-176\" srcset=\"https:\/\/lotsarnastockholm.se\/wp-content\/uploads\/lotsbatar\/Tjb-714-1-1024x768.jpg 1024w, https:\/\/lotsarnastockholm.se\/wp-content\/uploads\/lotsbatar\/Tjb-714-1-300x225.jpg 300w, https:\/\/lotsarnastockholm.se\/wp-content\/uploads\/lotsbatar\/Tjb-714-1-768x576.jpg 768w, https:\/\/lotsarnastockholm.se\/wp-content\/uploads\/lotsbatar\/Tjb-714-1-1536x1152.jpg 1536w, https:\/\/lotsarnastockholm.se\/wp-content\/uploads\/lotsbatar\/Tjb-714-1-1568x1176.jpg 1568w, https:\/\/lotsarnastockholm.se\/wp-content\/uploads\/lotsbatar\/Tjb-714-1.jpg 1600w\" sizes=\"(max-width: 1024px) 100vw, 1024px\" \/><\/a><\/figure>\n\n\n\n<figure class=\"wp-block-image size-full\"><a href=\"https:\/\/lotsarnastockholm.se\/wp-content\/uploads\/lotsbatar\/Tjb-723-2.jpg\"><img loading=\"lazy\" decoding=\"async\" width=\"988\" height=\"617\" src=\"https:\/\/lotsarnastockholm.se\/wp-content\/uploads\/lotsbatar\/Tjb-723-2.jpg\" alt=\"\" class=\"wp-image-180\" srcset=\"https:\/\/lotsarnastockholm.se\/wp-content\/uploads\/lotsbatar\/Tjb-723-2.jpg 988w, https:\/\/lotsarnastockholm.se\/wp-content\/uploads\/lotsbatar\/Tjb-723-2-300x187.jpg 300w, https:\/\/lotsarnastockholm.se\/wp-content\/uploads\/lotsbatar\/Tjb-723-2-768x480.jpg 768w\" sizes=\"(max-width: 988px) 100vw, 988px\" \/><\/a><\/figure>\n\n\n\n<figure class=\"wp-block-image size-full\"><a href=\"https:\/\/lotsarnastockholm.se\/wp-content\/uploads\/lotsbatar\/Tjb-571-4.jpg\"><img loading=\"lazy\" decoding=\"async\" width=\"640\" height=\"480\" src=\"https:\/\/lotsarnastockholm.se\/wp-content\/uploads\/lotsbatar\/Tjb-571-4.jpg\" alt=\"\" class=\"wp-image-175\" srcset=\"https:\/\/lotsarnastockholm.se\/wp-content\/uploads\/lotsbatar\/Tjb-571-4.jpg 640w, https:\/\/lotsarnastockholm.se\/wp-content\/uploads\/lotsbatar\/Tjb-571-4-300x225.jpg 300w\" sizes=\"(max-width: 640px) 100vw, 640px\" \/><\/a><\/figure>\n\n\n\n<figure class=\"wp-block-image size-full\"><a href=\"https:\/\/lotsarnastockholm.se\/wp-content\/uploads\/lotsbatar\/Tjb-358-1.jpg\"><img loading=\"lazy\" decoding=\"async\" width=\"816\" height=\"510\" src=\"https:\/\/lotsarnastockholm.se\/wp-content\/uploads\/lotsbatar\/Tjb-358-1.jpg\" alt=\"\" class=\"wp-image-169\" srcset=\"https:\/\/lotsarnastockholm.se\/wp-content\/uploads\/lotsbatar\/Tjb-358-1.jpg 816w, https:\/\/lotsarnastockholm.se\/wp-content\/uploads\/lotsbatar\/Tjb-358-1-300x188.jpg 300w, https:\/\/lotsarnastockholm.se\/wp-content\/uploads\/lotsbatar\/Tjb-358-1-768x480.jpg 768w\" sizes=\"(max-width: 816px) 100vw, 816px\" \/><\/a><\/figure>\n\n\n\n<figure class=\"wp-block-image size-full\"><a href=\"https:\/\/lotsarnastockholm.se\/wp-content\/uploads\/lotsbatar\/Tjb-834-sv\u00e4vare-2.jpg\"><img loading=\"lazy\" decoding=\"async\" width=\"544\" height=\"383\" src=\"https:\/\/lotsarnastockholm.se\/wp-content\/uploads\/lotsbatar\/Tjb-834-sv\u00e4vare-2.jpg\" alt=\"\" class=\"wp-image-202\" srcset=\"https:\/\/lotsarnastockholm.se\/wp-content\/uploads\/lotsbatar\/Tjb-834-sv\u00e4vare-2.jpg 544w, https:\/\/lotsarnastockholm.se\/wp-content\/uploads\/lotsbatar\/Tjb-834-sv\u00e4vare-2-300x211.jpg 300w\" sizes=\"(max-width: 544px) 100vw, 544px\" \/><\/a><\/figure>\n\n\n\n<figure class=\"wp-block-gallery has-nested-images columns-default is-cropped wp-block-gallery-1 is-layout-flex wp-block-gallery-is-layout-flex\">\n<figure class=\"wp-block-image size-large\"><a href=\"https:\/\/lotsarnastockholm.se\/wp-content\/uploads\/lotsbatar\/Tjb-755-new-4.jpg\"><img loading=\"lazy\" decoding=\"async\" width=\"1024\" height=\"594\" data-id=\"197\" src=\"https:\/\/lotsarnastockholm.se\/wp-content\/uploads\/lotsbatar\/Tjb-755-new-4-1024x594.jpg\" alt=\"\" class=\"wp-image-197\" srcset=\"https:\/\/lotsarnastockholm.se\/wp-content\/uploads\/lotsbatar\/Tjb-755-new-4-1024x594.jpg 1024w, https:\/\/lotsarnastockholm.se\/wp-content\/uploads\/lotsbatar\/Tjb-755-new-4-300x174.jpg 300w, https:\/\/lotsarnastockholm.se\/wp-content\/uploads\/lotsbatar\/Tjb-755-new-4-768x445.jpg 768w, https:\/\/lotsarnastockholm.se\/wp-content\/uploads\/lotsbatar\/Tjb-755-new-4.jpg 1035w\" sizes=\"(max-width: 1024px) 100vw, 1024px\" \/><\/a><figcaption class=\"wp-element-caption\">755<\/figcaption><\/figure>\n\n\n\n<figure class=\"wp-block-image size-large\"><a href=\"https:\/\/lotsarnastockholm.se\/wp-content\/uploads\/lotsbatar\/Tjb-755-new-3.jpg\"><img loading=\"lazy\" decoding=\"async\" width=\"875\" height=\"630\" data-id=\"196\" src=\"https:\/\/lotsarnastockholm.se\/wp-content\/uploads\/lotsbatar\/Tjb-755-new-3.jpg\" alt=\"\" class=\"wp-image-196\" srcset=\"https:\/\/lotsarnastockholm.se\/wp-content\/uploads\/lotsbatar\/Tjb-755-new-3.jpg 875w, https:\/\/lotsarnastockholm.se\/wp-content\/uploads\/lotsbatar\/Tjb-755-new-3-300x216.jpg 300w, https:\/\/lotsarnastockholm.se\/wp-content\/uploads\/lotsbatar\/Tjb-755-new-3-768x553.jpg 768w\" sizes=\"(max-width: 875px) 100vw, 875px\" \/><\/a><figcaption class=\"wp-element-caption\">755<\/figcaption><\/figure>\n\n\n\n<figure class=\"wp-block-image size-large\"><a href=\"https:\/\/lotsarnastockholm.se\/wp-content\/uploads\/lotsbatar\/Tjb-749-2.jpg\"><img loading=\"lazy\" decoding=\"async\" width=\"852\" height=\"577\" data-id=\"189\" src=\"https:\/\/lotsarnastockholm.se\/wp-content\/uploads\/lotsbatar\/Tjb-749-2.jpg\" alt=\"\" class=\"wp-image-189\" srcset=\"https:\/\/lotsarnastockholm.se\/wp-content\/uploads\/lotsbatar\/Tjb-749-2.jpg 852w, https:\/\/lotsarnastockholm.se\/wp-content\/uploads\/lotsbatar\/Tjb-749-2-300x203.jpg 300w, https:\/\/lotsarnastockholm.se\/wp-content\/uploads\/lotsbatar\/Tjb-749-2-768x520.jpg 768w\" sizes=\"(max-width: 852px) 100vw, 852px\" \/><\/a><figcaption class=\"wp-element-caption\">749<\/figcaption><\/figure>\n<\/figure>\n\n\n\n<figure class=\"wp-block-image size-full\"><a href=\"https:\/\/lotsarnastockholm.se\/wp-content\/uploads\/lotsbatar\/116-2.jpg\"><img loading=\"lazy\" decoding=\"async\" width=\"863\" height=\"617\" src=\"https:\/\/lotsarnastockholm.se\/wp-content\/uploads\/lotsbatar\/116-2.jpg\" alt=\"\" class=\"wp-image-35\" srcset=\"https:\/\/lotsarnastockholm.se\/wp-content\/uploads\/lotsbatar\/116-2.jpg 863w, https:\/\/lotsarnastockholm.se\/wp-content\/uploads\/lotsbatar\/116-2-300x214.jpg 300w, https:\/\/lotsarnastockholm.se\/wp-content\/uploads\/lotsbatar\/116-2-768x549.jpg 768w\" sizes=\"(max-width: 863px) 100vw, 863px\" \/><\/a><figcaption class=\"wp-element-caption\">Tjb 116 Landsort<\/figcaption><\/figure>\n\n\n\n<hr class=\"wp-block-separator has-css-opacity\"\/>\n\n\n\n<figure class=\"wp-block-gallery has-nested-images columns-default is-cropped wp-block-gallery-2 is-layout-flex wp-block-gallery-is-layout-flex\">\n<figure class=\"wp-block-image size-large\"><a href=\"https:\/\/lotsarnastockholm.se\/wp-content\/uploads\/lotsbatar\/Tjb-755-old-2.jpg\"><img loading=\"lazy\" decoding=\"async\" width=\"1024\" height=\"768\" data-id=\"192\" src=\"https:\/\/lotsarnastockholm.se\/wp-content\/uploads\/lotsbatar\/Tjb-755-old-2.jpg\" alt=\"\" class=\"wp-image-192\" srcset=\"https:\/\/lotsarnastockholm.se\/wp-content\/uploads\/lotsbatar\/Tjb-755-old-2.jpg 1024w, https:\/\/lotsarnastockholm.se\/wp-content\/uploads\/lotsbatar\/Tjb-755-old-2-300x225.jpg 300w, https:\/\/lotsarnastockholm.se\/wp-content\/uploads\/lotsbatar\/Tjb-755-old-2-768x576.jpg 768w\" sizes=\"(max-width: 1024px) 100vw, 1024px\" \/><\/a><figcaption class=\"wp-element-caption\">755 old<\/figcaption><\/figure>\n\n\n\n<figure class=\"wp-block-image size-large\"><a href=\"https:\/\/lotsarnastockholm.se\/wp-content\/uploads\/lotsbatar\/151-1.jpg\"><img loading=\"lazy\" decoding=\"async\" width=\"1024\" height=\"768\" data-id=\"77\" src=\"https:\/\/lotsarnastockholm.se\/wp-content\/uploads\/lotsbatar\/151-1.jpg\" alt=\"\" class=\"wp-image-77\" srcset=\"https:\/\/lotsarnastockholm.se\/wp-content\/uploads\/lotsbatar\/151-1.jpg 1024w, https:\/\/lotsarnastockholm.se\/wp-content\/uploads\/lotsbatar\/151-1-300x225.jpg 300w, https:\/\/lotsarnastockholm.se\/wp-content\/uploads\/lotsbatar\/151-1-768x576.jpg 768w\" sizes=\"(max-width: 1024px) 100vw, 1024px\" \/><\/a><figcaption class=\"wp-element-caption\">151<\/figcaption><\/figure>\n\n\n\n<figure class=\"wp-block-image size-large\"><a href=\"https:\/\/lotsarnastockholm.se\/wp-content\/uploads\/lotsbatar\/150-2.jpg\"><img loading=\"lazy\" decoding=\"async\" width=\"892\" height=\"685\" data-id=\"76\" src=\"https:\/\/lotsarnastockholm.se\/wp-content\/uploads\/lotsbatar\/150-2.jpg\" alt=\"\" class=\"wp-image-76\" srcset=\"https:\/\/lotsarnastockholm.se\/wp-content\/uploads\/lotsbatar\/150-2.jpg 892w, https:\/\/lotsarnastockholm.se\/wp-content\/uploads\/lotsbatar\/150-2-300x230.jpg 300w, https:\/\/lotsarnastockholm.se\/wp-content\/uploads\/lotsbatar\/150-2-768x590.jpg 768w\" sizes=\"(max-width: 892px) 100vw, 892px\" \/><\/a><figcaption class=\"wp-element-caption\">150<\/figcaption><\/figure>\n\n\n\n<figure class=\"wp-block-image size-large\"><a href=\"https:\/\/lotsarnastockholm.se\/wp-content\/uploads\/lotsbatar\/145-2.jpg\"><img loading=\"lazy\" decoding=\"async\" width=\"1024\" height=\"768\" data-id=\"40\" src=\"https:\/\/lotsarnastockholm.se\/wp-content\/uploads\/lotsbatar\/145-2.jpg\" alt=\"\" class=\"wp-image-40\" srcset=\"https:\/\/lotsarnastockholm.se\/wp-content\/uploads\/lotsbatar\/145-2.jpg 1024w, https:\/\/lotsarnastockholm.se\/wp-content\/uploads\/lotsbatar\/145-2-300x225.jpg 300w, https:\/\/lotsarnastockholm.se\/wp-content\/uploads\/lotsbatar\/145-2-768x576.jpg 768w\" sizes=\"(max-width: 1024px) 100vw, 1024px\" \/><\/a><figcaption class=\"wp-element-caption\">145<\/figcaption><\/figure>\n<\/figure>\n\n\n\n<figure class=\"wp-block-image size-large\"><a href=\"https:\/\/lotsarnastockholm.se\/wp-content\/uploads\/lotsbatar\/PILOT-030-SE-pa-lande.jpg\"><img loading=\"lazy\" decoding=\"async\" width=\"1024\" height=\"768\" src=\"https:\/\/lotsarnastockholm.se\/wp-content\/uploads\/lotsbatar\/PILOT-030-SE-pa-lande-1024x768.jpg\" alt=\"\" class=\"wp-image-3678\" srcset=\"https:\/\/lotsarnastockholm.se\/wp-content\/uploads\/lotsbatar\/PILOT-030-SE-pa-lande-1024x768.jpg 1024w, https:\/\/lotsarnastockholm.se\/wp-content\/uploads\/lotsbatar\/PILOT-030-SE-pa-lande-300x225.jpg 300w, https:\/\/lotsarnastockholm.se\/wp-content\/uploads\/lotsbatar\/PILOT-030-SE-pa-lande-768x576.jpg 768w, https:\/\/lotsarnastockholm.se\/wp-content\/uploads\/lotsbatar\/PILOT-030-SE-pa-lande-1536x1152.jpg 1536w, https:\/\/lotsarnastockholm.se\/wp-content\/uploads\/lotsbatar\/PILOT-030-SE-pa-lande-1568x1176.jpg 1568w, https:\/\/lotsarnastockholm.se\/wp-content\/uploads\/lotsbatar\/PILOT-030-SE-pa-lande.jpg 2048w\" sizes=\"(max-width: 1024px) 100vw, 1024px\" \/><\/a><figcaption class=\"wp-element-caption\">Tjb 030<\/figcaption><\/figure>\n\n\n\n<figure class=\"wp-block-image size-full\"><a href=\"https:\/\/lotsarnastockholm.se\/wp-content\/uploads\/lotsbatar\/PILOT-031-SE-utanfor-Iggesund.jpg\"><img loading=\"lazy\" decoding=\"async\" width=\"960\" height=\"720\" src=\"https:\/\/lotsarnastockholm.se\/wp-content\/uploads\/lotsbatar\/PILOT-031-SE-utanfor-Iggesund.jpg\" alt=\"\" class=\"wp-image-3679\" srcset=\"https:\/\/lotsarnastockholm.se\/wp-content\/uploads\/lotsbatar\/PILOT-031-SE-utanfor-Iggesund.jpg 960w, https:\/\/lotsarnastockholm.se\/wp-content\/uploads\/lotsbatar\/PILOT-031-SE-utanfor-Iggesund-300x225.jpg 300w, https:\/\/lotsarnastockholm.se\/wp-content\/uploads\/lotsbatar\/PILOT-031-SE-utanfor-Iggesund-768x576.jpg 768w\" sizes=\"(max-width: 960px) 100vw, 960px\" \/><\/a><figcaption class=\"wp-element-caption\">Tjb 031<\/figcaption><\/figure>\n\n\n\n<figure class=\"wp-block-image size-full\"><a href=\"https:\/\/lotsarnastockholm.se\/wp-content\/uploads\/lotsbatar\/PILOT-111-pa-Grasskaren.jpg\"><img loading=\"lazy\" decoding=\"async\" width=\"960\" height=\"720\" src=\"https:\/\/lotsarnastockholm.se\/wp-content\/uploads\/lotsbatar\/PILOT-111-pa-Grasskaren.jpg\" alt=\"\" class=\"wp-image-3680\" srcset=\"https:\/\/lotsarnastockholm.se\/wp-content\/uploads\/lotsbatar\/PILOT-111-pa-Grasskaren.jpg 960w, https:\/\/lotsarnastockholm.se\/wp-content\/uploads\/lotsbatar\/PILOT-111-pa-Grasskaren-300x225.jpg 300w, https:\/\/lotsarnastockholm.se\/wp-content\/uploads\/lotsbatar\/PILOT-111-pa-Grasskaren-768x576.jpg 768w\" sizes=\"(max-width: 960px) 100vw, 960px\" \/><\/a><figcaption class=\"wp-element-caption\">Tjb 111<\/figcaption><\/figure>\n","protected":false},"excerpt":{"rendered":"<p>En annan kanonfin hemsida om lotsb\u00e5tar finns att se i denna l\u00e4nk Lotsb\u00e5tarna har haft sina stationer men flyttat runt en del, n\u00e5gra \u00e4r nya andra gamla en del s\u00e5lda osv. 740 Serien \u00e4r en kanonb\u00e5t som byggdes p\u00e5 Westers varv nere p\u00e5 v\u00e4stkusten, kanske inte den billigaste i drift men uj s\u00e5 bra i&hellip; <a class=\"more-link\" href=\"https:\/\/lotsarnastockholm.se\/index.php\/lotsbatar\/\">Forts\u00e4tt l\u00e4sa <span class=\"screen-reader-text\">Lotsb\u00e5tar: Bilder!!!<\/span><\/a><\/p>\n","protected":false},"author":1,"featured_media":0,"parent":0,"menu_order":0,"comment_status":"closed","ping_status":"closed","template":"","meta":{"footnotes":""},"class_list":["post-12","page","type-page","status-publish","hentry","entry"],"_links":{"self":[{"href":"https:\/\/lotsarnastockholm.se\/index.php\/wp-json\/wp\/v2\/pages\/12","targetHints":{"allow":["GET"]}}],"collection":[{"href":"https:\/\/lotsarnastockholm.se\/index.php\/wp-json\/wp\/v2\/pages"}],"about":[{"href":"https:\/\/lotsarnastockholm.se\/index.php\/wp-json\/wp\/v2\/types\/page"}],"author":[{"embeddable":true,"href":"https:\/\/lotsarnastockholm.se\/index.php\/wp-json\/wp\/v2\/users\/1"}],"replies":[{"embeddable":true,"href":"https:\/\/lotsarnastockholm.se\/index.php\/wp-json\/wp\/v2\/comments?post=12"}],"version-history":[{"count":32,"href":"https:\/\/lotsarnastockholm.se\/index.php\/wp-json\/wp\/v2\/pages\/12\/revisions"}],"predecessor-version":[{"id":6638,"href":"https:\/\/lotsarnastockholm.se\/index.php\/wp-json\/wp\/v2\/pages\/12\/revisions\/6638"}],"wp:attachment":[{"href":"https:\/\/lotsarnastockholm.se\/index.php\/wp-json\/wp\/v2\/media?parent=12"}],"curies":[{"name":"wp","href":"https:\/\/api.w.org\/{rel}","templated":true}]}}