{"id":10,"date":"2015-09-04T18:58:44","date_gmt":"2015-09-04T17:58:44","guid":{"rendered":"http:\/\/lotsarnastockholm.se\/?page_id=10"},"modified":"2023-01-16T19:02:02","modified_gmt":"2023-01-16T18:02:02","slug":"historia","status":"publish","type":"page","link":"https:\/\/lotsarnastockholm.se\/index.php\/historia\/","title":{"rendered":"Historia"},"content":{"rendered":"\n<p>Det har skrivits en hel del om Lotsning genom \u00e5ren och f\u00f6r den som vill djupstudera s\u00e5 h\u00e4nvisar jag till <a href=\"https:\/\/lotsarnastockholm.se\/index.php\/litteratur-forteckning\/\" data-type=\"page\" data-id=\"4474\">litteraturf\u00f6rteckning<\/a> varifr\u00e5n mycket \u00e4r h\u00e4mtat till denna hemsida<\/p>\n\n\n\n<p><\/p>\n","protected":false},"excerpt":{"rendered":"<p>Det har skrivits en hel del om Lotsning genom \u00e5ren och f\u00f6r den som vill djupstudera s\u00e5 h\u00e4nvisar jag till litteraturf\u00f6rteckning varifr\u00e5n mycket \u00e4r h\u00e4mtat till denna hemsida<\/p>\n","protected":false},"author":1,"featured_media":919,"parent":0,"menu_order":0,"comment_status":"closed","ping_status":"closed","template":"","meta":{"footnotes":""},"class_list":["post-10","page","type-page","status-publish","has-post-thumbnail","hentry","entry"],"_links":{"self":[{"href":"https:\/\/lotsarnastockholm.se\/index.php\/wp-json\/wp\/v2\/pages\/10","targetHints":{"allow":["GET"]}}],"collection":[{"href":"https:\/\/lotsarnastockholm.se\/index.php\/wp-json\/wp\/v2\/pages"}],"about":[{"href":"https:\/\/lotsarnastockholm.se\/index.php\/wp-json\/wp\/v2\/types\/page"}],"author":[{"embeddable":true,"href":"https:\/\/lotsarnastockholm.se\/index.php\/wp-json\/wp\/v2\/users\/1"}],"replies":[{"embeddable":true,"href":"https:\/\/lotsarnastockholm.se\/index.php\/wp-json\/wp\/v2\/comments?post=10"}],"version-history":[{"count":5,"href":"https:\/\/lotsarnastockholm.se\/index.php\/wp-json\/wp\/v2\/pages\/10\/revisions"}],"predecessor-version":[{"id":4478,"href":"https:\/\/lotsarnastockholm.se\/index.php\/wp-json\/wp\/v2\/pages\/10\/revisions\/4478"}],"wp:featuredmedia":[{"embeddable":true,"href":"https:\/\/lotsarnastockholm.se\/index.php\/wp-json\/wp\/v2\/media\/919"}],"wp:attachment":[{"href":"https:\/\/lotsarnastockholm.se\/index.php\/wp-json\/wp\/v2\/media?parent=10"}],"curies":[{"name":"wp","href":"https:\/\/api.w.org\/{rel}","templated":true}]}}